000
CXUS54 KLZK 041417
CF6LIT
PRELIMINARY LOCAL CLIMATOLOGICAL DATA (WS FORM: F-6)
STATION: LITTLE ROCK ADAMS FIELD
MONTH: FEBRUARY
YEAR: 2023
LATITUDE: 34 43 N
LONGITUDE: 92 14 W
TEMPERATURE IN F: :PCPN: SNOW: WIND :SUNSHINE: SKY :PK WND
================================================================================
1 2 3 4 5 6A 6B 7 8 9 10 11 12 13 14 15 16 17 18
12Z AVG MX 2MIN
DY MAX MIN AVG DEP HDD CDD WTR SNW DPTH SPD SPD DIR MIN PSBL S-S WX SPD DR
================================================================================
1 32 28 30 -12 35 0 0.14 T T 7.4 12 20 M M 9 6 16 50
2 38 31 35 -7 30 0 0.17 0.0 0 5.8 13 330 M M 9 6 16 340
3 45 30 38 -4 27 0 0.00 0.0 0 6.1 14 50 M M 0 1 18 350
4 53 27 40 -2 25 0 0.00 0.0 0 5.0 13 190 M M 4 16 170
5 67 36 52 9 13 0 0.00 0.0 0 5.5 16 270 M M 2 21 250
6 73 38 56 13 9 0 0.00 0.0 0 6.3 21 210 M M 7 12 28 180
7 69 50 60 17 5 0 0.01 0.0 0 7.4 15 40 M M 8 19 30
8 59 49 54 11 11 0 1.72 0.0 0 10.1 25 240 M M 10 123 34 270
9 61 43 52 9 13 0 0.00 0.0 0 8.8 23 260 M M 5 33 250
10 48 40 44 0 21 0 0.18 0.0 0 7.6 15 50 M M 8 18 18 20
11 54 38 46 2 19 0 T 0.0 0 10.4 18 10 M M 5 24 10
12 64 33 49 5 16 0 0.00 0.0 0 4.2 12 240 M M 1 14 240
13 71 40 56 12 9 0 0.00 0.0 0 5.6 12 350 M M 5 14 270
14 60 51 56 12 9 0 0.37 0.0 0 10.3 25 190 M M 8 18 32 200
15 77 56 67 22 0 2 T 0.0 0 8.8 18 140 M M 8 1 22 160
16 72 36 54 9 11 0 0.51 0.0 0 16.0 29 320 M M 9 138 37 320
17 51 34 43 -2 22 0 0.00 0.0 0 9.5 21 360 M M 4 26 10
18 56 27 42 -3 23 0 0.00 0.0 0 5.2 14 170 M M 5 18 18 150
19 68 38 53 7 12 0 0.00 0.0 0 10.6 23 230 M M 8 27 230
20 77 53 65 19 0 0 0.00 0.0 0 10.7 25 250 M M 8 33 260
21 72 50 61 15 4 0 0.00 0.0 0 6.4 16 140 M M 8 20 200
22 77 58 68 22 0 3 0.06 0.0 0 11.9 36 300 M M 7 46 300
23 72 52 62 15 3 0 0.00 0.0 0 10.7 18 20 M M 9 18 24 220
24 52 39 46 -1 19 0 4.19 0.0 0 9.8 24 70 M M 10 13 27 70
25 48 42 45 -2 20 0 0.27 0.0 0 3.7 10 360 M M 10 1 13 360
26 65 47 56 9 9 0 0.00 0.0 0 4.8 14 180 M M 9 12 18 190
27 77 56 67 19 0 2 T 0.0 0 13.0 25 260 M M 3 8 33 260
28 81 45 63 15 2 0 0.00 0.0 0 7.4 21 210 M M 3 27 230
================================================================================
SM 1739 1167 367 7 7.62 T 229.0 M 182
================================================================================
AV 62.1 41.7 8.2 FASTST M M 7 MAX(MPH)
MISC ----> 36 300 46 300
================================================================================
NOTES:
# LAST OF SEVERAL OCCURRENCES
COLUMN 17 PEAK WIND IN M.P.H.
PRELIMINARY LOCAL CLIMATOLOGICAL DATA (WS FORM: F-6) , PAGE 2
STATION: LITTLE ROCK ADAMS FIELD
MONTH: FEBRUARY
YEAR: 2023
LATITUDE: 34 43 N
LONGITUDE: 92 14 W
[TEMPERATURE DATA] [PRECIPITATION DATA] SYMBOLS USED IN COLUMN 16
AVERAGE MONTHLY: 51.9 TOTAL FOR MONTH: 7.62 1 = FOG OR MIST
DPTR FM NORMAL: 7.2 DPTR FM NORMAL: 3.65 2 = FOG REDUCING VISIBILITY
HIGHEST: 81 ON 28 GRTST 24HR 4.19 ON 24-24 TO 1/4 MILE OR LESS
LOWEST: 27 ON 4,18 3 = THUNDER
SNOW, ICE PELLETS, HAIL 4 = ICE PELLETS
TOTAL MONTH: T 5 = HAIL
GRTST 24HR T ON 1- 1 6 = FREEZING RAIN OR DRIZZLE
GRTST DEPTH: T 7 = DUSTSTORM OR SANDSTORM:
VSBY 1/2 MILE OR LESS
8 = SMOKE OR HAZE
[NO. OF DAYS WITH] [WEATHER - DAYS WITH] 9 = BLOWING SNOW
X = TORNADO
MAX 32 OR BELOW: 1 0.01 INCH OR MORE: 10
MAX 90 OR ABOVE: 0 0.10 INCH OR MORE: 8
MIN 32 OR BELOW: 5 0.50 INCH OR MORE: 3
MIN 0 OR BELOW: 0 1.00 INCH OR MORE: 2
[HDD (BASE 65) ]
TOTAL THIS MO. 367 CLEAR (SCALE 0-3) 5
DPTR FM NORMAL -202 PTCLDY (SCALE 4-7) 12
TOTAL FM JUL 1 1960 CLOUDY (SCALE 8-10) 11
DPTR FM NORMAL -629
[CDD (BASE 65) ]
TOTAL THIS MO. 7
DPTR FM NORMAL 6 [PRESSURE DATA]
TOTAL FM JAN 1 14 HIGHEST SLP 30.62 ON 3
DPTR FM NORMAL 13 LOWEST SLP 29.56 ON 27
[REMARKS]
#FINAL-02-23#