000
CXUS53 KOAX 011358
CLMLNK
CLIMATE REPORT
NATIONAL WEATHER SERVICE OMAHA/VALLEY NE
858 AM CDT WED NOV 01 2023
...................................
...THE LINCOLN NE CLIMATE SUMMARY FOR THE MONTH OF OCTOBER 2023...
CLIMATE NORMAL PERIOD 1991 TO 2020
CLIMATE RECORD PERIOD 1887 TO 2023
WEATHER OBSERVED NORMAL DEPART
VALUE DATE(S) VALUE FROM
NORMAL
................................................
TEMPERATURE (F)
HIGHEST 94 10/01
LOWEST 17 10/30
AVG. MAXIMUM 68.2 66.6 1.6
AVG. MINIMUM 43.1 41.0 2.1
MEAN 55.6 53.8 1.8
DAYS MAX >= 90 2
DAYS MAX <= 32 0
DAYS MIN <= 32 5
DAYS MIN <= 0 0
PRECIPITATION (INCHES)
RECORD
MAXIMUM 5.40 1986
MINIMUM T 1952
TOTALS 1.42 2.14 -0.72
DAYS >= .01 9
DAYS >= .10 4
DAYS >= .50 1
DAYS >= 1.00 0
GREATEST
24 HR. TOTAL 0.72 10/03 TO 10/03
SNOWFALL (INCHES)
RECORDS
TOTAL 13.2 1997
TOTALS T 0.9 -0.9
SINCE 7/1 T
DAYS >= 1.0 0
GREATEST
SNOW DEPTH 0
24 HR TOTAL T 10/29 TO 10/29
DEGREE DAYS
HEATING TOTAL 325 367 -42
SINCE 7/1 332 447 -115
COOLING TOTAL 40 20 20
SINCE 1/1 1458 1269 189
................................................
WIND (MPH)
AVERAGE WIND SPEED 10.3
HIGHEST WIND SPEED/DIRECTION 33/340 DATE 10/06
HIGHEST GUST SPEED/DIRECTION 45/340 DATE 10/06
SKY COVER
AVERAGE SKY COVER 0.32
WEATHER CONDITIONS. NUMBER OF DAYS WITH
THUNDERSTORM 3 MIXED PRECIP 0
HEAVY RAIN 3 RAIN 3
LIGHT RAIN 11 FREEZING RAIN 0
LT FREEZING RAIN 0 HAIL 0
HEAVY SNOW 0 SNOW 0
LIGHT SNOW 1 SLEET 0
FOG 7 FOG W/VIS <= 1/4 MILE 0
HAZE 4
- INDICATES NEGATIVE NUMBERS.
R INDICATES RECORD WAS SET OR TIED.
MM INDICATES DATA IS MISSING.
T INDICATES TRACE AMOUNT.
&&
SEPTEMBER IN LINCOLN WAS WARMER AND DRIER THAN NORMAL. THE MONTH
ENDED UP 1.8 DEGREES ABOVE NORMAL FOR AVERAGE TEMPERATURE AND 0.72
INCHES BELOW NORMAL FOR PRECIPITATION.
NEW DAILY RECORDS FOR OCTOBER 2023
DATE RECORD VALUE PREVIOUS RECORD
OCT 1 MAXIMUM TEMPERATURE 94 94 IN 2006
$$
DEWALD