000
CXUS53 KLMK 010800
CF6LOU
PRELIMINARY LOCAL CLIMATOLOGICAL DATA (WS FORM: F-6)
STATION: LOUISVILLE BOWMAN KY
MONTH: JULY
YEAR: 2020
LATITUDE: 38 13 N
LONGITUDE: 85 40 W
TEMPERATURE IN F: :PCPN: SNOW: WIND :SUNSHINE: SKY :PK WND
================================================================================
1 2 3 4 5 6A 6B 7 8 9 10 11 12 13 14 15 16 17 18
12Z AVG MX 2MIN
DY MAX MIN AVG DEP HDD CDD WTR SNW DPTH SPD SPD DIR MIN PSBL S-S WX SPD DR
================================================================================
1 89 73 81 3 0 16 0.25 M M 2.3 22 120 M M 4 13 28 120
2 91 71 81 3 0 16 0.00 M M 3.8 14 80 M M 2 12 19 30
3 91 69 80 2 0 15 0.00 M M 2.7 13 20 M M 1 1 16 30
4 93 69 81 3 0 16 0.00 M M 2.4 13 50 M M 1 18 17 80
5 94 71 83 5 0 18 T M M 2.2 17 240 M M 2 138 24 250
6 93 73 83 5 0 18 0.10 M M 3.7 24 280 M M 1 3 38 280
7 94 70 82 4 0 17 T M M 2.5 8 290 M M 2 3 12 300
8 93 73 83 5 0 18 T M M 2.5 18 30 M M 1 3 24 40
9 94 72 83 5 0 18 T M M 2.6 15 210 M M 1 13 21 290
10 89 73 81 3 0 16 T M M 8.5 20 280 M M 2 27 250
11 89 68 79 1 0 14 0.32 M M 6.2 22 330 M M 2 13 36 340
12 84 66 75 -3 0 10 0.22 M M 4.1 22 310 M M 4 13 38 310
13 86 66 76 -2 0 11 0.00 M M 3.8 14 290 M M 1 21 260
14 90 63 77 -1 0 12 0.00 M M 1.9 10 130 M M 1 1 14 80
15 92 65 79 1 0 14 0.00 M M 5.8 16 170 M M 1 23 170
16 89 73 81 3 0 16 0.01 M M 7.8 22 210 M M 3 28 210
17 86 69 78 0 0 13 0.03 M M 3.9 15 230 M M 3 13 19 220
18 93 75 84 6 0 19 0.00 M M 6.3 15 210 M M 3 21 200
19 95 76 86 8 0 21 0.00 M M 8.2 20 240 M M 1 29 210
20 93 75 84 6 0 19 0.54 M M 3.9 21 170 M M 2 138 28 310
21 93 70 82 4 0 17 0.09 M M 4.4 23 210 M M 2 123 32 210
22 90 72 81 3 0 16 0.37 M M 7.3 15 170 M M 4 138 22 310
23 86 73 80 2 0 15 1.11 M M 5.6 14 230 M M 5 13 20 220
24 91 69 80 2 0 15 0.00 M M 2.3 12 10 M M 2 128 16 340
25 93 70 82 4 0 17 0.32 M M 2.4 29 230 M M 3 1 37 210
26 93 74 84 6 0 19 T M M 4.5 16 210 M M 1 13 20 210
27 92 74 83 5 0 18 0.01 M M 6.0 28 260 M M 1 3 43 270
28 89 75 82 4 0 17 0.00 M M 3.4 10 10 M M 6 15 360
29 92 70 81 3 0 16 0.00 M M 2.7 12 250 M M 1 16 230
30 84 71 78 0 0 13 3.21 M M 3.8 17 10 M M 7 13 25 360
31 83 71 77 -1 0 12 0.17 M M 3.0 8 120 M M 10 1 11 30
================================================================================
SM 2804 2199 0 492 6.75 M 130.5 M 80
================================================================================
AV 90.5 70.9 4.2 FASTST M M 3 MAX(MPH)
MISC ----> # 29 230 # 43 270
================================================================================
NOTES:
# LAST OF SEVERAL OCCURRENCES
COLUMN 17 PEAK WIND IN M.P.H.
PRELIMINARY LOCAL CLIMATOLOGICAL DATA (WS FORM: F-6) , PAGE 2
STATION: LOUISVILLE BOWMAN KY
MONTH: JULY
YEAR: 2020
LATITUDE: 38 13 N
LONGITUDE: 85 40 W
[TEMPERATURE DATA] [PRECIPITATION DATA] SYMBOLS USED IN COLUMN 16
AVERAGE MONTHLY: 80.7 TOTAL FOR MONTH: 6.75 1 = FOG OR MIST
DPTR FM NORMAL: 2.9 DPTR FM NORMAL: 2.58 2 = FOG REDUCING VISIBILITY
HIGHEST: 95 ON 19 GRTST 24HR 3.21 ON 30-30 TO 1/4 MILE OR LESS
LOWEST: 63 ON 14 3 = THUNDER
SNOW, ICE PELLETS, HAIL 4 = ICE PELLETS
TOTAL MONTH: M 5 = HAIL
GRTST 24HR M ON M 6 = FREEZING RAIN OR DRIZZLE
GRTST DEPTH: M ON M 7 = DUSTSTORM OR SANDSTORM:
VSBY 1/2 MILE OR LESS
8 = SMOKE OR HAZE
[NO. OF DAYS WITH] [WEATHER - DAYS WITH] 9 = BLOWING SNOW
X = TORNADO
MAX 32 OR BELOW: 0 0.01 INCH OR MORE: 14
MAX 90 OR ABOVE: 20 0.10 INCH OR MORE: 10
MIN 32 OR BELOW: 0 0.50 INCH OR MORE: 3
MIN 0 OR BELOW: 0 1.00 INCH OR MORE: 2
[HDD (BASE 65) ]
TOTAL THIS MO. 0 CLEAR (SCALE 0-3) 21
DPTR FM NORMAL 0 PTCLDY (SCALE 4-7) 9
TOTAL FM JUL 1 0 CLOUDY (SCALE 8-10) 1
DPTR FM NORMAL 0
[CDD (BASE 65) ]
TOTAL THIS MO. 492
DPTR FM NORMAL 94 [PRESSURE DATA]
TOTAL FM JAN 1 940 HIGHEST SLP 30.20 ON 17
DPTR FM NORMAL 90 LOWEST SLP 29.72 ON 30
[REMARKS]
#FINAL-07-20#