299
CXUS53 KJKL 011707
CLSLOZ
CLIMATE REPORT
NATIONAL WEATHER SERVICE JACKSON KY
1207 AM EST TUE DEC 1 2020
...................................
...THE LONDON KY CLIMATE SUMMARY FOR THE SEASON, FROM
9/1/2020 TO 11/30/2020...
CLIMATE NORMAL PERIOD 1981 TO 2010
CLIMATE RECORD PERIOD 1954 TO 2020
WEATHER OBSERVED NORMAL DEPART LAST YEAR`S
VALUE DATE(S) VALUE FROM VALUE DATE(S)
NORMAL
................................................................
TEMPERATURE (F)
RECORD
HIGH 97 09/05/2007
LOW 2 11/30/1976
HIGHEST 88 09/10 MM MM 95 09/13
09/10
LOWEST 25 11/18 MM MM 15 11/13
AVG. MAXIMUM 70.0 69.2 0.8 71.3
AVG. MINIMUM 47.7 46.3 1.4 46.9
MEAN 58.8 57.7 1.1 59.1
DAYS MAX >= 90 0 2.0 -2.0 18
DAYS MAX <= 32 0 0.2 -0.2 0
DAYS MIN <= 32 10 13.8 -3.8 18
DAYS MIN <= 0 0 0.0 0.0 0
PRECIPITATION (INCHES)
RECORD
MAXIMUM 20.16 2004
MINIMUM 4.07 2008
TOTALS MM 10.22 MM 13.29
DAILY AVG. MM 0.11 MM 0.14
DAYS >= .01 25 27.5 -2.5 27
DAYS >= .10 14 17.9 -3.9 19
DAYS >= .50 7 7.1 -0.1 11
DAYS >= 1.00 2 2.5 -0.5 2
GREATEST
24 HR. TOTAL 1.43 11/13 TO 11/13 1.88
SNOWFALL (INCHES)
RECORDS
TOTAL 4.5 1963
1959
TOTALS MM T MM MM
SINCE 7/1 MM T MM MM
SNOWDEPTH AVG. MM MM MM MM
DAYS >= 1.0 MM 0.0 MM MM
GREATEST
24 HR TOTAL MM MM
DEGREE_DAYS
HEATING TOTAL 696 829 -133 885
SINCE 7/1 696 830 -134 885
COOLING TOTAL 165 165 0 370
SINCE 1/1 1232 1190 42 1484
.................................................................
WIND (MPH)
AVERAGE WIND SPEED 3.9
RESULTANT WIND SPEED/DIRECTION 1/256
HIGHEST WIND SPEED/DIRECTION 30/260 DATE 11/15
HIGHEST GUST SPEED/DIRECTION 47/210 DATE 11/15
SKY COVER
POSSIBLE SUNSHINE (PERCENT) MM
NUMBER OF DAYS FAIR 54
NUMBER OF DAYS PC 21
NUMBER OF DAYS CLOUDY 16
AVERAGE RH (PERCENT) 74
WEATHER CONDITIONS. NUMBER OF DAYS WITH
THUNDERSTORM 7 MIXED PRECIP 0
HEAVY RAIN 8 RAIN 13
LIGHT RAIN 32 FREEZING RAIN 0
LT FREEZING RAIN 0 HAIL 0
HEAVY SNOW 0 SNOW 0
LIGHT SNOW 1 SLEET 0
FOG 56 FOG W/VIS <= 1/4 MILE 8
HAZE 5
- INDICATES NEGATIVE NUMBERS.
R INDICATES RECORD WAS SET OR TIED.
MM INDICATES DATA IS MISSING.
T INDICATES TRACE AMOUNT.
$$
CARICO
...NOTE...PRECIPITATION SENSOR OUT OCTOBER 23RD AND 28TH AND
NOVEMBER 15TH THUS SEASONAL PRECIPITATION TOTAL MISSING...TOTAL
WITHOUT THE MISSING DAYS WAS 8.42 INCHES...