000
CXUS54 KCRP 011300
CF6LRD
PRELIMINARY LOCAL CLIMATOLOGICAL DATA (WS FORM: F-6)
STATION: LAREDO
MONTH: OCTOBER
YEAR: 2020
LATITUDE: 27 31 N
LONGITUDE: 99 28 W
TEMPERATURE IN F: :PCPN: SNOW: WIND :SUNSHINE: SKY :PK WND
================================================================================
1 2 3 4 5 6A 6B 7 8 9 10 11 12 13 14 15 16 17 18
12Z AVG MX 2MIN
DY MAX MIN AVG DEP HDD CDD WTR SNW DPTH SPD SPD DIR MIN PSBL S-S WX SPD DR
================================================================================
1 91 58 75 -4 0 10 0.00 0.0 0 M M M M M 0 M M
2 90 59 75 -4 0 10 0.00 0.0 0 M M M M M 0 M M
3 92 65 79 0 0 14 0.00 0.0 0 M M M M M 1 M M
4 91 64 78 -1 0 13 0.00 0.0 0 M M M M M 0 M M
5 93 63 78 0 0 13 0.00 0.0 0 M M M M M 0 M M
6 94 67 81 3 0 16 0.00 0.0 0 M M M M M 0 M M
7 91 66 79 1 0 14 0.00 0.0 0 M M M M M 0 M M
8 93 60 77 -1 0 12 0.00 0.0 0 M M M M M 1 M M
9 95 70 83 5 0 18 0.00 0.0 0 M M M M M 1 M M
10 102 66 84 7 0 19 0.00 0.0 0 M M M M M 0 M M
11 101 69 85 8 0 20 0.00 0.0 0 M M M M M 0 M M
12 96 74 85 8 0 20 0.00 0.0 0 M M M M M 3 M M
13 95 73 84 7 0 19 0.00 0.0 0 M M M M M 2 M M
14 96 72 84 8 0 19 0.00 0.0 0 M M M M M 1 1 M M
15 99 73 86 10 0 21 0.00 0.0 0 M M M M M 1 M M
16 81 60 71 -5 0 6 0.00 0.0 0 M M M M M 10 1 M M
17 85 60 73 -3 0 8 0.00 0.0 0 M M M M M 5 M M
18 95 71 83 8 0 18 0.00 0.0 0 M M M M M 3 M M
19 96 75 86 11 0 21 0.00 0.0 0 M M M M M 3 M M
20 96 75 86 11 0 21 0.00 0.0 0 M M M M M 6 M M
21 94 72 83 8 0 18 0.00 0.0 0 M M M M M 5 M M
22 94 73 84 10 0 19 0.00 0.0 0 M M M M M 4 M M
23 96 66 81 7 0 16 0.00 0.0 0 M M M M M 6 M M
24 79 58 69 -5 0 4 T 0.0 0 M M M M M 7 M M
25 92 64 78 4 0 13 0.00 0.0 0 M M M M M 4 M M
26 94 56 75 2 0 10 T 0.0 0 M M M M M 9 M M
27 56 43 50 -23 15 0 0.05 0.0 0 M M M M M 8 1 M M
28 69 42 56 -17 9 0 0.00 0.0 0 M M M M M 3 M M
29 74 45 60 -12 5 0 0.00 0.0 0 M M M M M 0 M M
30 75 45 60 -12 5 0 0.00 0.0 0 M M M M M 0 M M
31 83 45 64 -8 1 0 0.00 0.0 0 M M M M M 0 M M
================================================================================
SM 2778 1949 35 392 0.05 0.0 M M 83
================================================================================
AV 89.6 62.9 M FASTST M M 3 MAX(MPH)
MISC ----> M M M M
================================================================================
NOTES:
# LAST OF SEVERAL OCCURRENCES
COLUMN 17 PEAK WIND IN M.P.H.
PRELIMINARY LOCAL CLIMATOLOGICAL DATA (WS FORM: F-6) , PAGE 2
STATION: LAREDO
MONTH: OCTOBER
YEAR: 2020
LATITUDE: 27 31 N
LONGITUDE: 99 28 W
[TEMPERATURE DATA] [PRECIPITATION DATA] SYMBOLS USED IN COLUMN 16
AVERAGE MONTHLY: 76.2 TOTAL FOR MONTH: 0.05 1 = FOG OR MIST
DPTR FM NORMAL: 0.4 DPTR FM NORMAL: -2.16 2 = FOG REDUCING VISIBILITY
HIGHEST: 102 ON 10 GRTST 24HR 0.05 ON 27-27 TO 1/4 MILE OR LESS
LOWEST: 42 ON 28 3 = THUNDER
SNOW, ICE PELLETS, HAIL 4 = ICE PELLETS
TOTAL MONTH: 0.0 INCH 5 = HAIL
GRTST 24HR 0.0 6 = FREEZING RAIN OR DRIZZLE
GRTST DEPTH: 0 7 = DUSTSTORM OR SANDSTORM:
VSBY 1/2 MILE OR LESS
8 = SMOKE OR HAZE
[NO. OF DAYS WITH] [WEATHER - DAYS WITH] 9 = BLOWING SNOW
X = TORNADO
MAX 32 OR BELOW: 0 0.01 INCH OR MORE: 1
MAX 90 OR ABOVE: 23 0.10 INCH OR MORE: 0
MIN 32 OR BELOW: 0 0.50 INCH OR MORE: 0
MIN 0 OR BELOW: 0 1.00 INCH OR MORE: 0
[HDD (BASE 65) ]
TOTAL THIS MO. 35 CLEAR (SCALE 0-3) 17
DPTR FM NORMAL 24 PTCLDY (SCALE 4-7) 11
TOTAL FM JUL 1 35 CLOUDY (SCALE 8-10) 3
DPTR FM NORMAL 23
[CDD (BASE 65) ]
TOTAL THIS MO. 392
DPTR FM NORMAL 48 [PRESSURE DATA]
TOTAL FM JAN 1 4420 HIGHEST SLP 30.36 ON 30
DPTR FM NORMAL 291 LOWEST SLP 29.72 ON 25
[REMARKS]
#FINAL-10-20#