000
CXUS54 KEPZ 221305
CF6LRU
PRELIMINARY LOCAL CLIMATOLOGICAL DATA (WS FORM: F-6)
STATION: LAS CRUCES
MONTH: JANUARY
YEAR: 2023
LATITUDE: 32 17 N
LONGITUDE: 106 46 W
TEMPERATURE IN F: :PCPN: SNOW: WIND :SUNSHINE: SKY :PK WND
================================================================================
1 2 3 4 5 6A 6B 7 8 9 10 11 12 13 14 15 16 17 18
12Z AVG MX 2MIN
DY MAX MIN AVG DEP HDD CDD WTR SNW DPTH SPD SPD DIR MIN PSBL S-S WX SPD DR
================================================================================
1 63 41 52 M 13 0 0.00 M M 7.9 26 230 M M 3 39 230
2 54 34 44 M 21 0 0.25 M M 13.5 30 270 M M 3 39 270
3 51 36 44 M 21 0 0.00 M M 14.9 31 250 M M 4 39 250
4 57 32 45 M 20 0 0.00 M M 10.5 22 260 M M 0 27 260
5 61 32 47 M 18 0 0.00 M M 2.6 7 70 M M 0 M M
6 69 37 53 M 12 0 0.00 M M 8.5 21 260 M M 0 25 260
7 62 36 49 M 16 0 0.00 M M 6.4 15 340 M M 0 20 340
8 64 32 48 M 17 0 0.00 M M 3.5 8 320 M M 0 M M
9 69 35 52 M 13 0 0.00 M M 4.1 9 250 M M 0 M M
10 66 38 52 M 13 0 0.00 M M 6.9 16 250 M M 0 18 260
11 64 40 52 M 13 0 0.00 M M 13.1 33 270 M M 0 43 270
12 60 34 47 M 18 0 0.00 M M 5.6 14 360 M M 0 22 360
13 62 30 46 M 19 0 0.00 M M 2.3 6 340 M M 0 M M
14 70 32 51 M 14 0 0.00 M M 3.7 13 220 M M 0 21 220
15 64 46 55 M 10 0 0.00 M M 17.5 38 250 M M 3 51 240
16 55 45 50 M 15 0 0.00 M M 13.0 29 250 M M 7 36 270
17 M M M M M M M M M 8.6 21 260 M M 6 27 260
18 50 35 43 M 22 0 0.00 M M 16.6 33 270 M M 1 40 280
19 51 29 40 M 25 0 0.00 M M 4.7 9 280 M M 0 M M
20 58 26 42 M 23 0 0.00 M M 7.9 21 280 M M 0 28 280
21 52 25 39 M 26 0 0.00 M M 5.6 12 280 M M 0 17 270
22 55 25 40 M 25 0 0.00 M M 5.3 13 250 M M 0 17 250
23 58 37 48 M 17 0 0.00 M M 9.2 25 280 M M 4 35 280
24 52 28 40 M 25 0 0.00 M M 11.1 20 270 M M 5 28 260
25 53 26 40 M 25 0 0.00 M M 5.8 10 350 M M 0 16 50
26 49 25 37 M 28 0 0.00 M M 4.8 12 340 M M 1 M M
27 55 21 38 M 27 0 0.00 M M 5.8 9 240 M M 0 16 230
28 65 25 45 M 20 0 0.00 M M 7.7 21 270 M M 0 29 270
29 67 32 50 M 15 0 0.00 M M 10.2 23 230 M M 1 31 230
30 68 31 50 M 15 0 0.00 M M 6.1 17 240 M M 0 30 220
31 64 31 48 M 17 0 0.00 M M 6.5 13 120 M M 0 17 120
================================================================================
SM 1788 976 563 0 0.25 M 249.9 M 38
================================================================================
AV 59.6 32.5 8.1 FASTST M M 1 MAX(MPH)
MISC ----> 38 250 51 240
================================================================================
NOTES:
# LAST OF SEVERAL OCCURRENCES
COLUMN 17 PEAK WIND IN M.P.H.
PRELIMINARY LOCAL CLIMATOLOGICAL DATA (WS FORM: F-6) , PAGE 2
STATION: LAS CRUCES
MONTH: JANUARY
YEAR: 2023
LATITUDE: 32 17 N
LONGITUDE: 106 46 W
[TEMPERATURE DATA] [PRECIPITATION DATA] SYMBOLS USED IN COLUMN 16
AVERAGE MONTHLY: 46.1 TOTAL FOR MONTH: 0.25 1 = FOG OR MIST
DPTR FM NORMAL: 0.0 DPTR FM NORMAL: M 2 = FOG REDUCING VISIBILITY
HIGHEST: 70 ON 14 GRTST 24HR 0.48 ON 23-24 TO 1/4 MILE OR LESS
LOWEST: 21 ON 27 3 = THUNDER
SNOW, ICE PELLETS, HAIL 4 = ICE PELLETS
TOTAL MONTH: M 5 = HAIL
GRTST 24HR M ON M 6 = FREEZING RAIN OR DRIZZLE
GRTST DEPTH: M ON M 7 = DUSTSTORM OR SANDSTORM:
VSBY 1/2 MILE OR LESS
8 = SMOKE OR HAZE
[NO. OF DAYS WITH] [WEATHER - DAYS WITH] 9 = BLOWING SNOW
X = TORNADO
MAX 32 OR BELOW: 0 0.01 INCH OR MORE: 1
MAX 90 OR ABOVE: 0 0.10 INCH OR MORE: 1
MIN 32 OR BELOW: 17 0.50 INCH OR MORE: 0
MIN 0 OR BELOW: 0 1.00 INCH OR MORE: 0
[HDD (BASE 65) ]
TOTAL THIS MO. 563 CLEAR (SCALE 0-3) 26
DPTR FM NORMAL M PTCLDY (SCALE 4-7) 5
TOTAL FM JUL 1 1859 CLOUDY (SCALE 8-10) 0
DPTR FM NORMAL M
[CDD (BASE 65) ]
TOTAL THIS MO. 0
DPTR FM NORMAL M [PRESSURE DATA]
TOTAL FM JAN 1 0 HIGHEST SLP M ON M
DPTR FM NORMAL M LOWEST SLP M ON M
[REMARKS]
#FINAL-01-23#