000
CXUS53 KARX 010934
CLMLSE
CLIMATE REPORT
NATIONAL WEATHER SERVICE LA CROSSE WI
434 AM CDT THU JUN 01 2023
...................................
...THE LA CROSSE WI CLIMATE SUMMARY FOR THE MONTH OF MAY 2023...
CLIMATE NORMAL PERIOD 1991 TO 2020
CLIMATE RECORD PERIOD 1872 TO 2023
WEATHER OBSERVED NORMAL DEPART LAST YEAR`S
VALUE DATE(S) VALUE FROM VALUE DATE(S)
NORMAL
................................................................
TEMPERATURE (F)
RECORD
HIGH 107 05/31/1934
LOW 26 05/06/1989
05/03/1971
05/02/1911
HIGHEST 91 05/31 96 05/12
LOWEST 35 05/03 34 05/04
AVG. MAXIMUM 75.4 72.0 3.4 72.6
AVG. MINIMUM 50.8 50.1 0.7 52.2
MEAN 63.1 61.0 2.1 62.4
DAYS MAX >= 90 2 0.9 1.1 3
DAYS MAX <= 32 0 0.0 0.0 0
DAYS MIN <= 32 0 0.5 -0.5 0
DAYS MIN <= 0 0 0.0 0.0 0
PRECIPITATION (INCHES)
RECORD
MAXIMUM 9.73 2004
TOTALS 1.75 4.33 -2.58 4.20
DAYS >= .01 7 13.3 -6.3 15
DAYS >= .10 5 7.9 -2.9 7
DAYS >= .50 1 3.3 -2.3 3
DAYS >= 1.00 0 1.2 -1.2 2
GREATEST
24 HR. TOTAL 0.62 05/14 TO 05/14 1.95 05/19 TO 05/20
SNOWFALL (INCHES)
RECORDS
TOTAL 7.2 1935
SNOW DEPTH 1 05/03/1935
TOTALS 0.0 0.0 0.0 T
SINCE 7/1 63.7 46.3 17.4 MM
SNOWDEPTH AVG. 0 0
DAYS >= TRACE 0 0.0 0.0 2
DAYS >= 1.0 0 0.0 0.0 0
GREATEST
SNOW DEPTH 0 0 MM
DEGREE DAYS
HEATING TOTAL 98 181 -83 176
SINCE 7/1 6580 6762 -182 MM
COOLING TOTAL 47 59 -12 104
SINCE 1/1 79 66 13 MM
................................................................
WIND (MPH)
AVERAGE WIND SPEED 7.6
HIGHEST WIND SPEED/DIRECTION 31/320 DATE 05/01
HIGHEST GUST SPEED/DIRECTION 44/330 DATE 05/01
AVERAGE RH (PERCENT) 58
WEATHER CONDITIONS. NUMBER OF DAYS WITH
THUNDERSTORM 2 MIXED PRECIP 0
HEAVY RAIN 2 RAIN 5
LIGHT RAIN 8 FREEZING RAIN 0
LT FREEZING RAIN 0 HAIL 0
HEAVY SNOW 0 SNOW 0
LIGHT SNOW 0 SLEET 0
FOG 9 FOG W/VIS <= 1/4 MILE 2
HAZE 3
- INDICATES NEGATIVE NUMBERS.
R INDICATES RECORD WAS SET OR TIED.
MM INDICATES DATA IS MISSING.
T INDICATES TRACE AMOUNT.
$$