000
CXUS54 KFWD 010730
CF6LUD
PRELIMINARY LOCAL CLIMATOLOGICAL DATA (WS FORM: F-6)
STATION: DECATUR
MONTH: MARCH
YEAR: 2023
LATITUDE: 33 15 N
LONGITUDE: 97 30 W
TEMPERATURE IN F: :PCPN: SNOW: WIND :SUNSHINE: SKY :PK WND
================================================================================
1 2 3 4 5 6A 6B 7 8 9 10 11 12 13 14 15 16 17 18
12Z AVG MX 2MIN
DY MAX MIN AVG DEP HDD CDD WTR SNW DPTH SPD SPD DIR MIN PSBL S-S WX SPD DR
================================================================================
1 67 54 61 12 4 0 0.00 M M 4.3 14 170 M M 2 8 20 170
2 73 49 61 11 4 0 1.84 M M 6.8 17 320 M M 6 1 32 320
3 63 41 52 2 13 0 0.08 M M 7.0 16 290 M M 2 1 25 290
4 76 44 60 10 5 0 0.00 M M 5.8 13 240 M M 0 20 220
5 77 54 66 16 0 1 0.00 M M 12.0 18 170 M M 0 25 180
6 83 56 70 19 0 5 0.00 M M 7.2 15 180 M M 0 22 180
7 76 55 66 15 0 1 0.00 M M 7.0 17 130 M M 5 128 21 130
8 55 45 50 -1 15 0 0.49 M M 6.1 12 320 M M 10 1 25 290
9 55 50 53 2 12 0 0.09 M M 5.0 10 20 M M 10 12 16 330
10 62 42 52 0 13 0 0.00 M M 6.0 12 140 M M 2 1 M M
11 90 54 72 20 0 7 0.00 M M 10.7 14 270 M M 3 1 23 260
12 65 46 56 4 9 0 M M M 10.9 17 30 M M 0 8 28 30
13 55 42 49 -4 16 0 0.00 M M 8.8 14 60 M M 2 21 60
14 61 38 50 -3 15 0 M M M 6.7 12 100 M M 3 18 100
15 67 43 55 2 10 0 0.00 M M 12.9 21 160 M M 5 29 170
16 74 40 57 4 8 0 0.00 M M 15.4 23 320 M M 8 35 320
17 54 36 45 -9 20 0 0.00 M M 9.1 17 360 M M 0 31 360
18 53 37 45 -9 20 0 0.00 M M 5.9 16 360 M M 0 21 30
19 53 30 42 -12 23 0 0.00 M M 5.6 8 140 M M 0 M M
20 55 39 47 -7 18 0 0.00 M M 15.0 23 170 M M 5 30 170
21 74 49 62 7 3 0 0.00 M M 14.0 21 170 M M 7 1 29 170
22 83 65 74 19 0 9 0.00 M M 13.4 20 170 M M 5 26 160
23 83 65 74 19 0 9 0.00 M M 12.7 17 190 M M 4 18 25 180
24 74 52 63 7 2 0 1.21 M M 6.2 15 240 M M 6 1 22 0
25 73 49 61 5 4 0 0.00 M M 7.2 16 280 M M 0 25 280
26 73 46 60 4 5 0 0.00 M M 6.7 14 20 M M 0 21 350
27 67 41 54 -2 11 0 0.00 M M 8.0 12 70 M M 1 17 50
28 62 44 53 -4 12 0 0.00 M M 7.7 15 360 M M 0 22 360
29 61 45 53 -4 12 0 0.00 M M 6.2 10 130 M M 7 M M
30 71 56 64 7 1 0 0.00 M M 12.9 22 170 M M 9 18 33 170
31 80 61 71 14 0 6 0.00 M M 12.8 22 180 M M 4 8 33 280
================================================================================
SM 2115 1468 255 38 3.71 M 275.8 M 106
================================================================================
AV 68.2 47.4 8.9 FASTST M M 3 MAX(MPH)
MISC ----> # 23 320 35 320
================================================================================
NOTES:
# LAST OF SEVERAL OCCURRENCES
COLUMN 17 PEAK WIND IN M.P.H.
PRELIMINARY LOCAL CLIMATOLOGICAL DATA (WS FORM: F-6) , PAGE 2
STATION: DECATUR
MONTH: MARCH
YEAR: 2023
LATITUDE: 33 15 N
LONGITUDE: 97 30 W
[TEMPERATURE DATA] [PRECIPITATION DATA] SYMBOLS USED IN COLUMN 16
AVERAGE MONTHLY: 57.8 TOTAL FOR MONTH: 3.71 1 = FOG OR MIST
DPTR FM NORMAL: 4.4 DPTR FM NORMAL: -0.03 2 = FOG REDUCING VISIBILITY
HIGHEST: 90 ON 11 GRTST 24HR 1.84 ON 2- 2 TO 1/4 MILE OR LESS
LOWEST: 30 ON 19 3 = THUNDER
SNOW, ICE PELLETS, HAIL 4 = ICE PELLETS
TOTAL MONTH: M 5 = HAIL
GRTST 24HR M ON M 6 = FREEZING RAIN OR DRIZZLE
GRTST DEPTH: M ON M 7 = DUSTSTORM OR SANDSTORM:
VSBY 1/2 MILE OR LESS
8 = SMOKE OR HAZE
[NO. OF DAYS WITH] [WEATHER - DAYS WITH] 9 = BLOWING SNOW
X = TORNADO
MAX 32 OR BELOW: 0 0.01 INCH OR MORE: 5
MAX 90 OR ABOVE: 1 0.10 INCH OR MORE: 3
MIN 32 OR BELOW: 1 0.50 INCH OR MORE: 2
MIN 0 OR BELOW: 0 1.00 INCH OR MORE: 2
[HDD (BASE 65) ]
TOTAL THIS MO. 255 CLEAR (SCALE 0-3) 16
DPTR FM NORMAL -116 PTCLDY (SCALE 4-7) 11
TOTAL FM JUL 1 2102 CLOUDY (SCALE 8-10) 4
DPTR FM NORMAL -671
[CDD (BASE 65) ]
TOTAL THIS MO. 38
DPTR FM NORMAL 28 [PRESSURE DATA]
TOTAL FM JAN 1 76 HIGHEST SLP M ON M
DPTR FM NORMAL 64 LOWEST SLP M ON M
[REMARKS]
#FINAL-03-23#