000
CXUS56 KTFX 220801
CF6LWT
PRELIMINARY LOCAL CLIMATOLOGICAL DATA (WS FORM: F-6)
STATION: LEWISTOWN MT
MONTH: DECEMBER
YEAR: 2022
LATITUDE: 47 2 N
LONGITUDE: 109 28 W
TEMPERATURE IN F: :PCPN: SNOW: WIND :SUNSHINE: SKY :PK WND
================================================================================
1 2 3 4 5 6A 6B 7 8 9 10 11 12 13 14 15 16 17 18
12Z AVG MX 2MIN
DY MAX MIN AVG DEP HDD CDD WTR SNW DPTH SPD SPD DIR MIN PSBL S-S WX SPD DR
================================================================================
1 36 2 19 -8 46 0 0.05 M 2 8.3 18 270 M M 7 128 24 290
2 23 -5 9 -18 56 0 T M 3 8.0 29 220 M M 5 1 35 220
3 30 11 21 -6 44 0 0.00 M M 14.9 28 220 M M 0 32 220
4 34 9 22 -4 43 0 T M M 7.4 21 220 M M 3 1 26 290
5 28 17 23 -3 42 0 0.08 M 3 5.8 15 260 M M 10 1 21 320
6 17 -4 7 -19 58 0 T M 5 11.6 18 90 M M 10 1 24 110
7 31 -6 13 -13 52 0 0.00 M 5 11.1 24 240 M M 0 31 240
8 35 7 21 -4 44 0 0.00 M 4 10.5 30 220 M M 0 37 210
9 32 10 21 -4 44 0 0.00 M M 12.9 25 220 M M 1 29 220
10 38 7 23 -2 42 0 0.00 M M 7.4 22 210 M M 0 26 220
11 38 15 27 2 38 0 T M M 6.7 17 260 M M 6 1 23 340
12 15 7 11 -13 54 0 T M 3 7.7 18 260 M M 10 18 23 260
13 21 2 12 -12 53 0 0.01 M 3 1.0 8 170 M M 8 12 10 260
14 24 4 14 -10 51 0 0.02 M 3 13.2 26 290 M M 8 12 39 310
15 19 12 16 -8 49 0 T M M 9.3 21 270 M M 10 18 27 270
16 27 3 15 -9 50 0 0.00 M M 7.1 15 290 M M 6 19 290
17 25 1 13 -11 52 0 T M M 11.3 18 220 M M 8 1 22 240
18 1 -7 -3 -27 68 0 T M M 6.2 13 290 M M 10 1 17 300
19 -6 -13 -9 -32 74 0 0.02 M M 7.3 12 290 M M 10 18 16 270
20 -9 -19 -14 -37 79 0 T M 8 7.9 18 290 M M 9 18 24 290
21 -19 -30 -24 -47 89 0 T M M 9.8 17 290 M M 10 18 23 290
22 -15 -28 -21 -44 86 0 0.00 M M 8.1 15 250 M M 4 8 22 280
23 27 -21 3 -20 62 0 T M M 8.8 15 80 M M 7 18 17 80
24 43 10 27 4 38 0 0.00 M 8 13.1 32 220 M M 3 40 220
25 43 24 34 11 31 0 0.00 M 5 12.3 31 270 M M 2 43 260
26 46 22 34 11 31 0 0.00 M M 15.0 37 220 M M 1 46 210
27 50 38 44 21 21 0 T M 1 14.4 30 210 M M 5 39 210
28 39 30 35 12 30 0 T M M 13.8 28 230 M M 9 38 240
29 36 20 28 5 37 0 0.00 M M 10.3 21 250 M M 2 26 230
30 40 16 28 5 37 0 T M M 11.2 26 220 M M 4 35 210
31 41 23 32 9 33 0 0.00 M M 8.4 17 290 M M 1 27 300
================================================================================
SM 790 157 1534 0 0.18 M 300.8 M 169
================================================================================
AV 25.5 5.1 9.7 FASTST M M 5 MAX(MPH)
MISC ----> 37 220 46 210
================================================================================
NOTES:
# LAST OF SEVERAL OCCURRENCES
COLUMN 17 PEAK WIND IN M.P.H.
PRELIMINARY LOCAL CLIMATOLOGICAL DATA (WS FORM: F-6) , PAGE 2
STATION: LEWISTOWN MT
MONTH: DECEMBER
YEAR: 2022
LATITUDE: 47 2 N
LONGITUDE: 109 28 W
[TEMPERATURE DATA] [PRECIPITATION DATA] SYMBOLS USED IN COLUMN 16
AVERAGE MONTHLY: 15.3 TOTAL FOR MONTH: 0.18 1 = FOG OR MIST
DPTR FM NORMAL: -9.0 DPTR FM NORMAL: -0.33 2 = FOG REDUCING VISIBILITY
HIGHEST: 50 ON 27 GRTST 24HR 0.08 ON 4- 5 TO 1/4 MILE OR LESS
LOWEST: -30 ON 21 3 = THUNDER
SNOW, ICE PELLETS, HAIL 4 = ICE PELLETS
TOTAL MONTH: M 5 = HAIL
GRTST 24HR M ON M 6 = FREEZING RAIN OR DRIZZLE
GRTST DEPTH: 8 ON 24,20 7 = DUSTSTORM OR SANDSTORM:
VSBY 1/2 MILE OR LESS
8 = SMOKE OR HAZE
[NO. OF DAYS WITH] [WEATHER - DAYS WITH] 9 = BLOWING SNOW
X = TORNADO
MAX 32 OR BELOW: 18 0.01 INCH OR MORE: 5
MAX 90 OR ABOVE: 0 0.10 INCH OR MORE: 0
MIN 32 OR BELOW: 30 0.50 INCH OR MORE: 0
MIN 0 OR BELOW: 9 1.00 INCH OR MORE: 0
[HDD (BASE 65) ]
TOTAL THIS MO. 1534 CLEAR (SCALE 0-3) 11
DPTR FM NORMAL 272 PTCLDY (SCALE 4-7) 10
TOTAL FM JUL 1 3532 CLOUDY (SCALE 8-10) 10
DPTR FM NORMAL 179
[CDD (BASE 65) ]
TOTAL THIS MO. 0
DPTR FM NORMAL 0 [PRESSURE DATA]
TOTAL FM JAN 1 402 HIGHEST SLP 31.00 ON 22
DPTR FM NORMAL 173 LOWEST SLP 29.13 ON 27
[REMARKS]
#FINAL-12-22#