000
CXUS56 KTFX 161542
CF6LWT
PRELIMINARY LOCAL CLIMATOLOGICAL DATA (WS FORM: F-6)
STATION: LEWISTOWN MT
MONTH: JANUARY
YEAR: 2024
LATITUDE: 47 2 N
LONGITUDE: 109 28 W
TEMPERATURE IN F: :PCPN: SNOW: WIND :SUNSHINE: SKY :PK WND
================================================================================
1 2 3 4 5 6A 6B 7 8 9 10 11 12 13 14 15 16 17 18
12Z AVG MX 2MIN
DY MAX MIN AVG DEP HDD CDD WTR SNW DPTH SPD SPD DIR MIN PSBL S-S WX SPD DR
================================================================================
1 39 21 30 7 35 0 0.00 M M 8.4 18 260 M M 2 27 300
2 42 15 29 6 36 0 0.00 M M 5.8 14 250 M M 0 16 250
3 44 17 31 8 34 0 0.00 M M 5.6 13 110 M M 0 14 120
4 40 17 29 6 36 0 0.00 M M 7.2 15 220 M M 5 19 210
5 34 18 26 3 39 0 T M M 9.9 26 300 M M 6 18 39 320
6 37 21 29 6 36 0 0.01 M M 12.5 28 250 M M 4 1 35 240
7 26 2 14 -9 51 0 T M M 8.5 21 300 M M 10 1 31 310
8 30 -3 14 -10 51 0 0.00 M M 10.8 23 250 M M 2 31 260
9 41 16 29 5 36 0 0.00 M M 17.7 37 230 M M 4 50 220
10 32 -5 14 -10 51 0 0.01 M M 10.2 22 300 M M 10 18 35 300
11 -5 -23 -14 -38 79 0 0.04 M M 8.0 16 270 M M 10 18 23 300
12 -23 -42 -32 -56 97 0 T M M 8.7 14 280 M M 8 18 19 280
13 -9 -43 -26 -50 91 0 0.00 M M 4.7 12 110 M M 0 15 250
14 -13 -29 -21 -45 86 0 T M M 6.0 14 260 M M 7 8 18 260
15 2 -32 -15 -39 80 0 0.00 M M 4.8 16 250 M M 0 18 250
16 26 -15 6 -18 59 0 T M M 6.7 16 250 M M 7 20 240
17 20 -1 10 -14 55 0 T M M 7.1 16 300 M M 10 1 23 320
18 -1 -13 -7 -31 72 0 T M M 8.2 20 280 M M 7 18 27 280
19 21 -16 3 -21 62 0 0.00 M M 5.1 12 110 M M 2 18 15 110
20 45 18 32 8 33 0 T M M 8.2 17 230 M M 7 21 220
21 44 35 40 16 25 0 0.03 M M 9.2 20 270 M M 8 24 270
22 45 26 36 12 29 0 0.00 M M 5.8 14 210 M M 5 19 210
23 47 26 37 13 28 0 0.00 M M 5.7 14 220 M M 2 16 220
24 48 25 37 13 28 0 0.00 M M 5.2 14 230 M M 2 19 220
25 46 28 37 13 28 0 0.00 M M 8.3 16 230 M M 3 20 220
26 44 24 34 10 31 0 0.00 M M 8.4 17 220 M M 0 24 220
27 50 21 36 12 29 0 0.00 M M 9.9 23 240 M M 0 30 230
28 58 35 47 23 18 0 0.00 M M 11.8 21 250 M M 1 26 250
29 58 31 45 21 20 0 0.00 M M 6.4 14 240 M M 0 15 260
30 63 32 48 24 17 0 0.00 M M 6.8 20 250 M M 0 25 250
31 65 30 48 24 17 0 0.00 M M 7.1 16 230 M M 0 21 220
================================================================================
SM 996 236 1389 0 0.09 M 248.7 M 122
================================================================================
AV 32.1 7.6 8.0 FASTST M M 4 MAX(MPH)
MISC ----> 37 230 50 220
================================================================================
NOTES:
# LAST OF SEVERAL OCCURRENCES
COLUMN 17 PEAK WIND IN M.P.H.
PRELIMINARY LOCAL CLIMATOLOGICAL DATA (WS FORM: F-6) , PAGE 2
STATION: LEWISTOWN MT
MONTH: JANUARY
YEAR: 2024
LATITUDE: 47 2 N
LONGITUDE: 109 28 W
[TEMPERATURE DATA] [PRECIPITATION DATA] SYMBOLS USED IN COLUMN 16
AVERAGE MONTHLY: 19.9 TOTAL FOR MONTH: 0.09 1 = FOG OR MIST
DPTR FM NORMAL: -3.8 DPTR FM NORMAL: -0.49 2 = FOG REDUCING VISIBILITY
HIGHEST: 65 ON 31 GRTST 24HR 0.15 ON 10-10 TO 1/4 MILE OR LESS
LOWEST: -43 ON 13 3 = THUNDER
SNOW, ICE PELLETS, HAIL 4 = ICE PELLETS
TOTAL MONTH: M 5 = HAIL
GRTST 24HR M ON M 6 = FREEZING RAIN OR DRIZZLE
GRTST DEPTH: M ON M 7 = DUSTSTORM OR SANDSTORM:
VSBY 1/2 MILE OR LESS
8 = SMOKE OR HAZE
[NO. OF DAYS WITH] [WEATHER - DAYS WITH] 9 = BLOWING SNOW
X = TORNADO
MAX 32 OR BELOW: 12 0.01 INCH OR MORE: 4
MAX 90 OR ABOVE: 0 0.10 INCH OR MORE: 0
MIN 32 OR BELOW: 29 0.50 INCH OR MORE: 0
MIN 0 OR BELOW: 11 1.00 INCH OR MORE: 0
[HDD (BASE 65) ]
TOTAL THIS MO. 1389 CLEAR (SCALE 0-3) 16
DPTR FM NORMAL 107 PTCLDY (SCALE 4-7) 11
TOTAL FM JUL 1 4152 CLOUDY (SCALE 8-10) 4
DPTR FM NORMAL -481
[CDD (BASE 65) ]
TOTAL THIS MO. 0
DPTR FM NORMAL 0 [PRESSURE DATA]
TOTAL FM JAN 1 0 HIGHEST SLP 30.82 ON 15
DPTR FM NORMAL 0 LOWEST SLP 29.29 ON 10
[REMARKS]
#FINAL-01-24#