000
CXUS55 KEAX 010736
CF6LXT
PRELIMINARY LOCAL CLIMATOLOGICAL DATA (WS FORM: F-6)
STATION: LEE`S SUMMIT MO
MONTH: APRIL
YEAR: 2020
LATITUDE: 38 57 N
LONGITUDE: 94 22 W
TEMPERATURE IN F: :PCPN: SNOW: WIND :SUNSHINE: SKY :PK WND
================================================================================
1 2 3 4 5 6A 6B 7 8 9 10 11 12 13 14 15 16 17 18
12Z AVG MX 2MIN
DY MAX MIN AVG DEP HDD CDD WTR SNW DPTH SPD SPD DIR MIN PSBL S-S WX SPD DR
================================================================================
1 71 44 58 9 7 0 0.00 M M 9.2 21 170 M M 0 8 28 180
2 73 52 63 13 2 0 T M M 12.6 23 170 M M 5 34 170
3 52 31 42 -8 23 0 0.57 M M 13.6 21 340 M M 10 1368 28 350
4 46 30 38 -12 27 0 0.00 M M 9.1 17 360 M M 9 23 350
5 55 41 48 -3 17 0 0.00 M M 5.8 13 180 M M 8 16 140
6 67 53 60 9 5 0 0.00 M M 12.7 23 200 M M 10 30 200
7 77 61 69 18 0 4 0.00 M M 12.7 22 230 M M 3 29 220
8 88 50 69 17 0 4 0.00 M M 11.1 32 10 M M 0 18 43 10
9 60 37 49 -3 16 0 0.00 M M 14.9 30 340 M M 1 43 310
10 55 27 41 -11 24 0 0.00 M M 7.7 17 200 M M 3 21 200
11 72 47 60 7 5 0 0.01 M M 17.2 24 200 M M 3 3 35 190
12 62 33 48 -5 17 0 1.06 M M 18.4 35 350 M M 8 13 50 350
13 45 28 37 -16 28 0 0.00 M M 13.0 29 340 M M 1 38 350
14 50 31 41 -13 24 0 0.00 M M 9.2 22 250 M M 3 32 230
15 54 32 43 -11 22 0 0.00 M M 7.8 20 230 M M 1 8 27 220
16 50 38 44 -10 21 0 0.08 M M 14.0 22 70 M M 8 1 33 80
17 45 32 39 -16 26 0 0.24 M M 9.9 22 360 M M 7 1 28 30
18 63 32 48 -7 17 0 0.00 M M 12.2 23 210 M M 0 33 200
19 67 47 57 1 8 0 0.00 M M 7.9 18 60 M M 1 25 60
20 70 43 57 1 8 0 0.07 M M 7.0 20 290 M M 4 1 27 300
21 71 46 59 3 6 0 0.00 M M 6.4 17 170 M M 0 24 160
22 63 54 59 3 6 0 0.15 M M 10.8 24 180 M M 6 1 34 190
23 73 53 63 6 2 0 T M M 5.2 14 160 M M 6 1 18 180
24 63 54 59 2 6 0 0.78 M M 7.9 20 360 M M 8 1 27 360
25 67 47 57 -1 8 0 0.19 M M 13.4 23 350 M M 5 33 360
26 71 44 58 0 7 0 T M M 4.9 15 190 M M 3 20 170
27 75 54 65 7 0 0 0.34 M M 15.5 26 210 M M 4 1 36 210
28 79 54 67 8 0 2 0.05 M M 11.9 32 320 M M 2 47 310
29 69 51 60 1 5 0 T M M 10.6 17 310 M M 5 22 300
30 74 46 60 1 5 0 0.00 M M M M M M M 0 M M
================================================================================
SM 1927 1292 342 10 3.54 M 312.6 M 124
================================================================================
AV 64.2 43.1 10.8 FASTST M M 4 MAX(MPH)
MISC ----> 35 350 50 350
================================================================================
NOTES:
# LAST OF SEVERAL OCCURRENCES
COLUMN 17 PEAK WIND IN M.P.H.
PRELIMINARY LOCAL CLIMATOLOGICAL DATA (WS FORM: F-6) , PAGE 2
STATION: LEE`S SUMMIT MO
MONTH: APRIL
YEAR: 2020
LATITUDE: 38 57 N
LONGITUDE: 94 22 W
[TEMPERATURE DATA] [PRECIPITATION DATA] SYMBOLS USED IN COLUMN 16
AVERAGE MONTHLY: 53.7 TOTAL FOR MONTH: 3.54 1 = FOG OR MIST
DPTR FM NORMAL: -0.7 DPTR FM NORMAL: -0.48 2 = FOG REDUCING VISIBILITY
HIGHEST: 88 ON 8 GRTST 24HR 1.06 ON 11-12 TO 1/4 MILE OR LESS
LOWEST: 27 ON 10 3 = THUNDER
SNOW, ICE PELLETS, HAIL 4 = ICE PELLETS
TOTAL MONTH: M 5 = HAIL
GRTST 24HR M ON M 6 = FREEZING RAIN OR DRIZZLE
GRTST DEPTH: M ON M 7 = DUSTSTORM OR SANDSTORM:
VSBY 1/2 MILE OR LESS
8 = SMOKE OR HAZE
[NO. OF DAYS WITH] [WEATHER - DAYS WITH] 9 = BLOWING SNOW
X = TORNADO
MAX 32 OR BELOW: 0 0.01 INCH OR MORE: 11
MAX 90 OR ABOVE: 0 0.10 INCH OR MORE: 7
MIN 32 OR BELOW: 8 0.50 INCH OR MORE: 3
MIN 0 OR BELOW: 0 1.00 INCH OR MORE: 1
[HDD (BASE 65) ]
TOTAL THIS MO. 342 CLEAR (SCALE 0-3) 11
DPTR FM NORMAL 9 PTCLDY (SCALE 4-7) 13
TOTAL FM JUL 1 4383 CLOUDY (SCALE 8-10) 6
DPTR FM NORMAL -562
[CDD (BASE 65) ]
TOTAL THIS MO. 10
DPTR FM NORMAL -1 [PRESSURE DATA]
TOTAL FM JAN 1 10 HIGHEST SLP M ON M
DPTR FM NORMAL -1 LOWEST SLP 29.44 ON 12
[REMARKS]
#FINAL-04-20#