000
CXUS51 KRNK 010527
CF6LYH
PRELIMINARY LOCAL CLIMATOLOGICAL DATA (WS FORM: F-6)
STATION: LYNCHBURG VA
MONTH: SEPTEMBER
YEAR: 2021
LATITUDE: 37 19 N
LONGITUDE: 79 12 W
TEMPERATURE IN F: :PCPN: SNOW: WIND :SUNSHINE: SKY :PK WND
================================================================================
1 2 3 4 5 6A 6B 7 8 9 10 11 12 13 14 15 16 17 18
12Z AVG MX 2MIN
DY MAX MIN AVG DEP HDD CDD WTR SNW DPTH SPD SPD DIR MIN PSBL S-S WX SPD DR
================================================================================
1 81 65 73 1 0 8 0.67 0.0 0 8.2 20 210 M M 8 13 26 130
2 82 59 71 -1 0 6 0.00 0.0 0 3.0 14 40 M M 0 19 40
3 82 53 68 -4 0 3 0.00 0.0 0 1.7 8 300 M M 0 12 50
4 83 56 70 -2 0 5 0.00 0.0 0 4.0 16 190 M M 0 21 180
5 87 64 76 5 0 11 T 0.0 0 3.9 13 210 M M 3 16 210
6 86 60 73 2 0 8 0.02 0.0 0 2.4 10 10 M M 4 1 16 10
7 86 55 71 0 0 6 0.00 0.0 0 1.9 9 200 M M 0 1 15 230
8 87 61 74 4 0 9 T 0.0 0 6.2 16 190 M M 2 20 190
9 81 58 70 0 0 5 T 0.0 0 3.3 12 10 M M 5 17 300
10 80 53 67 -3 0 2 0.00 0.0 0 3.6 13 310 M M 2 20 310
11 82 52 67 -3 0 2 0.00 0.0 0 2.4 13 210 M M 0 1 17 210
12 88 58 73 4 0 8 0.00 0.0 0 4.5 13 200 M M 0 17 190
13 92 63 78 9 0 13 0.00 0.0 0 3.0 8 200 M M 0 12 220
14 91 62 77 8 0 12 0.00 0.0 0 2.2 13 190 M M 1 12 17 200
15 91 63 77 9 0 12 0.00 0.0 0 4.0 15 180 M M 1 20 200
16 84 68 76 8 0 11 0.05 0.0 0 4.8 14 50 M M 5 1 19 40
17 83 69 76 8 0 11 T 0.0 0 5.5 13 50 M M 6 1 16 40
18 90 68 79 12 0 14 T 0.0 0 2.0 10 90 M M 2 1 14 100
19 91 64 78 11 0 13 0.00 0.0 0 3.5 10 90 M M 2 1 15 90
20 81 66 74 7 0 9 0.00 0.0 0 5.6 12 50 M M 8 1 16 40
21 72 63 68 2 0 3 0.52 0.0 0 6.5 13 40 M M 9 1 18 40
22 80 62 71 5 0 6 1.36 0.0 0 10.4 24 170 M M 10 1 33 160
23 72 48 60 -6 5 0 T 0.0 0 3.3 13 300 M M 2 1 21 270
24 74 45 60 -5 5 0 0.00 0.0 0 1.5 10 310 M M 0 1 15 290
25 77 47 62 -3 3 0 0.00 0.0 0 2.8 9 220 M M 0 1 13 200
26 77 47 62 -2 3 0 0.00 0.0 0 2.1 13 250 M M 0 20 280
27 81 47 64 0 1 0 0.00 0.0 0 3.3 13 200 M M 0 17 200
28 82 56 69 5 0 4 0.00 0.0 0 4.2 10 210 M M 0 15 220
29 79 59 69 6 0 4 0.00 0.0 0 3.0 13 40 M M 3 1 16 70
30 79 56 68 5 0 3 0.00 0.0 0 2.3 9 210 M M 5 13 220
================================================================================
SM 2481 1747 17 188 2.62 0.0 115.1 M 78
================================================================================
AV 82.7 58.2 3.8 FASTST M M 3 MAX(MPH)
MISC ----> 24 170 33 160
================================================================================
NOTES:
# LAST OF SEVERAL OCCURRENCES
COLUMN 17 PEAK WIND IN M.P.H.
PRELIMINARY LOCAL CLIMATOLOGICAL DATA (WS FORM: F-6) , PAGE 2
STATION: LYNCHBURG VA
MONTH: SEPTEMBER
YEAR: 2021
LATITUDE: 37 19 N
LONGITUDE: 79 12 W
[TEMPERATURE DATA] [PRECIPITATION DATA] SYMBOLS USED IN COLUMN 16
AVERAGE MONTHLY: 70.5 TOTAL FOR MONTH: 2.62 1 = FOG OR MIST
DPTR FM NORMAL: 2.5 DPTR FM NORMAL: -1.34 2 = FOG REDUCING VISIBILITY
HIGHEST: 92 ON 13 GRTST 24HR 1.37 ON 21-22 TO 1/4 MILE OR LESS
LOWEST: 45 ON 24 3 = THUNDER
SNOW, ICE PELLETS, HAIL 4 = ICE PELLETS
TOTAL MONTH: 0.0 INCH 5 = HAIL
GRTST 24HR 0.0 6 = FREEZING RAIN OR DRIZZLE
GRTST DEPTH: 0 7 = DUSTSTORM OR SANDSTORM:
VSBY 1/2 MILE OR LESS
8 = SMOKE OR HAZE
[NO. OF DAYS WITH] [WEATHER - DAYS WITH] 9 = BLOWING SNOW
X = TORNADO
MAX 32 OR BELOW: 0 0.01 INCH OR MORE: 5
MAX 90 OR ABOVE: 5 0.10 INCH OR MORE: 3
MIN 32 OR BELOW: 0 0.50 INCH OR MORE: 3
MIN 0 OR BELOW: 0 1.00 INCH OR MORE: 1
[HDD (BASE 65) ]
TOTAL THIS MO. 17 CLEAR (SCALE 0-3) 20
DPTR FM NORMAL -29 PTCLDY (SCALE 4-7) 8
TOTAL FM JUL 1 17 CLOUDY (SCALE 8-10) 2
DPTR FM NORMAL -29
[CDD (BASE 65) ]
TOTAL THIS MO. 188
DPTR FM NORMAL 52 [PRESSURE DATA]
TOTAL FM JAN 1 1476 HIGHEST SLP M ON M
DPTR FM NORMAL 381 LOWEST SLP 29.55 ON 1
[REMARKS]
#FINAL-09-21#