000
CXUS51 KRNK 010709
CLMLYH
CLIMATE REPORT
NATIONAL WEATHER SERVICE BLACKSBURG, VA
309 AM EDT SAT JUL 01 2023
...................................
...THE LYNCHBURG VA CLIMATE SUMMARY FOR THE MONTH OF JUNE 2023...
CLIMATE NORMAL PERIOD: 1991 TO 2020
CLIMATE RECORD PERIOD: 1893 TO 2023
WEATHER OBSERVED NORMAL DEPART LAST YEAR`S
VALUE DATE(S) VALUE FROM VALUE
NORMAL
..............................................................
TEMPERATURE (F)
RECORD
HIGH 104 06/29/1934
LOW 40 06/08/1977
HIGHEST 89 06/26 96
LOWEST 46 06/09 54
AVG. MAXIMUM 80.9 83.2 -2.3 87.2
AVG. MINIMUM 56.6 60.7 -4.1 63.5
MEAN 68.8 72.0 -3.3 75.4
DAYS MAX >= 90 0 4.8 -4.8 10
DAYS MAX <= 32 0 0.0 0.0 0
DAYS MIN <= 32 0 0.0 0.0 0
DAYS MIN <= 0 0 0.0 0.0 0
PRECIPITATION (INCHES)
RECORD
MAXIMUM 9.97 1989
MINIMUM 0.47 1986
TOTALS 4.33 3.82 0.51 2.16
DAYS >= .01 12 10.9 1.1 11
DAYS >= .10 7 6.9 0.1 4
DAYS >= .50 4 2.5 1.5 2
DAYS >= 1.00 1 0.9 0.1 0
GREATEST
24 HR. TOTAL 1.21 0.85
SNOWFALL (INCHES)
TOTALS 0.0 0.0 0.0 0.0
DAYS >= TRACE 0 0.0 0.0 0
DAYS >= 1.0 0 0.0 0.0 0
GREATEST
24 HR TOTAL MM MM
DEGREE DAYS
HEATING TOTAL 15 12 3 0
COOLING TOTAL 136 221 -85 317
..............................................................
WIND (MPH)
AVERAGE WIND SPEED 4.5
RESULTANT WIND SPEED/DIRECTION 1/060
HIGHEST WIND SPEED/DIRECTION 28/030 DATE 06/21
HIGHEST GUST SPEED/DIRECTION 37/040 DATE 06/21
SKY COVER
AVERAGE SKY COVER 0.34
AVERAGE RH (PERCENT) 71
WEATHER CONDITIONS. NUMBER OF DAYS WITH
THUNDERSTORM 6 MIXED PRECIP 0
HEAVY RAIN 5 RAIN 6
LIGHT RAIN 13 FREEZING RAIN 0
LT FREEZING RAIN 0 HAIL 0
HEAVY SNOW 0 SNOW 0
LIGHT SNOW 0 SLEET 0
FOG 17 FOG W/VIS <= 1/4 MILE 3
HAZE 6
- INDICATES NEGATIVE NUMBERS.
R INDICATES RECORD WAS SET OR TIED.
MM INDICATES DATA IS MISSING.
T INDICATES TRACE AMOUNT.
$$