000
CXUS54 KLZK 091520
CF6LZK
PRELIMINARY LOCAL CLIMATOLOGICAL DATA (WS FORM: F-6)
STATION: NORTH LITTLE ROCK
MONTH: AUGUST
YEAR: 2021
LATITUDE: 34 50 N
LONGITUDE: 92 16 W
TEMPERATURE IN F: :PCPN: SNOW: WIND :SUNSHINE: SKY :PK WND
================================================================================
1 2 3 4 5 6A 6B 7 8 9 10 11 12 13 14 15 16 17 18
12Z AVG MX 2MIN
DY MAX MIN AVG DEP HDD CDD WTR SNW DPTH SPD SPD DIR MIN PSBL S-S WX SPD DR
================================================================================
1 88 72 80 -2 0 15 0.00 0.0 0 5.3 12 60 M M M 15 60
2 89 70 80 -2 0 15 0.03 0.0 0 4.9 15 40 M M 0 23 40
3 87 67 77 -5 0 12 0.00 0.0 0 5.4 15 40 M M 0 23 40
4 86 65 76 -6 0 11 0.00 0.0 0 5.0 10 90 M M M 16 90
5 88 65 77 -5 0 12 0.00 0.0 0 3.5 12 130 M M 0 15 150
6 85 68 77 -5 0 12 1.15 0.0 0 3.0 25 60 M M 0 3 35 60
7 90 71 81 -1 0 16 0.00 0.0 0 4.6 9 220 M M M 8 20 150
8 92 74 83 1 0 18 T 0.0 0 6.0 12 220 M M M 22 180
9 93 76 85 3 0 20 0.00 0.0 0 7.3 14 200 M M M 23 240
10 95 76 86 4 0 21 0.00 0.0 0 7.1 13 200 M M M 24 180
11 95 76 86 4 0 21 0.00 0.0 0 6.4 11 220 M M M 20 220
12 97 75 86 4 0 21 0.00 0.0 0 5.8 10 200 M M M 19 150
13 94 74 84 3 0 19 0.00 0.0 0 4.5 19 130 M M M 3 28 130
14 86 71 79 -2 0 14 0.00 0.0 0 3.5 12 110 M M M 17 90
15 86 69 78 -3 0 13 0.22 0.0 0 4.1 14 90 M M 0 13 20 60
16 90 67 79 -2 0 14 0.00 0.0 0 5.5 12 90 M M M 19 90
17 90 69 80 -1 0 15 0.13 0.0 0 4.6 14 120 M M M 21 120
18 85 72 79 -2 0 14 0.01 0.0 0 3.9 8 120 M M 0 12 180
19 86 72 79 -2 0 14 0.20 0.0 0 4.9 10 210 M M 0 15 170
20 89 72 81 1 0 16 0.00 0.0 0 7.4 12 220 M M M 17 210
21 92 76 84 4 0 19 0.00 0.0 0 6.1 10 240 M M M 20 230
22 93 75 84 4 0 19 0.00 0.0 0 2.7 8 200 M M M 15 180
23 97 74 86 6 0 21 0.00 0.0 0 4.1 9 200 M M M 17 230
24 97 74 86 6 0 21 0.00 0.0 0 4.0 10 170 M M M 16 150
25 98 75 87 7 0 22 0.00 0.0 0 3.2 8 120 M M M 3 16 130
26 97 74 86 6 0 21 0.00 0.0 0 5.4 12 120 M M M 18 140
27 93 74 84 5 0 19 0.00 0.0 0 6.8 12 160 M M M 19 150
28 92 72 82 3 0 17 0.01 0.0 0 7.1 12 160 M M M 20 140
29 94 74 84 5 0 19 0.00 0.0 0 7.1 12 110 M M 0 18 100
30 88 71 80 1 0 15 0.00 0.0 0 11.1 17 70 M M 3 25 70
31 93 68 81 3 0 16 0.00 0.0 0 8.0 12 320 M M 1 18 330
================================================================================
SM 2825 2228 0 522 1.75 0.0 168.3 M 4
================================================================================
AV 91.1 71.9 5.4 FASTST M M 0 MAX(MPH)
MISC ----> 25 60 35 60
================================================================================
NOTES:
# LAST OF SEVERAL OCCURRENCES
COLUMN 17 PEAK WIND IN M.P.H.
PRELIMINARY LOCAL CLIMATOLOGICAL DATA (WS FORM: F-6) , PAGE 2
STATION: NORTH LITTLE ROCK
MONTH: AUGUST
YEAR: 2021
LATITUDE: 34 50 N
LONGITUDE: 92 16 W
[TEMPERATURE DATA] [PRECIPITATION DATA] SYMBOLS USED IN COLUMN 16
AVERAGE MONTHLY: 81.5 TOTAL FOR MONTH: 1.75 1 = FOG OR MIST
DPTR FM NORMAL: 0.7 DPTR FM NORMAL: -1.82 2 = FOG REDUCING VISIBILITY
HIGHEST: 98 ON 25 GRTST 24HR 1.15 ON 6- 6 TO 1/4 MILE OR LESS
LOWEST: 65 ON 5, 4 3 = THUNDER
SNOW, ICE PELLETS, HAIL 4 = ICE PELLETS
TOTAL MONTH: 0.0 INCH 5 = HAIL
GRTST 24HR 0.0 6 = FREEZING RAIN OR DRIZZLE
GRTST DEPTH: 0 7 = DUSTSTORM OR SANDSTORM:
VSBY 1/2 MILE OR LESS
8 = SMOKE OR HAZE
[NO. OF DAYS WITH] [WEATHER - DAYS WITH] 9 = BLOWING SNOW
X = TORNADO
MAX 32 OR BELOW: 0 0.01 INCH OR MORE: 7
MAX 90 OR ABOVE: 19 0.10 INCH OR MORE: 4
MIN 32 OR BELOW: 0 0.50 INCH OR MORE: 1
MIN 0 OR BELOW: 0 1.00 INCH OR MORE: 1
[HDD (BASE 65) ]
TOTAL THIS MO. 0 CLEAR (SCALE 0-3) 9
DPTR FM NORMAL 0 PTCLDY (SCALE 4-7) 1
TOTAL FM JUL 1 0 CLOUDY (SCALE 8-10) 21
DPTR FM NORMAL 0
[CDD (BASE 65) ]
TOTAL THIS MO. 522
DPTR FM NORMAL 34 [PRESSURE DATA]
TOTAL FM JAN 1 1557 HIGHEST SLP M ON M
DPTR FM NORMAL -87 LOWEST SLP 29.62 ON 31
[REMARKS]
#FINAL-08-21#