000
CXUS54 KLZK 011729
CF6M19
PRELIMINARY LOCAL CLIMATOLOGICAL DATA (WS FORM: F-6)
STATION: NEWPORT AIRPORT
MONTH: JULY
YEAR: 2023
LATITUDE: 35 35 N
LONGITUDE: 91 16 W
TEMPERATURE IN F: :PCPN: SNOW: WIND :SUNSHINE: SKY :PK WND
================================================================================
1 2 3 4 5 6A 6B 7 8 9 10 11 12 13 14 15 16 17 18
12Z AVG MX 2MIN
DY MAX MIN AVG DEP HDD CDD WTR SNW DPTH SPD SPD DIR MIN PSBL S-S WX SPD DR
================================================================================
1 97 77 87 6 0 22 0.00 M M 10.5 22 210 M M 1 3 35 280
2 97 75 86 5 0 21 0.13 M M 10.6 28 270 M M 1 3 36 270
3 93 71 82 1 0 17 0.00 M M 4.7 15 180 M M 1 21 180
4 90 72 81 0 0 16 0.25 M M 8.4 17 140 M M 1 13 25 170
5 93 70 82 1 0 17 0.29 M M 5.0 47 290 M M 4 13 62 290
6 91 71 81 0 0 16 2.07 M M 5.2 20 270 M M 6 13 36 290
7 86 72 79 -2 0 14 0.02 M M 6.4 13 150 M M 5 M M
8 88 74 81 0 0 16 0.00 M M 8.2 15 190 M M 2 1 18 310
9 76 66 71 -10 0 6 0.47 M M 8.2 17 20 M M 8 13 M M
10 83 62 73 -8 0 8 0.00 M M 3.7 7 40 M M 0 M M
11 84 63 74 -7 0 9 0.00 M M 3.9 8 100 M M 0 12 M M
12 89 71 80 -1 0 15 0.00 M M 7.7 15 180 M M 5 1 M M
13 88 72 80 -1 0 15 0.00 M M 7.9 21 220 M M 4 13 40 310
14 90 74 82 1 0 17 0.00 M M 5.9 15 290 M M 4 13 21 290
15 90 70 80 -1 0 15 0.00 M M 8.0 15 260 M M 2 3 17 270
16 90 71 81 0 0 16 0.01 M M 4.3 7 300 M M 0 1 M M
17 90 71 81 0 0 16 0.00 M M 6.8 13 290 M M 0 1 M M
18 93 75 84 3 0 19 0.00 M M 9.0 25 50 M M 2 13 32 50
19 91 77 84 3 0 19 0.00 M M 11.7 17 200 M M 0 3 M M
20 94 78 86 5 0 21 0.00 M M 6.6 12 220 M M 2 M M
21 82 69 76 -5 0 11 0.00 M M 6.3 28 290 M M 5 13 37 290
22 85 66 76 -5 0 11 0.00 M M 4.5 9 30 M M 3 8 M M
23 90 68 79 -2 0 14 0.00 M M 5.4 9 170 M M 1 M M
24 92 69 81 0 0 16 0.00 M M 6.9 14 210 M M 0 1 M M
25 91 71 81 0 0 16 0.00 M M 9.5 16 210 M M 0 M M
26 91 74 83 2 0 18 0.00 M M 10.2 18 200 M M 0 8 M M
27 95 76 86 5 0 21 0.00 M M 9.8 14 180 M M 0 M M
28 95 73 84 3 0 19 0.00 M M 9.6 18 200 M M 0 1 M M
29 96 74 85 4 0 20 0.00 M M 6.9 30 330 M M 0 46 340
30 90 71 81 0 0 16 0.00 M M 5.2 9 60 M M 2 1 M M
31 90 71 81 0 0 16 0.00 M M 4.3 25 290 M M 0 12 41 290
================================================================================
SM 2790 2214 0 493 3.24 M 221.3 M 59
================================================================================
AV 90.0 71.4 7.1 FASTST M M 2 MAX(MPH)
MISC ----> 47 290 62 290
================================================================================
NOTES:
# LAST OF SEVERAL OCCURRENCES
COLUMN 17 PEAK WIND IN M.P.H.
PRELIMINARY LOCAL CLIMATOLOGICAL DATA (WS FORM: F-6) , PAGE 2
STATION: NEWPORT AIRPORT
MONTH: JULY
YEAR: 2023
LATITUDE: 35 35 N
LONGITUDE: 91 16 W
[TEMPERATURE DATA] [PRECIPITATION DATA] SYMBOLS USED IN COLUMN 16
AVERAGE MONTHLY: 80.7 TOTAL FOR MONTH: 3.24 1 = FOG OR MIST
DPTR FM NORMAL: -0.5 DPTR FM NORMAL: -0.64 2 = FOG REDUCING VISIBILITY
HIGHEST: 97 ON 2, 1 GRTST 24HR 2.07 ON 6- 6 TO 1/4 MILE OR LESS
LOWEST: 62 ON 10 3 = THUNDER
SNOW, ICE PELLETS, HAIL 4 = ICE PELLETS
TOTAL MONTH: M 5 = HAIL
GRTST 24HR M ON M 6 = FREEZING RAIN OR DRIZZLE
GRTST DEPTH: M ON M 7 = DUSTSTORM OR SANDSTORM:
VSBY 1/2 MILE OR LESS
8 = SMOKE OR HAZE
[NO. OF DAYS WITH] [WEATHER - DAYS WITH] 9 = BLOWING SNOW
X = TORNADO
MAX 32 OR BELOW: 0 0.01 INCH OR MORE: 7
MAX 90 OR ABOVE: 22 0.10 INCH OR MORE: 5
MIN 32 OR BELOW: 0 0.50 INCH OR MORE: 1
MIN 0 OR BELOW: 0 1.00 INCH OR MORE: 1
[HDD (BASE 65) ]
TOTAL THIS MO. 0 CLEAR (SCALE 0-3) 23
DPTR FM NORMAL 0 PTCLDY (SCALE 4-7) 8
TOTAL FM JUL 1 0 CLOUDY (SCALE 8-10) 0
DPTR FM NORMAL 0
[CDD (BASE 65) ]
TOTAL THIS MO. 493
DPTR FM NORMAL -8 [PRESSURE DATA]
TOTAL FM JAN 1 1169 HIGHEST SLP M ON M
DPTR FM NORMAL 59 LOWEST SLP M ON M
[REMARKS]
#FINAL-07-23#