000
CXUS54 KLZK 011230
CF6M19
PRELIMINARY LOCAL CLIMATOLOGICAL DATA (WS FORM: F-6)
STATION: NEWPORT AIRPORT
MONTH: OCTOBER
YEAR: 2022
LATITUDE: 35 35 N
LONGITUDE: 91 16 W
TEMPERATURE IN F: :PCPN: SNOW: WIND :SUNSHINE: SKY :PK WND
================================================================================
1 2 3 4 5 6A 6B 7 8 9 10 11 12 13 14 15 16 17 18
12Z AVG MX 2MIN
DY MAX MIN AVG DEP HDD CDD WTR SNW DPTH SPD SPD DIR MIN PSBL S-S WX SPD DR
================================================================================
1 79 45 62 -4 3 0 0.00 M M 7.7 13 20 M M 0 17 20
2 81 48 65 -1 0 0 0.00 M M 8.4 14 30 M M 0 8 20 20
3 79 50 65 -1 0 0 0.00 M M 8.8 14 30 M M 0 8 18 20
4 78 46 62 -3 3 0 0.00 M M 5.4 8 60 M M 0 8 M M
5 80 44 62 -3 3 0 T M M 3.2 7 60 M M 1 8 M M
6 85 49 67 3 0 2 0.00 M M 6.1 13 310 M M 0 M M
7 78 52 65 1 0 0 0.00 M M 9.1 15 30 M M 1 8 16 340
8 68 44 56 -8 9 0 0.00 M M 7.2 15 30 M M 0 8 16 10
9 77 43 60 -3 5 0 0.00 M M 4.2 9 200 M M 3 M M
10 83 51 67 4 0 2 0.00 M M 4.1 9 150 M M 2 M M
11 83 54 69 6 0 4 T M M 11.8 23 170 M M 1 23 210
12 74 56 65 3 0 0 T M M 10.0 23 140 M M 3 3 32 310
13 74 49 62 0 3 0 0.00 M M 9.8 22 290 M M 0 28 290
14 82 40 61 -1 4 0 0.00 M M 10.3 18 260 M M 0 24 260
15 78 52 65 4 0 0 T M M 5.8 18 140 M M 2 138 30 140
16 73 54 64 3 1 0 0.83 M M 8.4 16 310 M M 5 1 22 310
17 61 38 50 -11 15 0 0.00 M M 12.3 18 310 M M 0 27 300
18 53 31 42 -18 23 0 0.00 M M 10.0 17 320 M M 0 22 320
19 57 29 43 -17 22 0 0.00 M M 5.8 14 280 M M 0 M M
20 70 31 51 -9 14 0 0.00 M M 9.1 17 220 M M 0 M M
21 79 39 59 -1 6 0 0.00 M M 9.0 17 180 M M 0 18 170
22 80 54 67 8 0 2 0.00 M M 17.5 27 190 M M 1 8 33 200
23 81 63 72 13 0 7 0.00 M M 19.9 29 180 M M 3 36 190
24 82 63 73 15 0 8 0.00 M M 18.0 25 170 M M 4 8 33 150
25 74 45 60 2 5 0 0.45 M M 18.7 28 160 M M 8 40 190
26 65 41 53 -5 12 0 0.00 M M 7.7 16 350 M M 0 8 22 350
27 66 38 52 -6 13 0 0.00 M M 8.8 14 70 M M 0 8 17 60
28 69 40 55 -2 10 0 0.00 M M 9.9 14 30 M M 0 M M
29 66 53 60 3 5 0 0.93 M M 11.7 28 50 M M 7 1 38 50
30 66 58 62 5 3 0 0.04 M M 7.4 16 200 M M 10 1 M M
31 73 53 63 7 2 0 0.00 M M 7.1 14 300 M M 3 1 M M
================================================================================
SM 2294 1453 161 25 2.25 M 293.2 M 54
================================================================================
AV 74.0 46.9 9.5 FASTST M M 2 MAX(MPH)
MISC ----> 29 180 40 190
================================================================================
NOTES:
# LAST OF SEVERAL OCCURRENCES
COLUMN 17 PEAK WIND IN M.P.H.
PRELIMINARY LOCAL CLIMATOLOGICAL DATA (WS FORM: F-6) , PAGE 2
STATION: NEWPORT AIRPORT
MONTH: OCTOBER
YEAR: 2022
LATITUDE: 35 35 N
LONGITUDE: 91 16 W
[TEMPERATURE DATA] [PRECIPITATION DATA] SYMBOLS USED IN COLUMN 16
AVERAGE MONTHLY: 60.4 TOTAL FOR MONTH: 2.25 1 = FOG OR MIST
DPTR FM NORMAL: -0.7 DPTR FM NORMAL: -1.93 2 = FOG REDUCING VISIBILITY
HIGHEST: 85 ON 6 GRTST 24HR 0.93 ON 29-29 TO 1/4 MILE OR LESS
LOWEST: 29 ON 19 3 = THUNDER
SNOW, ICE PELLETS, HAIL 4 = ICE PELLETS
TOTAL MONTH: M 5 = HAIL
GRTST 24HR M ON M 6 = FREEZING RAIN OR DRIZZLE
GRTST DEPTH: M ON M 7 = DUSTSTORM OR SANDSTORM:
VSBY 1/2 MILE OR LESS
8 = SMOKE OR HAZE
[NO. OF DAYS WITH] [WEATHER - DAYS WITH] 9 = BLOWING SNOW
X = TORNADO
MAX 32 OR BELOW: 0 0.01 INCH OR MORE: 4
MAX 90 OR ABOVE: 0 0.10 INCH OR MORE: 3
MIN 32 OR BELOW: 3 0.50 INCH OR MORE: 2
MIN 0 OR BELOW: 0 1.00 INCH OR MORE: 0
[HDD (BASE 65) ]
TOTAL THIS MO. 161 CLEAR (SCALE 0-3) 25
DPTR FM NORMAL -11 PTCLDY (SCALE 4-7) 5
TOTAL FM JUL 1 177 CLOUDY (SCALE 8-10) 1
DPTR FM NORMAL -18
[CDD (BASE 65) ]
TOTAL THIS MO. 25
DPTR FM NORMAL -27 [PRESSURE DATA]
TOTAL FM JAN 1 1961 HIGHEST SLP M ON M
DPTR FM NORMAL 85 LOWEST SLP M ON M
[REMARKS]
#FINAL-10-22#