465
CXUS54 KLZK 011130
CF6M19
PRELIMINARY LOCAL CLIMATOLOGICAL DATA (WS FORM: F-6)
STATION: NEWPORT AIRPORT
MONTH: MARCH
YEAR: 2021
LATITUDE: 35 35 N
LONGITUDE: 91 16 W
TEMPERATURE IN F: :PCPN: SNOW: WIND :SUNSHINE: SKY :PK WND
================================================================================
1 2 3 4 5 6A 6B 7 8 9 10 11 12 13 14 15 16 17 18
12Z AVG MX 2MIN
DY MAX MIN AVG DEP HDD CDD WTR SNW DPTH SPD SPD DIR MIN PSBL S-S WX SPD DR
================================================================================
1 50 38 44 -2 21 0 0.00 M M 10.8 18 350 M M 0 23 340
2 47 30 39 -7 26 0 0.00 M M 4.9 9 180 M M 3 M M
3 65 30 48 2 17 0 0.00 M M 7.3 10 160 M M 0 M M
4 71 38 55 8 10 0 T M M 5.0 9 220 M M 0 8 M M
5 52 39 46 -1 19 0 T M M 14.2 20 20 M M 6 8 M M
6 56 31 44 -4 21 0 T M M 6.3 13 20 M M 0 8 M M
7 63 32 48 0 17 0 T M M 5.3 12 150 M M 0 18 M M
8 67 37 52 4 13 0 0.00 M M 7.9 16 200 M M 0 21 200
9 69 43 56 8 9 0 0.00 M M 12.8 23 200 M M 2 29 200
10 71 54 63 14 2 0 0.00 M M 15.7 26 190 M M 8 38 190
11 72 59 66 17 0 1 0.00 M M 14.8 30 200 M M 7 38 190
12 62 50 56 6 9 0 0.07 M M 11.4 20 20 M M 9 1 M M
13 55 50 53 3 12 0 0.49 M M 11.6 18 20 M M 10 1 M M
14 65 51 58 8 7 0 0.29 0.0 M 10.0 22 260 M M 8 1 36 270
15 73 50 62 12 3 0 0.61 0.0 M 9.8 20 210 M M 4 1 25 210
16 72 47 60 9 5 0 0.00 0.0 M 6.3 10 80 M M 0 8 M M
17 64 55 60 9 5 0 2.14 0.0 0 9.9 21 180 M M 7 13 24 180
18 58 43 51 0 14 0 T 0.0 0 20.2 27 280 M M 9 38 290
19 54 41 48 -4 17 0 T 0.0 0 14.4 21 30 M M 5 27 340
20 61 36 49 -3 16 0 0.00 M M 7.2 13 360 M M 2 M M
21 67 37 52 0 13 0 0.00 M M 6.3 14 160 M M 1 12 16 170
22 70 43 57 4 8 0 0.00 M M 10.4 23 170 M M 2 28 170
23 71 54 63 10 2 0 0.74 M M 14.4 27 170 M M 7 1 35 150
24 76 46 61 8 4 0 0.00 M M 8.9 14 200 M M 0 1 21 210
25 64 50 57 3 8 0 0.99 M M 10.6 21 300 M M 7 13 32 60
26 67 43 55 1 10 0 T M M 4.9 9 100 M M 0 M M
27 77 49 63 9 2 0 0.22 M M 6.8 20 330 M M 6 138 39 340
28 62 47 55 0 10 0 0.00 M M 15.1 29 340 M M 2 39 340
29 67 38 53 -2 12 0 0.00 M M 9.4 17 160 M M 0 21 190
30 65 45 55 0 10 0 0.58 M M 8.5 16 180 M M 7 1 M M
31 60 40 50 -6 15 0 T M M 13.6 18 360 M M 5 25 350
================================================================================
SM 1993 1346 337 1 6.13 0.0 314.6 M 117
================================================================================
AV 64.3 43.4 10.1 FASTST M M 4 MAX(MPH)
MISC ----> 30 200 # 39 340
================================================================================
NOTES:
# LAST OF SEVERAL OCCURRENCES
COLUMN 17 PEAK WIND IN M.P.H.
PRELIMINARY LOCAL CLIMATOLOGICAL DATA (WS FORM: F-6) , PAGE 2
STATION: NEWPORT AIRPORT
MONTH: MARCH
YEAR: 2021
LATITUDE: 35 35 N
LONGITUDE: 91 16 W
[TEMPERATURE DATA] [PRECIPITATION DATA] SYMBOLS USED IN COLUMN 16
AVERAGE MONTHLY: 53.9 TOTAL FOR MONTH: 6.13 1 = FOG OR MIST
DPTR FM NORMAL: 3.2 DPTR FM NORMAL: 1.57 2 = FOG REDUCING VISIBILITY
HIGHEST: 77 ON 27 GRTST 24HR 2.14 ON 17-17 TO 1/4 MILE OR LESS
LOWEST: 30 ON 3, 2 3 = THUNDER
SNOW, ICE PELLETS, HAIL 4 = ICE PELLETS
TOTAL MONTH: 0.0 INCH 5 = HAIL
GRTST 24HR 0.0 6 = FREEZING RAIN OR DRIZZLE
GRTST DEPTH: 0 7 = DUSTSTORM OR SANDSTORM:
VSBY 1/2 MILE OR LESS
8 = SMOKE OR HAZE
[NO. OF DAYS WITH] [WEATHER - DAYS WITH] 9 = BLOWING SNOW
X = TORNADO
MAX 32 OR BELOW: 0 0.01 INCH OR MORE: 9
MAX 90 OR ABOVE: 0 0.10 INCH OR MORE: 8
MIN 32 OR BELOW: 4 0.50 INCH OR MORE: 5
MIN 0 OR BELOW: 0 1.00 INCH OR MORE: 1
[HDD (BASE 65) ]
TOTAL THIS MO. 337 CLEAR (SCALE 0-3) 16
DPTR FM NORMAL -112 PTCLDY (SCALE 4-7) 12
TOTAL FM JUL 1 3358 CLOUDY (SCALE 8-10) 3
DPTR FM NORMAL -45
[CDD (BASE 65) ]
TOTAL THIS MO. 1
DPTR FM NORMAL -6 [PRESSURE DATA]
TOTAL FM JAN 1 1 HIGHEST SLP M ON M
DPTR FM NORMAL -6 LOWEST SLP M ON M
[REMARKS]
#FINAL-03-21#