000
CXUS56 KHNX 011633
CF6MAE
PRELIMINARY LOCAL CLIMATOLOGICAL DATA (WS FORM: F-6)
STATION: MADERA CA AIRPORT
MONTH: JULY
YEAR: 2022
LATITUDE: 36 58 N
LONGITUDE: 120 7 W
TEMPERATURE IN F: :PCPN: SNOW: WIND :SUNSHINE: SKY :PK WND
================================================================================
1 2 3 4 5 6A 6B 7 8 9 10 11 12 13 14 15 16 17 18
12Z AVG MX 2MIN
DY MAX MIN AVG DEP HDD CDD WTR SNW DPTH SPD SPD DIR MIN PSBL S-S WX SPD DR
================================================================================
1 95 57 76 -3 0 11 0.00 0.0 0 7.0 13 290 M M 0 17 290
2 91 57 74 -5 0 9 0.00 0.0 0 9.6 16 300 M M 0 21 310
3 85 53 69 -10 0 4 0.00 0.0 0 9.4 17 330 M M 0 8 22 340
4 89 53 71 -8 0 6 0.00 0.0 0 7.9 13 340 M M 0 18 290
5 92 63 78 -2 0 13 0.00 0.0 0 9.7 17 290 M M 0 23 280
6 89 63 76 -4 0 11 0.00 0.0 0 10.0 18 330 M M 0 24 330
7 92 60 76 -4 0 11 0.00 0.0 0 8.3 13 300 M M 0 16 270
8 97 61 79 -1 0 14 0.00 0.0 0 7.3 12 300 M M 0 15 290
9 96 62 79 -1 0 14 0.00 0.0 0 9.0 20 330 M M 0 22 340
10 100 59 80 0 0 15 0.00 0.0 0 6.1 13 280 M M 0 16 280
11 104 65 85 5 0 20 0.00 0.0 0 5.3 12 310 M M 0 15 330
12 102 65 84 4 0 19 0.00 0.0 0 7.4 14 300 M M 0 19 280
13 97 62 80 0 0 15 0.00 0.0 0 7.4 13 290 M M 0 17 290
14 102 64 83 3 0 18 0.00 0.0 0 7.8 15 300 M M 0 18 290
15 102 63 83 3 0 18 0.00 0.0 0 7.8 14 300 M M 0 19 300
16 106 64 85 4 0 20 0.00 0.0 0 6.5 13 280 M M 0 17 270
17 107 68 88 7 0 23 0.00 0.0 0 7.1 14 310 M M 0 17 320
18 103 70 87 6 0 22 0.00 0.0 0 4.7 12 190 M M 0 17 170
19 104 70 87 6 0 22 0.00 0.0 0 7.8 14 310 M M 0 19 280
20 105 64 85 4 0 20 0.00 0.0 0 7.6 14 300 M M 0 17 290
21 103 64 84 3 0 19 0.00 0.0 0 8.2 16 310 M M 0 21 310
22 103 61 82 1 0 17 0.00 0.0 0 9.2 18 300 M M 0 24 290
23 100 60 80 0 0 15 0.00 0.0 0 6.3 12 290 M M 0 15 300
24 102 59 81 1 0 16 0.00 0.0 0 6.1 12 300 M M 0 15 310
25 100 62 81 1 0 16 0.00 0.0 0 6.6 12 290 M M 0 16 290
26 100 63 82 2 0 17 0.00 0.0 0 7.5 14 300 M M 0 18 290
27 98 61 80 0 0 15 0.00 0.0 0 7.8 14 330 M M 0 18 270
28 100 64 82 2 0 17 0.00 0.0 0 6.2 12 290 M M 0 14 330
29 100 66 83 3 0 18 0.00 0.0 0 6.0 10 280 M M 0 13 290
30 100 72 86 6 0 21 0.00 0.0 0 6.9 12 290 M M 0 16 300
31 98 71 85 5 0 20 0.00 0.0 0 6.2 12 300 M M 0 16 310
================================================================================
SM 3062 1946 0 496 0.00 0.0 230.7 M 0
================================================================================
AV 98.8 62.8 7.4 FASTST M M 0 MAX(MPH)
MISC ----> 20 330 # 24 330
================================================================================
NOTES:
# LAST OF SEVERAL OCCURRENCES
COLUMN 17 PEAK WIND IN M.P.H.
PRELIMINARY LOCAL CLIMATOLOGICAL DATA (WS FORM: F-6) , PAGE 2
STATION: MADERA CA AIRPORT
MONTH: JULY
YEAR: 2022
LATITUDE: 36 58 N
LONGITUDE: 120 7 W
[TEMPERATURE DATA] [PRECIPITATION DATA] SYMBOLS USED IN COLUMN 16
AVERAGE MONTHLY: 80.8 TOTAL FOR MONTH: 0.00 1 = FOG OR MIST
DPTR FM NORMAL: 0.6 DPTR FM NORMAL: -0.01 2 = FOG REDUCING VISIBILITY
HIGHEST: 107 ON 17 GRTST 24HR T ON 16-16 TO 1/4 MILE OR LESS
LOWEST: 53 ON 3, 4 3 = THUNDER
SNOW, ICE PELLETS, HAIL 4 = ICE PELLETS
TOTAL MONTH: 0.0 INCH 5 = HAIL
GRTST 24HR 0.0 6 = FREEZING RAIN OR DRIZZLE
GRTST DEPTH: 0 7 = DUSTSTORM OR SANDSTORM:
VSBY 1/2 MILE OR LESS
8 = SMOKE OR HAZE
[NO. OF DAYS WITH] [WEATHER - DAYS WITH] 9 = BLOWING SNOW
X = TORNADO
MAX 32 OR BELOW: 0 0.01 INCH OR MORE: 0
MAX 90 OR ABOVE: 28 0.10 INCH OR MORE: 0
MIN 32 OR BELOW: 0 0.50 INCH OR MORE: 0
MIN 0 OR BELOW: 0 1.00 INCH OR MORE: 0
[HDD (BASE 65) ]
TOTAL THIS MO. 0 CLEAR (SCALE 0-3) 31
DPTR FM NORMAL 0 PTCLDY (SCALE 4-7) 0
TOTAL FM JUL 1 0 CLOUDY (SCALE 8-10) 0
DPTR FM NORMAL 0
[CDD (BASE 65) ]
TOTAL THIS MO. 496
DPTR FM NORMAL 26 [PRESSURE DATA]
TOTAL FM JAN 1 990 HIGHEST SLP 30.10 ON 9
DPTR FM NORMAL 47 LOWEST SLP 29.69 ON 17
[REMARKS]
#FINAL-07-22#