000
CXUS52 KTAE 010900
CF6MAI
PRELIMINARY LOCAL CLIMATOLOGICAL DATA (WS FORM: F-6)
STATION: MARIANNA
MONTH: FEBRUARY
YEAR: 2022
LATITUDE: 30 50 N
LONGITUDE: 85 11 W
TEMPERATURE IN F: :PCPN: SNOW: WIND :SUNSHINE: SKY :PK WND
================================================================================
1 2 3 4 5 6A 6B 7 8 9 10 11 12 13 14 15 16 17 18
12Z AVG MX 2MIN
DY MAX MIN AVG DEP HDD CDD WTR SNW DPTH SPD SPD DIR MIN PSBL S-S WX SPD DR
================================================================================
1 68 34 51 -2 14 0 0.00 0.0 0 4.5 15 150 M M 0 22 160
2 74 47 61 8 4 0 T 0.0 0 8.2 22 160 M M 1 8 30 150
3 72 62 67 14 0 2 0.00 0.0 0 13.7 22 170 M M 8 31 170
4 71 40 56 3 9 0 0.87 0.0 0 10.8 21 310 M M 10 13 26 310
5 52 35 44 -10 21 0 T 0.0 0 10.0 20 20 M M 2 29 340
6 60 32 46 -8 19 0 0.00 0.0 0 8.3 17 60 M M 5 21 90
7 52 44 48 -6 17 0 0.10 0.0 0 4.3 10 320 M M 8 12 310
8 57 34 46 -8 19 0 0.00 0.0 0 4.0 12 350 M M 0 1 23 360
9 64 30 47 -7 18 0 0.00 0.0 0 2.3 12 330 M M 0 15 310
10 69 33 51 -3 14 0 0.00 0.0 0 2.0 10 330 M M 0 14 310
11 69 36 53 -2 12 0 0.00 0.0 0 3.1 14 190 M M 3 16 190
12 66 48 57 2 8 0 0.00 0.0 0 2.0 8 60 M M 5 11 130
13 59 36 48 -7 17 0 T 0.0 0 10.3 24 320 M M 2 29 310
14 61 28 45 -10 20 0 0.00 0.0 0 2.9 13 360 M M 0 17 350
15 68 32 50 -6 15 0 0.00 0.0 M 4.2 16 80 M M 0 18 20 80
16 76 42 59 3 6 0 0.00 0.0 M 5.1 17 180 M M 1 25 160
17 78 51 65 9 0 0 0.01 0.0 M 12.9 25 190 M M 7 1 33 190
18 72 46 59 3 6 0 0.06 0.0 0 10.4 23 230 M M 6 13 28 220
19 63 36 50 -6 15 0 0.00 0.0 M 9.1 21 10 M M 0 27 30
20 71 35 53 -3 12 0 0.00 0.0 M 3.5 15 80 M M 0 19 80
21 71 47 59 2 6 0 T 0.0 0 2.9 9 210 M M 8 11 190
22 84 56 70 13 0 5 0.00 0.0 0 7.8 22 210 M M 3 12 29 190
23 82 55 69 12 0 4 0.00 0.0 0 5.4 13 220 M M 5 12 17 210
24 81 53 67 10 0 2 0.00 0.0 0 5.3 17 210 M M 5 1 21 210
25 83 56 70 12 0 5 0.00 0.0 0 6.3 15 340 M M 6 12 20 160
26 79 50 65 7 0 0 0.00 0.0 0 5.4 12 10 M M 0 22 290
27 82 49 66 8 0 1 T 0.0 0 7.3 17 310 M M 4 22 280
28 60 47 54 -4 11 0 0.00 0.0 0 7.4 15 20 M M 9 1 17 340
================================================================================
SM 1944 1194 263 19 1.04 0.0 179.4 M 98
================================================================================
AV 69.4 42.6 6.4 FASTST M M 4 MAX(MPH)
MISC ----> 25 190 33 190
================================================================================
NOTES:
# LAST OF SEVERAL OCCURRENCES
COLUMN 17 PEAK WIND IN M.P.H.
PRELIMINARY LOCAL CLIMATOLOGICAL DATA (WS FORM: F-6) , PAGE 2
STATION: MARIANNA
MONTH: FEBRUARY
YEAR: 2022
LATITUDE: 30 50 N
LONGITUDE: 85 11 W
[TEMPERATURE DATA] [PRECIPITATION DATA] SYMBOLS USED IN COLUMN 16
AVERAGE MONTHLY: 56.0 TOTAL FOR MONTH: 1.04 1 = FOG OR MIST
DPTR FM NORMAL: 0.6 DPTR FM NORMAL: -3.45 2 = FOG REDUCING VISIBILITY
HIGHEST: 84 ON 22 GRTST 24HR 0.87 ON 4- 4 TO 1/4 MILE OR LESS
LOWEST: 28 ON 14 3 = THUNDER
SNOW, ICE PELLETS, HAIL 4 = ICE PELLETS
TOTAL MONTH: 0.0 INCH 5 = HAIL
GRTST 24HR 0.0 6 = FREEZING RAIN OR DRIZZLE
GRTST DEPTH: 0 7 = DUSTSTORM OR SANDSTORM:
VSBY 1/2 MILE OR LESS
8 = SMOKE OR HAZE
[NO. OF DAYS WITH] [WEATHER - DAYS WITH] 9 = BLOWING SNOW
X = TORNADO
MAX 32 OR BELOW: 0 0.01 INCH OR MORE: 4
MAX 90 OR ABOVE: 0 0.10 INCH OR MORE: 2
MIN 32 OR BELOW: 4 0.50 INCH OR MORE: 1
MIN 0 OR BELOW: 0 1.00 INCH OR MORE: 0
[HDD (BASE 65) ]
TOTAL THIS MO. 263 CLEAR (SCALE 0-3) 13
DPTR FM NORMAL -22 PTCLDY (SCALE 4-7) 11
TOTAL FM JUL 1 1190 CLOUDY (SCALE 8-10) 4
DPTR FM NORMAL -118
[CDD (BASE 65) ]
TOTAL THIS MO. 19
DPTR FM NORMAL 2 [PRESSURE DATA]
TOTAL FM JAN 1 33 HIGHEST SLP 30.52 ON 15
DPTR FM NORMAL 5 LOWEST SLP 29.92 ON 18
[REMARKS]
#FINAL-02-22#