000
CXUS53 KDTX 010735
CF6MBS
PRELIMINARY LOCAL CLIMATOLOGICAL DATA (WS FORM: F-6)
STATION: TRI CITIES MI
MONTH: JANUARY
YEAR: 2023
LATITUDE: 43 31 N
LONGITUDE: 84 5 W
TEMPERATURE IN F: :PCPN: SNOW: WIND :SUNSHINE: SKY :PK WND
================================================================================
1 2 3 4 5 6A 6B 7 8 9 10 11 12 13 14 15 16 17 18
12Z AVG MX 2MIN
DY MAX MIN AVG DEP HDD CDD WTR SNW DPTH SPD SPD DIR MIN PSBL S-S WX SPD DR
================================================================================
1 42 31 37 12 28 0 0.10 0.2 0 6.3 12 260 M M 10 16 15 260
2 37 34 36 11 29 0 0.00 0.0 0 3.7 10 250 M M 10 18 13 270
3 38 34 36 11 29 0 0.29 0.0 0 11.6 22 40 M M 10 13 29 40
4 41 37 39 15 26 0 0.38 0.0 0 10.0 18 260 M M 10 1 27 270
5 38 33 36 12 29 0 0.09 0.2 0 6.7 16 230 M M 10 1 23 240
6 36 31 34 10 31 0 T T T 6.0 13 270 M M 10 1 15 270
7 33 30 32 8 33 0 T T 0 5.3 15 350 M M 10 1 20 330
8 31 28 30 6 35 0 0.00 0.0 0 8.1 15 270 M M 10 20 260
9 36 27 32 8 33 0 0.00 0.0 0 8.7 22 250 M M 6 18 32 240
10 38 32 35 12 30 0 0.00 0.0 0 8.1 14 40 M M 10 18 17 90
11 43 32 38 15 27 0 T 0.0 0 6.7 14 140 M M 8 18 19 140
12 40 32 36 13 29 0 0.00 0.0 0 11.4 23 350 M M 10 1 30 360
13 32 19 26 3 39 0 T T 0 14.6 22 350 M M 9 30 10
14 30 14 22 -1 43 0 0.00 0.0 0 5.7 14 330 M M 0 17 340
15 39 21 30 7 35 0 0.00 0.0 0 7.9 14 180 M M 2 20 200
16 42 26 34 11 31 0 0.14 0.0 0 10.1 17 130 M M 4 1 24 150
17 45 37 41 19 24 0 0.05 0.0 0 12.3 21 260 M M 10 1 31 250
18 39 34 37 15 28 0 0.00 0.0 0 7.5 16 290 M M 10 23 290
19 39 34 37 15 28 0 0.26 T 0 8.0 21 70 M M 10 1 28 80
20 39 29 34 12 31 0 0.06 0.3 0 9.2 18 280 M M 10 1 22 280
21 33 28 31 9 34 0 0.00 0.0 0 7.6 18 250 M M 10 1 22 250
22 33 29 31 9 34 0 0.06 1.0 0 3.2 14 220 M M 10 18 17 220
23 32 29 31 9 34 0 T T 1 12.9 26 230 M M 10 1 38 230
24 36 26 31 9 34 0 T T 0 10.1 23 250 M M 9 8 31 250
25 32 30 31 9 34 0 0.21 2.9 0 11.0 20 30 M M 10 12 25 30
26 32 26 29 7 36 0 0.04 0.9 3 7.5 16 320 M M 10 18 21 310
27 34 23 29 7 36 0 0.03 0.5 4 14.9 24 190 M M 8 18 36 190
28 34 22 28 6 37 0 0.11 2.5 3 10.3 31 280 M M 9 18 43 280
29 26 21 24 2 41 0 0.17 3.7 9 8.9 20 360 M M 10 1 27 360
30 22 6 14 -8 51 0 0.03 0.4 10 10.0 22 260 M M 8 18 29 240
31 14 -3 6 -16 59 0 T T 8 7.6 16 220 M M 2 8 20 220
================================================================================
SM 1086 832 1048 0 2.02 12.6 271.9 M 265
================================================================================
AV 35.0 26.8 8.8 FASTST M M 9 MAX(MPH)
MISC ----> 31 280 43 280
================================================================================
NOTES:
# LAST OF SEVERAL OCCURRENCES
COLUMN 17 PEAK WIND IN M.P.H.
PRELIMINARY LOCAL CLIMATOLOGICAL DATA (WS FORM: F-6) , PAGE 2
STATION: TRI CITIES MI
MONTH: JANUARY
YEAR: 2023
LATITUDE: 43 31 N
LONGITUDE: 84 5 W
[TEMPERATURE DATA] [PRECIPITATION DATA] SYMBOLS USED IN COLUMN 16
AVERAGE MONTHLY: 30.9 TOTAL FOR MONTH: 2.02 1 = FOG OR MIST
DPTR FM NORMAL: 7.9 DPTR FM NORMAL: 0.10 2 = FOG REDUCING VISIBILITY
HIGHEST: 45 ON 17 GRTST 24HR 1.15 ON 19-19 TO 1/4 MILE OR LESS
LOWEST: -3 ON 31 3 = THUNDER
SNOW, ICE PELLETS, HAIL 4 = ICE PELLETS
TOTAL MONTH: 12.6 INCHES 5 = HAIL
GRTST 24HR 3.7 ON 29-29 6 = FREEZING RAIN OR DRIZZLE
GRTST DEPTH: 10 ON 30 7 = DUSTSTORM OR SANDSTORM:
VSBY 1/2 MILE OR LESS
8 = SMOKE OR HAZE
[NO. OF DAYS WITH] [WEATHER - DAYS WITH] 9 = BLOWING SNOW
X = TORNADO
MAX 32 OR BELOW: 9 0.01 INCH OR MORE: 15
MAX 90 OR ABOVE: 0 0.10 INCH OR MORE: 8
MIN 32 OR BELOW: 24 0.50 INCH OR MORE: 0
MIN 0 OR BELOW: 1 1.00 INCH OR MORE: 0
[HDD (BASE 65) ]
TOTAL THIS MO. 1048 CLEAR (SCALE 0-3) 3
DPTR FM NORMAL -255 PTCLDY (SCALE 4-7) 4
TOTAL FM JUL 1 3382 CLOUDY (SCALE 8-10) 24
DPTR FM NORMAL -431
[CDD (BASE 65) ]
TOTAL THIS MO. 0
DPTR FM NORMAL 0 [PRESSURE DATA]
TOTAL FM JAN 1 0 HIGHEST SLP 30.45 ON 31
DPTR FM NORMAL 0 LOWEST SLP 29.45 ON 19
[REMARKS]
#FINAL-01-23#