000
CXUS53 KDTX 010635
CF6MBS
PRELIMINARY LOCAL CLIMATOLOGICAL DATA (WS FORM: F-6)
STATION: TRI CITIES MI
MONTH: AUGUST
YEAR: 2022
LATITUDE: 43 31 N
LONGITUDE: 84 5 W
TEMPERATURE IN F: :PCPN: SNOW: WIND :SUNSHINE: SKY :PK WND
================================================================================
1 2 3 4 5 6A 6B 7 8 9 10 11 12 13 14 15 16 17 18
12Z AVG MX 2MIN
DY MAX MIN AVG DEP HDD CDD WTR SNW DPTH SPD SPD DIR MIN PSBL S-S WX SPD DR
================================================================================
1 83 66 75 4 0 10 1.05 0.0 0 10.7 22 270 M M 4 13 30 260
2 78 58 68 -3 0 3 0.00 0.0 0 6.1 13 150 M M 2 20 350
3 81 68 75 4 0 10 0.33 0.0 0 10.3 20 170 M M 4 13 27 180
4 85 69 77 6 0 12 T 0.0 0 6.4 15 40 M M 6 1 20 50
5 84 69 77 6 0 12 0.00 0.0 0 6.5 13 30 M M 5 16 20
6 91 68 80 9 0 15 0.00 0.0 0 6.1 14 220 M M 3 12 20 190
7 87 75 81 10 0 16 0.05 0.0 0 9.1 17 220 M M 3 1 25 190
8 82 62 72 1 0 7 0.07 0.0 0 10.6 23 250 M M 10 1 35 250
9 77 57 67 -4 0 2 0.00 0.0 0 4.9 9 50 M M 2 12 90
10 83 56 70 0 0 5 0.00 0.0 0 7.4 15 250 M M 1 23 260
11 76 58 67 -3 0 2 0.00 0.0 0 8.0 16 40 M M 3 21 340
12 78 50 64 -6 1 0 0.00 0.0 0 4.9 12 180 M M 1 16 180
13 64 59 62 -8 3 0 T 0.0 0 4.1 13 300 M M 7 17 10
14 74 60 67 -3 0 2 0.00 0.0 0 4.9 12 60 M M 10 16 70
15 79 57 68 -2 0 3 0.00 0.0 0 8.9 17 40 M M 2 21 10
16 80 56 68 -2 0 3 0.00 0.0 0 9.7 21 40 M M 0 27 50
17 83 58 71 1 0 6 0.00 0.0 0 5.6 13 40 M M 0 19 40
18 84 58 71 1 0 6 0.00 0.0 0 5.7 14 250 M M 2 12 19 220
19 85 59 72 2 0 7 0.00 0.0 0 6.7 16 260 M M 2 23 230
20 81 63 72 3 0 7 1.00 0.0 0 6.6 25 300 M M 6 13 39 290
21 79 64 72 3 0 7 0.16 0.0 0 3.4 14 30 M M 6 13 19 20
22 82 62 72 3 0 7 0.00 0.0 0 7.3 14 260 M M 2 12 17 260
23 81 58 70 1 0 5 0.00 0.0 0 5.4 10 220 M M 1 13 240
24 85 61 73 4 0 8 0.63 0.0 0 6.9 28 350 M M 2 13 33 350
25 80 62 71 2 0 6 0.24 0.0 0 4.1 13 270 M M 5 1 16 270
26 78 60 69 1 0 4 0.03 0.0 0 6.9 16 340 M M 5 12 20 340
27 78 55 67 -1 0 2 0.00 0.0 0 3.8 10 170 M M 0 1 16 180
28 85 58 72 4 0 7 0.00 0.0 0 8.6 18 170 M M 1 24 170
29 84 65 75 7 0 10 0.31 0.0 0 12.3 40 260 M M 5 13 58 250
30 77 59 68 0 0 3 0.00 0.0 0 11.5 23 290 M M 4 31 280
31 81 57 69 2 0 4 0.00 0.0 0 12.1 25 270 M M 1 35 280
================================================================================
SM 2505 1887 4 191 3.87 0.0 225.5 M 105
================================================================================
AV 80.8 60.9 7.3 FASTST M M 3 MAX(MPH)
MISC ----> 40 260 58 250
================================================================================
NOTES:
# LAST OF SEVERAL OCCURRENCES
COLUMN 17 PEAK WIND IN M.P.H.
PRELIMINARY LOCAL CLIMATOLOGICAL DATA (WS FORM: F-6) , PAGE 2
STATION: TRI CITIES MI
MONTH: AUGUST
YEAR: 2022
LATITUDE: 43 31 N
LONGITUDE: 84 5 W
[TEMPERATURE DATA] [PRECIPITATION DATA] SYMBOLS USED IN COLUMN 16
AVERAGE MONTHLY: 70.8 TOTAL FOR MONTH: 3.87 1 = FOG OR MIST
DPTR FM NORMAL: 1.1 DPTR FM NORMAL: 0.02 2 = FOG REDUCING VISIBILITY
HIGHEST: 91 ON 6 GRTST 24HR 1.05 ON 1- 1 TO 1/4 MILE OR LESS
LOWEST: 50 ON 12 3 = THUNDER
SNOW, ICE PELLETS, HAIL 4 = ICE PELLETS
TOTAL MONTH: 0.0 INCH 5 = HAIL
GRTST 24HR 0.0 6 = FREEZING RAIN OR DRIZZLE
GRTST DEPTH: 0 7 = DUSTSTORM OR SANDSTORM:
VSBY 1/2 MILE OR LESS
8 = SMOKE OR HAZE
[NO. OF DAYS WITH] [WEATHER - DAYS WITH] 9 = BLOWING SNOW
X = TORNADO
MAX 32 OR BELOW: 0 0.01 INCH OR MORE: 10
MAX 90 OR ABOVE: 1 0.10 INCH OR MORE: 7
MIN 32 OR BELOW: 0 0.50 INCH OR MORE: 3
MIN 0 OR BELOW: 0 1.00 INCH OR MORE: 2
[HDD (BASE 65) ]
TOTAL THIS MO. 4 CLEAR (SCALE 0-3) 18
DPTR FM NORMAL -15 PTCLDY (SCALE 4-7) 11
TOTAL FM JUL 1 5 CLOUDY (SCALE 8-10) 2
DPTR FM NORMAL -20
[CDD (BASE 65) ]
TOTAL THIS MO. 191
DPTR FM NORMAL 26 [PRESSURE DATA]
TOTAL FM JAN 1 647 HIGHEST SLP M ON M
DPTR FM NORMAL 82 LOWEST SLP 29.71 ON 1
[REMARKS]
#FINAL-08-22#