000
CXUS54 KLIX 010810
CF6MCB
PRELIMINARY LOCAL CLIMATOLOGICAL DATA (WS FORM: F-6)
STATION: MCCOMB
MONTH: JUNE
YEAR: 2023
LATITUDE: 31 10 N
LONGITUDE: 90 28 W
TEMPERATURE IN F: :PCPN: SNOW: WIND :SUNSHINE: SKY :PK WND
================================================================================
1 2 3 4 5 6A 6B 7 8 9 10 11 12 13 14 15 16 17 18
12Z AVG MX 2MIN
DY MAX MIN AVG DEP HDD CDD WTR SNW DPTH SPD SPD DIR MIN PSBL S-S WX SPD DR
================================================================================
1 88 62 75 -2 0 10 0.00 0.0 M 3.5 10 90 M M 2 1 17 120
2 91 63 77 0 0 12 0.00 0.0 M 3.9 13 70 M M 1 21 80
3 93 67 80 2 0 15 0.00 0.0 M 4.1 17 310 M M 2 26 310
4 93 66 80 2 0 15 0.00 0.0 M 3.6 12 130 M M 1 17 110
5 89 66 78 0 0 13 0.03 0.0 M 3.8 18 150 M M 2 3 26 130
6 88 64 76 -2 0 11 0.21 0.0 M 2.6 28 180 M M 1 13 36 170
7 90 63 77 -1 0 12 0.32 0.0 M 2.8 12 320 M M 4 123 17 340
8 91 66 79 1 0 14 0.00 0.0 M 3.4 16 170 M M 1 13 24 140
9 93 63 78 0 0 13 0.00 0.0 M 3.2 13 310 M M 1 1 16 350
10 92 66 79 0 0 14 1.11 0.0 M 4.2 43 320 M M 2 138 56 310
11 91 65 78 -1 0 13 0.00 0.0 M 5.3 13 260 M M 1 1 21 260
12 92 69 81 2 0 16 0.68 0.0 M 4.6 30 300 M M 3 123 49 290
13 87 68 78 -1 0 13 0.00 0.0 M 3.3 13 150 M M 3 12 17 160
14 92 72 82 3 0 17 0.00 0.0 M 7.4 23 210 M M 3 13 35 210
15 90 72 81 2 0 16 0.46 0.0 M 4.1 16 360 M M 6 13 26 310
16 93 71 82 3 0 17 T 0.0 M 7.4 26 320 M M 2 13 39 320
17 91 71 81 1 0 16 0.00 0.0 M 3.8 12 280 M M 4 13 19 280
18 93 72 83 3 0 18 0.01 0.0 M 6.4 17 200 M M 3 18 26 200
19 93 77 85 5 0 20 0.01 0.0 M 8.2 18 280 M M 6 13 29 200
20 86 72 79 -1 0 14 0.12 0.0 M 4.7 15 150 M M 5 13 21 230
21 91 70 81 1 0 16 0.00 0.0 M 5.8 14 330 M M 2 22 300
22 89 67 78 -2 0 13 0.00 0.0 M 2.8 12 340 M M 2 8 16 330
23 90 66 78 -2 0 13 0.00 0.0 M 3.6 10 10 M M 0 16 40
24 93 64 79 -1 0 14 0.00 0.0 M 4.0 16 150 M M 2 3 22 150
25 95 71 83 3 0 18 0.00 0.0 M 4.9 15 260 M M 3 12 23 270
26 90 71 81 1 0 16 0.21 0.0 M 5.1 22 300 M M 2 138 29 300
27 95 71 83 3 0 18 0.02 0.0 M 5.7 28 350 M M 4 13 42 350
28 97 67 82 2 0 17 0.00 0.0 M 3.3 13 310 M M 3 18 300
29 99 76 88 8 0 23 0.00 0.0 M 2.1 9 170 M M 1 14 170
30 98 74 86 6 0 21 0.00 0.0 M 2.7 13 120 M M 1 1 17 140
================================================================================
SM 2753 2052 0 458 3.18 0.0 130.3 M 73
================================================================================
AV 91.8 68.4 4.3 FASTST M M 2 MAX(MPH)
MISC ----> 43 320 56 310
================================================================================
NOTES:
# LAST OF SEVERAL OCCURRENCES
COLUMN 17 PEAK WIND IN M.P.H.
PRELIMINARY LOCAL CLIMATOLOGICAL DATA (WS FORM: F-6) , PAGE 2
STATION: MCCOMB
MONTH: JUNE
YEAR: 2023
LATITUDE: 31 10 N
LONGITUDE: 90 28 W
[TEMPERATURE DATA] [PRECIPITATION DATA] SYMBOLS USED IN COLUMN 16
AVERAGE MONTHLY: 80.1 TOTAL FOR MONTH: 3.18 1 = FOG OR MIST
DPTR FM NORMAL: 0.9 DPTR FM NORMAL: -2.00 2 = FOG REDUCING VISIBILITY
HIGHEST: 99 ON 29 GRTST 24HR 1.11 ON 10-10 TO 1/4 MILE OR LESS
LOWEST: 62 ON 1 3 = THUNDER
SNOW, ICE PELLETS, HAIL 4 = ICE PELLETS
TOTAL MONTH: 0.0 INCH 5 = HAIL
GRTST 24HR 0.0 6 = FREEZING RAIN OR DRIZZLE
GRTST DEPTH: M ON M 7 = DUSTSTORM OR SANDSTORM:
VSBY 1/2 MILE OR LESS
8 = SMOKE OR HAZE
[NO. OF DAYS WITH] [WEATHER - DAYS WITH] 9 = BLOWING SNOW
X = TORNADO
MAX 32 OR BELOW: 0 0.01 INCH OR MORE: 11
MAX 90 OR ABOVE: 24 0.10 INCH OR MORE: 7
MIN 32 OR BELOW: 0 0.50 INCH OR MORE: 2
MIN 0 OR BELOW: 0 1.00 INCH OR MORE: 1
[HDD (BASE 65) ]
TOTAL THIS MO. 0 CLEAR (SCALE 0-3) 21
DPTR FM NORMAL 0 PTCLDY (SCALE 4-7) 9
TOTAL FM JUL 1 1597 CLOUDY (SCALE 8-10) 0
DPTR FM NORMAL -324
[CDD (BASE 65) ]
TOTAL THIS MO. 458
DPTR FM NORMAL 34 [PRESSURE DATA]
TOTAL FM JAN 1 988 HIGHEST SLP M ON M
DPTR FM NORMAL 151 LOWEST SLP 29.70 ON 14
[REMARKS]
#FINAL-06-23#