000
CXUS56 KHNX 021519
CF6MCE
PRELIMINARY LOCAL CLIMATOLOGICAL DATA (WS FORM: F-6)
STATION: MERCED CA AIRPORT
MONTH: APRIL
YEAR: 2022
LATITUDE: 37 16 N
LONGITUDE: 120 36 W
TEMPERATURE IN F: :PCPN: SNOW: WIND :SUNSHINE: SKY :PK WND
================================================================================
1 2 3 4 5 6A 6B 7 8 9 10 11 12 13 14 15 16 17 18
12Z AVG MX 2MIN
DY MAX MIN AVG DEP HDD CDD WTR SNW DPTH SPD SPD DIR MIN PSBL S-S WX SPD DR
================================================================================
1 78 41 60 3 5 0 0.00 0.0 0 3.2 12 330 M M 0 18 16 310
2 80 44 62 5 3 0 0.00 0.0 0 4.9 16 320 M M 0 20 330
3 84 49 67 10 0 2 0.00 0.0 0 9.9 21 320 M M 0 27 340
4 79 44 62 5 3 0 0.00 0.0 0 9.3 21 340 M M 0 25 340
5 76 47 62 5 3 0 0.00 0.0 0 12.4 23 350 M M 0 29 340
6 82 40 61 3 4 0 0.00 0.0 0 3.1 12 340 M M 0 12 350
7 92 48 70 12 0 5 0.00 0.0 0 3.2 8 330 M M 0 12 170
8 95 52 74 16 0 9 0.00 0.0 0 6.4 18 350 M M 0 22 350
9 80 49 65 7 0 0 0.00 0.0 0 13.5 26 340 M M 0 34 350
10 74 48 61 3 4 0 0.00 0.0 0 11.6 21 320 M M 0 28 320
11 65 44 55 -3 10 0 0.02 0.0 0 9.9 23 310 M M 4 29 310
12 64 40 52 -7 13 0 0.00 0.0 0 13.2 21 350 M M 0 30 340
13 67 37 52 -7 13 0 0.00 0.0 0 7.7 15 340 M M 1 20 340
14 67 49 58 -1 7 0 T 0.0 0 5.7 14 330 M M 6 17 360
15 77 43 60 1 5 0 0.00 0.0 0 4.4 12 320 M M 0 15 330
16 71 53 62 2 3 0 0.34 0.0 0 5.6 17 120 M M 5 1 21 130
17 78 45 62 2 3 0 0.00 0.0 0 6.2 13 310 M M 0 16 350
18 75 45 60 0 5 0 0.00 0.0 0 7.5 17 350 M M 0 22 330
19 70 51 61 1 4 0 0.00 0.0 0 6.1 17 330 M M 4 21 330
20 76 47 62 1 3 0 0.00 0.0 0 7.1 15 270 M M 1 20 250
21 63 51 57 -4 8 0 0.37 0.0 0 6.8 18 130 M M 9 1 22 110
22 69 50 60 -1 5 0 0.02 0.0 0 6.8 17 330 M M 5 1 20 300
23 76 43 60 -1 5 0 0.00 0.0 0 7.7 16 350 M M 0 22 340
24 82 44 63 1 2 0 0.00 0.0 0 4.0 14 340 M M 0 18 330
25 86 43 65 3 0 0 0.00 0.0 0 5.7 16 340 M M 0 22 340
26 79 51 65 3 0 0 0.00 0.0 0 9.1 16 340 M M 0 22 360
27 80 45 63 1 2 0 0.00 0.0 0 6.4 13 340 M M 0 16 320
28 74 44 59 -4 6 0 0.00 0.0 0 9.8 18 320 M M 0 25 340
29 79 45 62 -1 3 0 0.00 0.0 0 9.5 18 340 M M 0 23 320
30 84 47 66 3 0 1 0.00 0.0 0 8.3 18 330 M M 0 25 360
================================================================================
SM 2302 1379 119 17 0.75 0.0 225.0 M 35
================================================================================
AV 76.7 46.0 7.5 FASTST M M 1 MAX(MPH)
MISC ----> 26 340 34 350
================================================================================
NOTES:
# LAST OF SEVERAL OCCURRENCES
COLUMN 17 PEAK WIND IN M.P.H.
PRELIMINARY LOCAL CLIMATOLOGICAL DATA (WS FORM: F-6) , PAGE 2
STATION: MERCED CA AIRPORT
MONTH: APRIL
YEAR: 2022
LATITUDE: 37 16 N
LONGITUDE: 120 36 W
[TEMPERATURE DATA] [PRECIPITATION DATA] SYMBOLS USED IN COLUMN 16
AVERAGE MONTHLY: 61.4 TOTAL FOR MONTH: 0.75 1 = FOG OR MIST
DPTR FM NORMAL: 1.6 DPTR FM NORMAL: -0.37 2 = FOG REDUCING VISIBILITY
HIGHEST: 95 ON 8 GRTST 24HR 0.39 ON 21-22 TO 1/4 MILE OR LESS
LOWEST: 37 ON 13 3 = THUNDER
SNOW, ICE PELLETS, HAIL 4 = ICE PELLETS
TOTAL MONTH: 0.0 INCH 5 = HAIL
GRTST 24HR 0.0 6 = FREEZING RAIN OR DRIZZLE
GRTST DEPTH: 0 7 = DUSTSTORM OR SANDSTORM:
VSBY 1/2 MILE OR LESS
8 = SMOKE OR HAZE
[NO. OF DAYS WITH] [WEATHER - DAYS WITH] 9 = BLOWING SNOW
X = TORNADO
MAX 32 OR BELOW: 0 0.01 INCH OR MORE: 4
MAX 90 OR ABOVE: 2 0.10 INCH OR MORE: 2
MIN 32 OR BELOW: 0 0.50 INCH OR MORE: 0
MIN 0 OR BELOW: 0 1.00 INCH OR MORE: 0
[HDD (BASE 65) ]
TOTAL THIS MO. 119 CLEAR (SCALE 0-3) 24
DPTR FM NORMAL -62 PTCLDY (SCALE 4-7) 5
TOTAL FM JUL 1 2244 CLOUDY (SCALE 8-10) 1
DPTR FM NORMAL -257
[CDD (BASE 65) ]
TOTAL THIS MO. 17
DPTR FM NORMAL -5 [PRESSURE DATA]
TOTAL FM JAN 1 31 HIGHEST SLP 30.27 ON 13
DPTR FM NORMAL 8 LOWEST SLP 29.84 ON 10
[REMARKS]
#FINAL-04-22#