000
CXUS53 KEAX 010836
CF6MCI
PRELIMINARY LOCAL CLIMATOLOGICAL DATA (WS FORM: F-6)
STATION: KANSAS CITY INTERNATIONAL MO
MONTH: FEBRUARY
YEAR: 2022
LATITUDE: 39 19 N
LONGITUDE: 94 43 W
TEMPERATURE IN F: :PCPN: SNOW: WIND :SUNSHINE: SKY :PK WND
================================================================================
1 2 3 4 5 6A 6B 7 8 9 10 11 12 13 14 15 16 17 18
12Z AVG MX 2MIN
DY MAX MIN AVG DEP HDD CDD WTR SNW DPTH SPD SPD DIR MIN PSBL S-S WX SPD DR
================================================================================
1 57 28 43 13 22 0 0.01 T 0 15.5 30 20 M M 9 36 10
2 28 12 20 -10 45 0 0.15 2.3 1 20.8 29 20 M M 9 9 40 20
3 20 5 13 -17 52 0 0.00 0.0 2 13.5 25 20 M M 6 32 30
4 36 4 20 -10 45 0 0.00 0.0 1 8.2 18 350 M M 2 23 350
5 47 14 31 0 34 0 0.00 0.0 0 15.1 26 210 M M 0 36 220
6 51 25 38 7 27 0 0.00 0.0 0 9.9 20 340 M M 2 26 340
7 55 20 38 7 27 0 0.00 0.0 0 9.0 20 230 M M 3 8 25 240
8 61 29 45 14 20 0 0.00 0.0 0 8.9 20 300 M M 3 26 230
9 57 36 47 15 18 0 0.00 0.0 0 10.4 25 310 M M 4 37 320
10 52 28 40 8 25 0 0.00 0.0 0 11.4 22 210 M M 3 8 32 220
11 54 20 37 5 28 0 T 0.0 0 16.0 28 330 M M 6 39 330
12 30 11 21 -12 44 0 0.00 0.0 0 9.7 20 350 M M 1 27 340
13 32 19 26 -7 39 0 0.00 0.0 0 10.9 22 350 M M 3 28 350
14 50 23 37 4 28 0 0.00 0.0 0 7.9 21 350 M M 2 25 350
15 68 31 50 16 15 0 0.00 0.0 0 17.9 33 190 M M 3 45 170
16 66 33 50 16 15 0 T 0.0 0 18.9 33 190 M M 8 47 190
17 33 7 20 -14 45 0 0.47 7.0 2 15.9 30 360 M M 8 12469 44 360
18 37 4 21 -13 44 0 0.00 0.0 7 15.1 26 230 M M 1 35 210
19 35 17 26 -9 39 0 0.00 0.0 5 10.9 21 360 M M 1 26 360
20 57 33 45 10 20 0 0.00 0.0 2 16.9 29 210 M M 1 42 210
21 69 34 52 16 13 0 0.00 0.0 0 13.3 24 200 M M 6 33 170
22 35 9 22 -14 43 0 T T 0 15.6 23 300 M M 9 1689 32 290
23 20 3 12 -24 53 0 0.00 0.0 0 11.5 18 350 M M 5 25 340
24 20 13 17 -20 48 0 0.04 0.8 0 9.2 15 70 M M 10 18 19 60
25 27 5 16 -21 49 0 0.00 0.0 1 5.6 12 300 M M 3 17 310
26 43 12 28 -10 37 0 0.00 0.0 0 3.5 9 170 M M 3 14 190
27 55 22 39 1 26 0 0.00 0.0 0 6.5 13 240 M M 0 19 240
28 66 32 49 11 16 0 0.00 0.0 0 7.3 12 230 M M 4 17 230
================================================================================
SM 1261 529 917 0 0.67 10.1 335.3 M 115
================================================================================
AV 45.0 18.9 12.0 FASTST M M 4 MAX(MPH)
MISC ----> # 33 190 47 190
================================================================================
NOTES:
# LAST OF SEVERAL OCCURRENCES
COLUMN 17 PEAK WIND IN M.P.H.
PRELIMINARY LOCAL CLIMATOLOGICAL DATA (WS FORM: F-6) , PAGE 2
STATION: KANSAS CITY INTERNATIONAL MO
MONTH: FEBRUARY
YEAR: 2022
LATITUDE: 39 19 N
LONGITUDE: 94 43 W
[TEMPERATURE DATA] [PRECIPITATION DATA] SYMBOLS USED IN COLUMN 16
AVERAGE MONTHLY: 32.0 TOTAL FOR MONTH: 0.67 1 = FOG OR MIST
DPTR FM NORMAL: -1.6 DPTR FM NORMAL: -0.81 2 = FOG REDUCING VISIBILITY
HIGHEST: 69 ON 21 GRTST 24HR 0.47 ON 16-17 TO 1/4 MILE OR LESS
LOWEST: 3 ON 23 3 = THUNDER
SNOW, ICE PELLETS, HAIL 4 = ICE PELLETS
TOTAL MONTH: 10.1 INCHES 5 = HAIL
GRTST 24HR 7.0 ON 17-17 6 = FREEZING RAIN OR DRIZZLE
GRTST DEPTH: 7 ON 18 7 = DUSTSTORM OR SANDSTORM:
VSBY 1/2 MILE OR LESS
8 = SMOKE OR HAZE
[NO. OF DAYS WITH] [WEATHER - DAYS WITH] 9 = BLOWING SNOW
X = TORNADO
MAX 32 OR BELOW: 7 0.01 INCH OR MORE: 4
MAX 90 OR ABOVE: 0 0.10 INCH OR MORE: 2
MIN 32 OR BELOW: 24 0.50 INCH OR MORE: 0
MIN 0 OR BELOW: 0 1.00 INCH OR MORE: 0
[HDD (BASE 65) ]
TOTAL THIS MO. 917 CLEAR (SCALE 0-3) 12
DPTR FM NORMAL 38 PTCLDY (SCALE 4-7) 12
TOTAL FM JUL 1 3442 CLOUDY (SCALE 8-10) 4
DPTR FM NORMAL -543
[CDD (BASE 65) ]
TOTAL THIS MO. 0
DPTR FM NORMAL 0 [PRESSURE DATA]
TOTAL FM JAN 1 0 HIGHEST SLP 30.72 ON 23
DPTR FM NORMAL 0 LOWEST SLP 29.54 ON 21
[REMARKS]
#FINAL-02-22#