000
CXUS53 KEAX 012208
CLMMCI
CLIMATE REPORT
NATIONAL WEATHER SERVICE KANSAS CITY/PLEASANT HILL MO
505 PM CDT MON APR 01 2024
...................................
...THE KANSAS CITY INTERNATIONAL MO CLIMATE SUMMARY FOR THE MONTH OF MARCH 2024...
CLIMATE NORMAL PERIOD: 1991 TO 2020
CLIMATE RECORD PERIOD: 1888 TO 2024
WEATHER OBSERVED NORMAL DEPART LAST YEAR`S
VALUE DATE(S) VALUE FROM VALUE DATE(S)
NORMAL
................................................................
TEMPERATURE (F)
RECORD
HIGH 91 03/21/1907
LOW -10 03/04/1978
HIGHEST 80 03/03 78 2 79 03/31
LOWEST 21 03/18 14 7 14 03/19
03/27
AVG. MAXIMUM 60.7 55.4 5.3 51.9
AVG. MINIMUM 37.2 33.6 3.6 32.3
MEAN 49.0 44.5 4.5 42.1
DAYS MAX >= 90 0 0.0 0.0 0
DAYS MAX <= 32 0 1.4 -1.4 1
DAYS MIN <= 32 10 13.9 -3.9 13
DAYS MIN <= 0 0 0.2 -0.2 0
PRECIPITATION (INCHES)
RECORD
MAXIMUM 9.08 1973
MINIMUM 0.08 1910
TOTALS 1.77 2.36 -0.59 2.74
DAILY AVG. 0.06 0.08 -0.02 0.09
DAYS >= .01 6 9.5 -3.5 13
DAYS >= .10 3 5.2 -2.2 8
DAYS >= .50 1 1.5 -0.5 3
DAYS >= 1.00 1 0.4 0.6 0
GREATEST
24 HR. TOTAL 1.05 03/13 TO 03/14
SNOWFALL (INCHES)
RECORDS
TOTAL 40.2 1912
TOTALS T 1.7 -1.7 0.3
SINCE 7/1 13.2 17.9 -4.7 MM
SNOWDEPTH AVG. 0 -1
DAYS >= 1.0 0 0.5 -0.5 0
GREATEST
SNOW DEPTH 0 MM 03/29
03/16
03/17
24 HR TOTAL MM
DEGREE DAYS
HEATING TOTAL 492 639 -147 705
SINCE 7/1 3944 4624 -680 MM
COOLING TOTAL 1 4 -3 0
SINCE 1/1 1 4 -3 MM
................................................................
WIND (MPH)
AVERAGE WIND SPEED 12.0
HIGHEST WIND SPEED/DIRECTION 41/150 DATE 03/25
HIGHEST GUST SPEED/DIRECTION 56/150 DATE 03/25
SKY COVER
POSSIBLE SUNSHINE (PERCENT) MM
AVERAGE SKY COVER 0.51
NUMBER OF DAYS FAIR 10
NUMBER OF DAYS PC 13
NUMBER OF DAYS CLOUDY 8
AVERAGE RH (PERCENT) 61
WEATHER CONDITIONS. NUMBER OF DAYS WITH
THUNDERSTORM 4 MIXED PRECIP 0
HEAVY RAIN 2 RAIN 2
LIGHT RAIN 7 FREEZING RAIN 0
LT FREEZING RAIN 1 HAIL 1
HEAVY SNOW 0 SNOW 0
LIGHT SNOW 1 SLEET 0
FOG 6 FOG W/VIS <= 1/4 MILE 2
HAZE 8
- INDICATES NEGATIVE NUMBERS.
R INDICATES RECORD WAS SET OR TIED.
MM INDICATES DATA IS MISSING.
T INDICATES TRACE AMOUNT.
$$