000
CXUS54 KMAF 191110
CF6MDD
PRELIMINARY LOCAL CLIMATOLOGICAL DATA (WS FORM: F-6)
STATION: MIDLAND AIRPARK
MONTH: APRIL
YEAR: 2024
LATITUDE: 32 2 N
LONGITUDE: 102 6 W
TEMPERATURE IN F: :PCPN: SNOW: WIND :SUNSHINE: SKY :PK WND
================================================================================
1 2 3 4 5 6A 6B 7 8 9 10 11 12 13 14 15 16 17 18
12Z AVG MX 2MIN
DY MAX MIN AVG DEP HDD CDD WTR SNW DPTH SPD SPD DIR MIN PSBL S-S WX SPD DR
================================================================================
1 81 59 70 M 0 5 M M M 11.9 38 280 M M 2 8 48 280
2 66 44 55 M 10 0 M M M 13.3 22 330 M M 0 29 10
3 78 41 60 M 5 0 M M M 6.9 14 290 M M 0 22 280
4 85 50 68 M 0 3 M M M 6.4 12 180 M M 0 25 150
5 85 55 70 M 0 5 M M M 16.2 26 160 M M 0 33 160
6 80 57 69 M 0 4 M M M 19.2 33 270 M M 0 8 43 270
7 78 47 63 M 2 0 M M M 10.1 17 220 M M 0 24 250
8 81 47 64 M 1 0 M M M 7.4 18 50 M M 1 26 50
9 59 46 53 M 12 0 M M M 15.9 23 330 M M 8 28 10
10 71 44 58 M 7 0 M M M 13.4 22 350 M M 3 32 350
11 79 43 61 M 4 0 M M M 6.0 10 180 M M 0 22 130
12 84 53 69 M 0 4 M M M 13.7 25 170 M M 0 32 190
13 91 56 74 M 0 9 M M M 10.1 17 180 M M 0 23 180
14 96 63 80 M 0 15 M M M 8.2 15 250 M M 0 22 250
15 93 69 81 M 0 16 M M M 11.7 21 250 M M 0 35 210
16 86 56 71 M 0 6 M M M 8.4 15 260 M M 0 23 270
17 91 56 74 M 0 9 M M M 7.3 17 210 M M 0 24 210
18 85 60 73 M 0 8 M M M 13.6 18 80 M M 0 1 26 350
================================================================================
SM 1469 946 41 84 M M 199.7 M 14
================================================================================
AV 81.6 52.6 11.1 FASTST M M 1 MAX(MPH)
MISC ----> 38 280 48 280
================================================================================
NOTES:
# LAST OF SEVERAL OCCURRENCES
COLUMN 17 PEAK WIND IN M.P.H.
PRELIMINARY LOCAL CLIMATOLOGICAL DATA (WS FORM: F-6) , PAGE 2
STATION: MIDLAND AIRPARK
MONTH: APRIL
YEAR: 2024
LATITUDE: 32 2 N
LONGITUDE: 102 6 W
[TEMPERATURE DATA] [PRECIPITATION DATA] SYMBOLS USED IN COLUMN 16
AVERAGE MONTHLY: 67.1 TOTAL FOR MONTH: M 1 = FOG OR MIST
DPTR FM NORMAL: 0.0 DPTR FM NORMAL: M 2 = FOG REDUCING VISIBILITY
HIGHEST: 96 ON 14 GRTST 24HR M ON M TO 1/4 MILE OR LESS
LOWEST: 41 ON 3 3 = THUNDER
SNOW, ICE PELLETS, HAIL 4 = ICE PELLETS
TOTAL MONTH: M 5 = HAIL
GRTST 24HR M ON M 6 = FREEZING RAIN OR DRIZZLE
GRTST DEPTH: M ON M 7 = DUSTSTORM OR SANDSTORM:
VSBY 1/2 MILE OR LESS
8 = SMOKE OR HAZE
[NO. OF DAYS WITH] [WEATHER - DAYS WITH] 9 = BLOWING SNOW
X = TORNADO
MAX 32 OR BELOW: 0 0.01 INCH OR MORE: 0
MAX 90 OR ABOVE: 4 0.10 INCH OR MORE: 0
MIN 32 OR BELOW: 0 0.50 INCH OR MORE: 0
MIN 0 OR BELOW: 0 1.00 INCH OR MORE: 0
[HDD (BASE 65) ]
TOTAL THIS MO. 41 CLEAR (SCALE 0-3) 17
DPTR FM NORMAL M PTCLDY (SCALE 4-7) 0
TOTAL FM JUL 1 2034 CLOUDY (SCALE 8-10) 1
DPTR FM NORMAL M
[CDD (BASE 65) ]
TOTAL THIS MO. 84
DPTR FM NORMAL M [PRESSURE DATA]
TOTAL FM JAN 1 132 HIGHEST SLP M ON M
DPTR FM NORMAL M LOWEST SLP M ON M
[REMARKS]