000
CXUS51 KCTP 010800
CF6MDT
PRELIMINARY LOCAL CLIMATOLOGICAL DATA (WS FORM: F-6)
STATION: HARRISBURG PA
MONTH: SEPTEMBER
YEAR: 2022
LATITUDE: 40 11 N
LONGITUDE: 76 46 W
TEMPERATURE IN F: :PCPN: SNOW: WIND :SUNSHINE: SKY :PK WND
================================================================================
1 2 3 4 5 6A 6B 7 8 9 10 11 12 13 14 15 16 17 18
12Z AVG MX 2MIN
DY MAX MIN AVG DEP HDD CDD WTR SNW DPTH SPD SPD DIR MIN PSBL S-S WX SPD DR
================================================================================
1 87 64 76 3 0 11 0.00 0.0 0 7.3 20 300 M M 1 23 290
2 85 60 73 1 0 8 0.00 0.0 0 4.5 10 130 M M 4 13 140
3 88 65 77 5 0 12 0.00 0.0 0 5.3 10 190 M M 7 14 200
4 92 68 80 8 0 15 T 0.0 0 4.6 14 180 M M 6 17 190
5 77 71 74 2 0 9 0.63 0.0 0 4.8 17 120 M M 10 18 24 130
6 79 70 75 4 0 10 1.93 0.0 0 3.3 12 130 M M 10 1 17 350
7 71 67 69 -2 0 4 0.15 0.0 0 4.8 13 100 M M 10 1 16 100
8 81 67 74 3 0 9 0.00 0.0 0 1.7 10 290 M M 6 12 50
9 83 62 73 3 0 8 0.00 0.0 0 3.3 10 100 M M 1 12 130
10 79 60 70 0 0 5 T 0.0 0 2.8 9 140 M M 7 1 12 150
11 71 66 69 -1 0 4 0.70 0.0 0 4.6 14 120 M M 10 1 16 120
12 79 67 73 4 0 8 0.03 0.0 0 2.7 13 330 M M 9 18 16 320
13 79 62 71 2 0 6 0.00 0.0 0 11.0 20 280 M M 5 25 280
14 78 60 69 0 0 4 0.00 0.0 0 8.5 17 300 M M 2 21 300
15 73 56 65 -3 0 0 0.00 0.0 0 5.6 15 350 M M 1 25 30
16 77 53 65 -3 0 0 0.00 0.0 0 2.9 10 280 M M 2 13 350
17 81 57 69 1 0 4 0.00 0.0 0 3.5 12 160 M M 3 1 15 170
18 84 61 73 6 0 8 0.00 0.0 0 4.3 13 220 M M 3 16 240
19 82 63 73 6 0 8 0.01 0.0 0 2.3 21 290 M M 4 24 290
20 81 64 73 7 0 8 0.00 0.0 0 7.5 21 300 M M 2 29 300
21 82 60 71 5 0 6 0.00 0.0 0 4.5 14 220 M M 4 18 230
22 74 58 66 0 0 1 0.04 0.0 0 11.8 32 320 M M 7 1 37 320
23 66 51 59 -6 6 0 0.00 0.0 0 11.9 23 300 M M 2 33 310
24 71 49 60 -5 5 0 T 0.0 0 7.1 15 210 M M 6 17 210
25 70 57 64 0 1 0 0.46 0.0 0 5.4 24 210 M M 8 13 27 210
26 74 54 64 0 1 0 0.00 0.0 0 8.7 17 250 M M 5 29 230
27 68 52 60 -4 5 0 0.01 0.0 0 9.0 31 280 M M 6 8 37 270
28 69 47 58 -5 7 0 0.00 0.0 0 6.6 15 300 M M 4 18 290
29 67 50 59 -4 6 0 0.00 0.0 M 6.6 16 10 M M 5 23 360
30 61 47 54 -8 11 0 0.02 M M 4.8 10 40 M M 9 19 40
================================================================================
SM 2309 1788 42 148 3.98 0.0 171.7 M 159
================================================================================
AV 77.0 59.6 5.7 FASTST M M 5 MAX(MPH)
MISC ----> 32 320 # 37 320
================================================================================
NOTES:
# LAST OF SEVERAL OCCURRENCES
COLUMN 17 PEAK WIND IN M.P.H.
PRELIMINARY LOCAL CLIMATOLOGICAL DATA (WS FORM: F-6) , PAGE 2
STATION: HARRISBURG PA
MONTH: SEPTEMBER
YEAR: 2022
LATITUDE: 40 11 N
LONGITUDE: 76 46 W
[TEMPERATURE DATA] [PRECIPITATION DATA] SYMBOLS USED IN COLUMN 16
AVERAGE MONTHLY: 68.3 TOTAL FOR MONTH: 3.98 1 = FOG OR MIST
DPTR FM NORMAL: 0.4 DPTR FM NORMAL: -0.85 2 = FOG REDUCING VISIBILITY
HIGHEST: 92 ON 4 GRTST 24HR 2.33 ON 5- 6 TO 1/4 MILE OR LESS
LOWEST: 47 ON 30,28 3 = THUNDER
SNOW, ICE PELLETS, HAIL 4 = ICE PELLETS
TOTAL MONTH: 0.0 INCH 5 = HAIL
GRTST 24HR 0.0 6 = FREEZING RAIN OR DRIZZLE
GRTST DEPTH: 0 7 = DUSTSTORM OR SANDSTORM:
VSBY 1/2 MILE OR LESS
8 = SMOKE OR HAZE
[NO. OF DAYS WITH] [WEATHER - DAYS WITH] 9 = BLOWING SNOW
X = TORNADO
MAX 32 OR BELOW: 0 0.01 INCH OR MORE: 10
MAX 90 OR ABOVE: 1 0.10 INCH OR MORE: 5
MIN 32 OR BELOW: 0 0.50 INCH OR MORE: 3
MIN 0 OR BELOW: 0 1.00 INCH OR MORE: 1
[HDD (BASE 65) ]
TOTAL THIS MO. 42 CLEAR (SCALE 0-3) 9
DPTR FM NORMAL -6 PTCLDY (SCALE 4-7) 14
TOTAL FM JUL 1 42 CLOUDY (SCALE 8-10) 7
DPTR FM NORMAL -5
[CDD (BASE 65) ]
TOTAL THIS MO. 148
DPTR FM NORMAL 13 [PRESSURE DATA]
TOTAL FM JAN 1 1354 HIGHEST SLP 30.41 ON 29
DPTR FM NORMAL 198 LOWEST SLP 29.59 ON 25
[REMARKS]
#FINAL-09-22#