000
CXUS51 KCTP 010800
CF6MDT
PRELIMINARY LOCAL CLIMATOLOGICAL DATA (WS FORM: F-6)
STATION: HARRISBURG PA
MONTH: SEPTEMBER
YEAR: 2021
LATITUDE: 40 11 N
LONGITUDE: 76 46 W
TEMPERATURE IN F: :PCPN: SNOW: WIND :SUNSHINE: SKY :PK WND
================================================================================
1 2 3 4 5 6A 6B 7 8 9 10 11 12 13 14 15 16 17 18
12Z AVG MX 2MIN
DY MAX MIN AVG DEP HDD CDD WTR SNW DPTH SPD SPD DIR MIN PSBL S-S WX SPD DR
================================================================================
1 73 65 69 -4 0 4 6.64 0.0 0 8.1 20 50 M M 10 12 31 60
2 77 59 68 -4 0 3 0.00 0.0 0 9.5 21 300 M M 1 27 340
3 74 56 65 -7 0 0 0.00 0.0 0 4.8 13 340 M M 4 15 330
4 79 59 69 -3 0 4 0.00 0.0 0 3.3 9 160 M M 5 12 230
5 73 65 69 -3 0 4 0.23 0.0 0 3.5 12 210 M M 9 1 17 230
6 83 63 73 2 0 8 0.00 0.0 0 6.5 20 270 M M 3 1 24 270
7 83 60 72 1 0 7 0.00 0.0 0 2.6 12 180 M M 2 18 200
8 86 66 76 5 0 11 1.02 0.0 M 6.9 25 300 M M 4 13 29 290
9 76 63 70 0 0 5 0.31 0.0 0 6.1 24 320 M M 7 1 31 320
10 76 60 68 -2 0 3 0.00 0.0 0 9.0 20 310 M M 2 24 310
11 78 56 67 -3 0 2 0.00 0.0 0 3.9 14 250 M M 2 20 220
12 86 64 75 6 0 10 0.00 0.0 0 4.7 17 220 M M 3 22 220
13 85 68 77 8 0 12 T 0.0 0 3.6 12 260 M M 5 15 270
14 86 69 78 9 0 13 0.00 0.0 0 3.0 10 200 M M 5 18 14 220
15 88 71 80 12 0 15 1.19 0.0 0 6.5 24 310 M M 7 138 33 290
16 83 68 76 8 0 11 T 0.0 0 4.8 15 110 M M 8 20 120
17 81 69 75 7 0 10 T 0.0 0 4.3 12 130 M M 8 8 15 50
18 86 68 77 10 0 12 T 0.0 0 2.3 13 290 M M 5 18 19 330
19 80 61 71 4 0 6 0.00 0.0 0 2.8 10 10 M M 1 14 20
20 79 57 68 2 0 3 0.00 0.0 0 6.0 14 130 M M 5 18 130
21 80 61 71 5 0 6 0.00 0.0 0 5.7 15 120 M M 8 18 120
22 77 68 73 7 0 8 0.47 0.0 0 10.3 23 140 M M 10 1 35 180
23 75 54 65 0 0 0 1.33 0.0 0 9.6 28 250 M M 8 13 33 250
24 72 51 62 -3 3 0 0.00 0.0 0 2.6 16 290 M M 1 22 280
25 76 53 65 1 0 0 0.00 0.0 0 3.9 14 290 M M 5 18 16 300
26 74 56 65 1 0 0 0.00 0.0 0 8.7 21 290 M M 2 26 290
27 80 54 67 3 0 2 0.00 0.0 0 4.6 17 210 M M 3 26 190
28 76 59 68 5 0 3 0.21 0.0 0 4.6 15 40 M M 7 13 20 30
29 70 54 62 -1 3 0 0.00 0.0 0 5.4 16 310 M M 4 24 310
30 69 52 61 -1 4 0 0.00 0.0 0 5.9 15 320 M M 4 23 310
================================================================================
SM 2361 1829 10 162 11.40 0.0 163.5 M 148
================================================================================
AV 78.7 61.0 5.4 FASTST M M 5 MAX(MPH)
MISC ----> 28 250 35 180
================================================================================
NOTES:
# LAST OF SEVERAL OCCURRENCES
COLUMN 17 PEAK WIND IN M.P.H.
PRELIMINARY LOCAL CLIMATOLOGICAL DATA (WS FORM: F-6) , PAGE 2
STATION: HARRISBURG PA
MONTH: SEPTEMBER
YEAR: 2021
LATITUDE: 40 11 N
LONGITUDE: 76 46 W
[TEMPERATURE DATA] [PRECIPITATION DATA] SYMBOLS USED IN COLUMN 16
AVERAGE MONTHLY: 69.8 TOTAL FOR MONTH: 11.40 1 = FOG OR MIST
DPTR FM NORMAL: 1.9 DPTR FM NORMAL: 6.57 2 = FOG REDUCING VISIBILITY
HIGHEST: 88 ON 15 GRTST 24HR 6.65 ON 31- 1 TO 1/4 MILE OR LESS
LOWEST: 51 ON 24 3 = THUNDER
SNOW, ICE PELLETS, HAIL 4 = ICE PELLETS
TOTAL MONTH: 0.0 INCH 5 = HAIL
GRTST 24HR 0.0 6 = FREEZING RAIN OR DRIZZLE
GRTST DEPTH: 0 7 = DUSTSTORM OR SANDSTORM:
VSBY 1/2 MILE OR LESS
8 = SMOKE OR HAZE
[NO. OF DAYS WITH] [WEATHER - DAYS WITH] 9 = BLOWING SNOW
X = TORNADO
MAX 32 OR BELOW: 0 0.01 INCH OR MORE: 8
MAX 90 OR ABOVE: 0 0.10 INCH OR MORE: 8
MIN 32 OR BELOW: 0 0.50 INCH OR MORE: 4
MIN 0 OR BELOW: 0 1.00 INCH OR MORE: 4
[HDD (BASE 65) ]
TOTAL THIS MO. 10 CLEAR (SCALE 0-3) 9
DPTR FM NORMAL -38 PTCLDY (SCALE 4-7) 17
TOTAL FM JUL 1 10 CLOUDY (SCALE 8-10) 4
DPTR FM NORMAL -37
[CDD (BASE 65) ]
TOTAL THIS MO. 162
DPTR FM NORMAL 27 [PRESSURE DATA]
TOTAL FM JAN 1 1401 HIGHEST SLP 30.32 ON 21
DPTR FM NORMAL 245 LOWEST SLP 29.55 ON 1
[REMARKS]
#FINAL-09-21#