701
CXUS56 KPDT 020532
CF6MEH
PRELIMINARY LOCAL CLIMATOLOGICAL DATA (WS FORM: F-6)
STATION: MEACHAM OR
MONTH: AUGUST
YEAR: 2020
LATITUDE: 45 30 N
LONGITUDE: 118 24 W
TEMPERATURE IN F: :PCPN: SNOW: WIND :SUNSHINE: SKY :PK WND
================================================================================
1 2 3 4 5 6A 6B 7 8 9 10 11 12 13 14 15 16 17 18
12Z AVG MX 2MIN
DY MAX MIN AVG DEP HDD CDD WTR SNW DPTH SPD SPD DIR MIN PSBL S-S WX SPD DR
================================================================================
1 83 49 66 6 0 1 0.00 M M 1.4 8 250 M M 0 12 40
2 84 42 63 3 2 0 0.00 M M 1.4 7 290 M M 0 14 30
3 79 47 63 3 2 0 0.00 M M 1.0 8 270 M M 0 15 260
4 83 39 61 1 4 0 0.00 M M 1.3 7 20 M M 0 14 30
5 87 44 66 6 0 1 T M M 1.5 9 70 M M 1 18 240
6 74 47 61 1 4 0 0.02 M M 1.5 10 280 M M 5 22 320
7 72 36 54 -6 11 0 0.00 M M 1.3 8 260 M M 1 12 270
8 75 37 56 -4 9 0 0.00 M M 2.2 8 290 M M 0 18 280
9 73 38 56 -3 9 0 0.00 M M 1.6 8 10 M M 0 17 20
10 84 37 61 2 4 0 0.00 M M 1.1 7 290 M M 0 14 250
11 83 41 62 3 3 0 0.00 M M 2.0 8 280 M M 0 19 290
12 65 42 54 -5 11 0 0.01 M M 0.7 8 290 M M 5 8 17 300
13 72 36 54 -5 11 0 0.00 M M 1.5 8 280 M M 0 16 310
14 80 31 56 -3 9 0 0.00 M M 0.9 7 30 M M 0 16 330
15 93 36 65 7 0 0 0.00 M M 0.8 8 90 M M 0 12 20
16 99 50 75 17 0 10 T M M 0.5 9 290 M M 0 19 100
17 96 52 74 16 0 9 T M M 0.6 7 190 M M 0 20 200
18 91 61 76 18 0 11 0.05 M M 0.7 7 310 M M 2 3 13 290
19 85 53 69 11 0 4 0.00 M M 1.2 7 280 M M 2 12 270
20 81 50 66 8 0 1 0.00 M M 1.3 6 20 M M 2 14 290
21 82 43 63 5 2 0 0.00 M M 1.7 12 30 M M 1 19 40
22 76 48 62 5 3 0 0.00 M M 1.0 9 40 M M 3 16 40
23 83 42 63 6 2 0 0.00 M M 1.4 8 10 M M 0 14 10
24 84 44 64 7 1 0 0.00 M M 0.6 6 90 M M 0 11 100
25 73 45 59 2 6 0 T M M 0.6 6 270 M M 4 9 260
26 78 37 58 2 7 0 0.00 M M 1.5 7 50 M M 0 14 10
27 78 36 57 1 8 0 0.00 M M 1.2 8 350 M M 0 17 360
28 82 33 58 2 7 0 0.00 M M 1.1 7 30 M M 3 16 20
29 79 35 57 1 8 0 0.00 M M 1.7 9 290 M M 0 20 300
30 68 34 51 -5 14 0 0.00 M M 1.6 9 40 M M 0 19 10
31 67 41 54 -2 11 0 0.00 M M 2.0 8 300 M M 6 17 250
================================================================================
SM 2489 1306 148 37 0.08 M 38.9 M 35
================================================================================
AV 80.3 42.1 1.3 FASTST M M 1 MAX(MPH)
MISC ----> # 12 30 # 22 320
================================================================================
NOTES:
# LAST OF SEVERAL OCCURRENCES
COLUMN 17 PEAK WIND IN M.P.H.
PRELIMINARY LOCAL CLIMATOLOGICAL DATA (WS FORM: F-6) , PAGE 2
STATION: MEACHAM OR
MONTH: AUGUST
YEAR: 2020
LATITUDE: 45 30 N
LONGITUDE: 118 24 W
[TEMPERATURE DATA] [PRECIPITATION DATA] SYMBOLS USED IN COLUMN 16
AVERAGE MONTHLY: 61.2 TOTAL FOR MONTH: 0.08 1 = FOG OR MIST
DPTR FM NORMAL: 3.0 DPTR FM NORMAL: -0.78 2 = FOG REDUCING VISIBILITY
HIGHEST: 99 ON 16 GRTST 24HR 0.05 ON 18-18 TO 1/4 MILE OR LESS
LOWEST: 31 ON 14 3 = THUNDER
SNOW, ICE PELLETS, HAIL 4 = ICE PELLETS
TOTAL MONTH: M 5 = HAIL
GRTST 24HR M ON M 6 = FREEZING RAIN OR DRIZZLE
GRTST DEPTH: M ON M 7 = DUSTSTORM OR SANDSTORM:
VSBY 1/2 MILE OR LESS
8 = SMOKE OR HAZE
[NO. OF DAYS WITH] [WEATHER - DAYS WITH] 9 = BLOWING SNOW
X = TORNADO
MAX 32 OR BELOW: 0 0.01 INCH OR MORE: 3
MAX 90 OR ABOVE: 4 0.10 INCH OR MORE: 0
MIN 32 OR BELOW: 1 0.50 INCH OR MORE: 0
MIN 0 OR BELOW: 0 1.00 INCH OR MORE: 0
[HDD (BASE 65) ]
TOTAL THIS MO. 148 CLEAR (SCALE 0-3) 26
DPTR FM NORMAL -74 PTCLDY (SCALE 4-7) 5
TOTAL FM JUL 1 302 CLOUDY (SCALE 8-10) 0
DPTR FM NORMAL -112
[CDD (BASE 65) ]
TOTAL THIS MO. 37
DPTR FM NORMAL 28 [PRESSURE DATA]
TOTAL FM JAN 1 91 HIGHEST SLP 30.22 ON 14
DPTR FM NORMAL 68 LOWEST SLP 29.77 ON 5
[REMARKS]
#FINAL-08-20#