000
CXUS54 KLZK 011330
CF6MEZ
PRELIMINARY LOCAL CLIMATOLOGICAL DATA (WS FORM: F-6)
STATION: MENA AIRPORT
MONTH: NOVEMBER
YEAR: 2022
LATITUDE: 34 9 N
LONGITUDE: 94 15 W
TEMPERATURE IN F: :PCPN: SNOW: WIND :SUNSHINE: SKY :PK WND
================================================================================
1 2 3 4 5 6A 6B 7 8 9 10 11 12 13 14 15 16 17 18
12Z AVG MX 2MIN
DY MAX MIN AVG DEP HDD CDD WTR SNW DPTH SPD SPD DIR MIN PSBL S-S WX SPD DR
================================================================================
1 75 40 58 3 7 0 0.00 M M 1.2 6 99 M M 0 M M
2 72 43 58 3 7 0 0.00 M M 1.2 5 99 M M 0 12 M M
3 75 54 65 10 0 0 0.00 M M 3.5 8 160 M M 0 M M
4 73 54 64 10 1 0 0.19 M M 6.6 12 130 M M 0 1 36 M
5 58 41 50 -4 15 0 0.00 M M 3.5 13 280 M M 0 M M
6 74 39 57 3 8 0 0.00 M M 1.0 5 280 M M 0 1 M M
7 65 60 63 10 2 0 0.00 M M 4.5 10 70 M M 0 12 M M
8 71 58 65 12 0 0 0.00 M M 2.8 8 70 M M 0 1 M M
9 80 59 70 18 0 5 0.00 M M 1.6 6 99 M M 0 12 M M
10 74 52 63 11 2 0 0.00 M M 2.9 7 230 M M 0 M M
11 58 34 46 -6 19 0 0.12 M M 5.8 13 330 M M 0 1 23 330
12 46 24 35 -16 30 0 0.00 M M 7.4 14 320 M M 0 20 330
13 48 20 34 -17 31 0 0.00 M M 2.1 7 90 M M 0 18 M M
14 41 24 33 -18 32 0 0.03 M M 2.4 10 90 M M 0 18 M M
15 41 29 35 -15 30 0 0.00 M M 3.9 9 320 M M 0 1 M M
16 50 26 38 -12 27 0 0.00 M M 6.2 16 300 M M 0 23 290
17 52 19 36 -13 29 0 0.00 M M 2.1 9 270 M M 0 M M
18 41 28 35 -14 30 0 0.00 M M 5.0 12 50 M M 0 M M
19 46 23 35 -13 30 0 0.00 M M 3.0 8 270 M M 0 M M
20 48 19 34 -14 31 0 0.00 M M 1.2 7 90 M M 0 M M
21 52 21 37 -11 28 0 0.00 M M 0.9 5 99 M M 0 8 M M
22 61 26 44 -3 21 0 0.00 M M 1.2 6 270 M M 0 18 M M
23 57 29 43 -4 22 0 0.01 M M 1.6 5 80 M M 6 128 M M
24 55 45 50 4 15 0 0.06 M M 3.6 8 80 M M 9 1 M M
25 55 51 53 7 12 0 0.00 M M 5.2 9 20 M M 10 M M
26 54 47 51 5 14 0 0.13 M M 7.2 13 240 M M 10 1 21 250
27 57 45 51 6 14 0 0.01 M M 7.2 14 280 M M 8 1 22 240
28 61 32 47 2 18 0 0.00 M M 1.5 8 140 M M 1 12 M M
29 69 39 54 9 11 0 T M M 6.2 12 270 M M 4 1 22 99
30 48 26 37 -7 28 0 M M M 5.1 10 30 M M 0 22 340
================================================================================
SM 1757 1107 514 5 0.55 M 107.9 M 48
================================================================================
AV 58.6 36.9 3.6 FASTST M M 2 MAX(MPH)
MISC ----> 16 300 36 9999
================================================================================
NOTES:
# LAST OF SEVERAL OCCURRENCES
COLUMN 17 PEAK WIND IN M.P.H.
PRELIMINARY LOCAL CLIMATOLOGICAL DATA (WS FORM: F-6) , PAGE 2
STATION: MENA AIRPORT
MONTH: NOVEMBER
YEAR: 2022
LATITUDE: 34 9 N
LONGITUDE: 94 15 W
[TEMPERATURE DATA] [PRECIPITATION DATA] SYMBOLS USED IN COLUMN 16
AVERAGE MONTHLY: 47.7 TOTAL FOR MONTH: 0.55 1 = FOG OR MIST
DPTR FM NORMAL: -2.2 DPTR FM NORMAL: -5.21 2 = FOG REDUCING VISIBILITY
HIGHEST: 80 ON 9 GRTST 24HR 0.19 ON 4- 4 TO 1/4 MILE OR LESS
LOWEST: 19 ON 17,20 3 = THUNDER
SNOW, ICE PELLETS, HAIL 4 = ICE PELLETS
TOTAL MONTH: M 5 = HAIL
GRTST 24HR M ON M 6 = FREEZING RAIN OR DRIZZLE
GRTST DEPTH: M ON M 7 = DUSTSTORM OR SANDSTORM:
VSBY 1/2 MILE OR LESS
8 = SMOKE OR HAZE
[NO. OF DAYS WITH] [WEATHER - DAYS WITH] 9 = BLOWING SNOW
X = TORNADO
MAX 32 OR BELOW: 0 0.01 INCH OR MORE: 7
MAX 90 OR ABOVE: 0 0.10 INCH OR MORE: 3
MIN 32 OR BELOW: 14 0.50 INCH OR MORE: 0
MIN 0 OR BELOW: 0 1.00 INCH OR MORE: 0
[HDD (BASE 65) ]
TOTAL THIS MO. 514 CLEAR (SCALE 0-3) 24
DPTR FM NORMAL 56 PTCLDY (SCALE 4-7) 2
TOTAL FM JUL 1 714 CLOUDY (SCALE 8-10) 4
DPTR FM NORMAL 36
[CDD (BASE 65) ]
TOTAL THIS MO. 5
DPTR FM NORMAL 0 [PRESSURE DATA]
TOTAL FM JAN 1 1707 HIGHEST SLP M ON M
DPTR FM NORMAL 190 LOWEST SLP M ON M
[REMARKS]
#FINAL-11-22#