000
CXUS54 KLZK 011130
CF6MEZ
PRELIMINARY LOCAL CLIMATOLOGICAL DATA (WS FORM: F-6)
STATION: MENA AIRPORT
MONTH: SEPTEMBER
YEAR: 2021
LATITUDE: 34 9 N
LONGITUDE: 94 15 W
TEMPERATURE IN F: :PCPN: SNOW: WIND :SUNSHINE: SKY :PK WND
================================================================================
1 2 3 4 5 6A 6B 7 8 9 10 11 12 13 14 15 16 17 18
12Z AVG MX 2MIN
DY MAX MIN AVG DEP HDD CDD WTR SNW DPTH SPD SPD DIR MIN PSBL S-S WX SPD DR
================================================================================
1 99 68 84 8 0 19 M M M 2.9 12 270 M M 2 16 260
2 91 70 81 5 0 16 0.16 M M 2.0 6 100 M M 4 18 100
3 91 70 81 6 0 16 M M M 1.4 7 250 M M 1 M M
4 95 77 86 11 0 21 0.00 0.0 0 2.6 9 260 M M 1 M M
5 86 68 77 2 0 12 1.23 0.0 0 2.3 8 40 M M 5 3 M M
6 88 63 76 2 0 11 M M M 1.1 6 20 M M 4 M M
7 90 59 75 1 0 10 M M M 2.0 7 270 M M 0 M M
8 88 59 74 0 0 9 M M M 3.7 10 360 M M 1 18 50
9 88 54 71 -2 0 6 0.00 0.0 M 1.4 6 30 M M 0 M M
10 90 55 73 0 0 8 0.00 0.0 0 1.9 7 250 M M 0 M M
11 90 59 75 2 0 10 M M M 0.8 7 260 M M 0 M M
12 88 55 72 0 0 7 0.00 0.0 0 1.2 7 220 M M 0 M M
13 86 63 75 3 0 10 0.00 0.0 0 0.9 5 130 M M 6 18 220
14 88 70 79 7 0 14 0.00 0.0 0 0.7 5 30 M M 7 M M
15 88 63 76 5 0 11 0.29 M M 1.3 9 80 M M 5 M M
16 88 68 78 7 0 13 M M M 2.3 8 80 M M 7 16 80
17 90 63 77 7 0 12 M M M 2.3 9 40 M M 5 M M
18 90 66 78 8 0 13 0.07 M M 2.8 10 50 M M 5 M M
19 88 68 78 8 0 13 0.04 M M 1.1 6 360 M M 5 M M
20 90 68 79 10 0 14 M M M 1.9 8 260 M M 3 M M
21 81 59 70 1 0 5 0.22 M M 4.4 12 320 M M 5 3 21 320
22 79 48 64 -4 1 0 M M M 4.9 14 300 M M 0 18 300
23 81 43 62 -6 3 0 M M M 1.0 6 290 M M 0 M M
24 81 45 63 -5 2 0 M M M 0.8 5 230 M M 0 M M
25 90 50 70 3 0 5 M M M 1.4 7 290 M M 0 M M
26 90 52 71 4 0 6 M M M 1.4 7 260 M M 0 M M
27 88 61 75 8 0 10 M M M 2.2 7 240 M M 0 M M
28 91 59 75 9 0 10 M M M 1.7 6 120 M M 1 M M
29 79 63 71 5 0 6 M M M 1.8 8 90 M M 7 M M
30 86 63 75 9 0 10 M M M 1.7 9 100 M M 7 M M
================================================================================
SM 2638 1829 6 297 2.01 0.0 58.0 M 81
================================================================================
AV 87.9 61.0 1.9 FASTST M M 3 MAX(MPH)
MISC ----> 14 300 21 320
================================================================================
NOTES:
# LAST OF SEVERAL OCCURRENCES
COLUMN 17 PEAK WIND IN M.P.H.
PRELIMINARY LOCAL CLIMATOLOGICAL DATA (WS FORM: F-6) , PAGE 2
STATION: MENA AIRPORT
MONTH: SEPTEMBER
YEAR: 2021
LATITUDE: 34 9 N
LONGITUDE: 94 15 W
[TEMPERATURE DATA] [PRECIPITATION DATA] SYMBOLS USED IN COLUMN 16
AVERAGE MONTHLY: 74.5 TOTAL FOR MONTH: 2.01 1 = FOG OR MIST
DPTR FM NORMAL: 3.5 DPTR FM NORMAL: -2.78 2 = FOG REDUCING VISIBILITY
HIGHEST: 99 ON 1 GRTST 24HR 1.23 ON 5- 5 TO 1/4 MILE OR LESS
LOWEST: 43 ON 23 3 = THUNDER
SNOW, ICE PELLETS, HAIL 4 = ICE PELLETS
TOTAL MONTH: 0.0 INCH 5 = HAIL
GRTST 24HR 0.0 6 = FREEZING RAIN OR DRIZZLE
GRTST DEPTH: 0 7 = DUSTSTORM OR SANDSTORM:
VSBY 1/2 MILE OR LESS
8 = SMOKE OR HAZE
[NO. OF DAYS WITH] [WEATHER - DAYS WITH] 9 = BLOWING SNOW
X = TORNADO
MAX 32 OR BELOW: 0 0.01 INCH OR MORE: 6
MAX 90 OR ABOVE: 13 0.10 INCH OR MORE: 4
MIN 32 OR BELOW: 0 0.50 INCH OR MORE: 1
MIN 0 OR BELOW: 0 1.00 INCH OR MORE: 1
[HDD (BASE 65) ]
TOTAL THIS MO. 6 CLEAR (SCALE 0-3) 17
DPTR FM NORMAL -24 PTCLDY (SCALE 4-7) 13
TOTAL FM JUL 1 6 CLOUDY (SCALE 8-10) 0
DPTR FM NORMAL -23
[CDD (BASE 65) ]
TOTAL THIS MO. 297
DPTR FM NORMAL 90 [PRESSURE DATA]
TOTAL FM JAN 1 1718 HIGHEST SLP M ON M
DPTR FM NORMAL 250 LOWEST SLP M ON M
[REMARKS]
#FINAL-09-21#