000
CXUS53 KGRB 311400
CF6MFI
PRELIMINARY LOCAL CLIMATOLOGICAL DATA (WS FORM: F-6)
STATION: MARSHFIELD WI
MONTH: MARCH
YEAR: 2020
LATITUDE: 44 37 N
LONGITUDE: 90 11 W
TEMPERATURE IN F: :PCPN: SNOW: WIND :SUNSHINE: SKY :PK WND
================================================================================
1 2 3 4 5 6A 6B 7 8 9 10 11 12 13 14 15 16 17 18
12Z AVG MX 2MIN
DY MAX MIN AVG DEP HDD CDD WTR SNW DPTH SPD SPD DIR MIN PSBL S-S WX SPD DR
================================================================================
1 46 26 36 12 29 0 0.00 0.0 8 9.4 16 300 M M 0 23 290
2 38 24 31 7 34 0 0.00 0.0 7 10.4 17 310 M M 5 27 300
3 39 22 31 7 34 0 0.02 T 7 10.2 21 290 M M 0 1 29 290
4 35 22 29 4 36 0 0.00 0.0 7 8.3 14 320 M M 2 M M
5 38 26 32 7 33 0 0.02 T 6 15.6 32 340 M M 10 18 45 350
6 34 20 27 1 38 0 0.00 0.0 6 8.7 25 340 M M 2 35 10
7 48 17 33 7 32 0 0.00 0.0 6 10.6 20 190 M M 0 27 190
8 54 34 44 18 21 0 0.00 0.0 4 10.9 22 220 M M 0 8 32 210
9 48 29 39 12 26 0 T 0.0 3 9.0 17 350 M M 7 18 23 360
10 41 18 30 3 35 0 0.01 T 2 4.5 17 200 M M 4 1 23 190
11 39 32 36 8 29 0 0.11 1.1 2 4.5 12 170 M M 10 12 15 170
12 42 33 38 10 27 0 0.16 0.0 1 14.1 29 310 M M 8 12 44 310
13 36 26 31 2 34 0 0.00 0.0 T 16.1 28 310 M M 3 43 310
14 32 23 28 -1 37 0 0.00 0.0 T 5.6 12 360 M M 3 18 350
15 36 20 28 -2 37 0 0.00 0.0 T 7.4 14 120 M M 1 18 120
16 36 27 32 2 33 0 T T T 9.9 24 310 M M 9 18 36 300
17 43 23 33 2 32 0 0.00 0.0 0 9.0 24 300 M M 2 32 300
18 40 34 37 6 28 0 T T 0 8.6 13 160 M M 10 18 17 170
19 37 34 36 4 29 0 0.51 1.7 1 9.1 17 350 M M 10 1 25 360
20 35 18 27 -5 38 0 0.03 T T 16.3 32 340 M M 4 18 42 330
21 33 15 24 -9 41 0 0.00 0.0 0 8.2 18 130 M M 1 23 140
22 40 23 32 -1 33 0 T T 0 11.3 21 180 M M 8 18 27 170
23 40 29 35 1 30 0 T T 0 4.0 8 280 M M 10 18 12 270
24 47 34 41 7 24 0 0.00 0.0 0 7.8 16 160 M M 10 18 21 160
25 46 37 42 7 23 0 0.38 0.0 0 6.8 14 240 M M 10 18 19 210
26 47 34 41 6 24 0 0.00 0.0 0 5.5 12 20 M M 7 1 17 20
27 54 31 43 7 22 0 0.14 0.0 0 7.1 15 120 M M 4 12 19 130
28 45 39 42 6 23 0 0.41 0.0 0 16.1 29 100 M M 10 138 41 70
29 41 36 39 2 26 0 0.18 0.0 0 14.8 25 320 M M 10 18 36 340
30 53 35 44 7 21 0 0.00 0.0 0 13.9 23 330 M M 2 31 340
31 46 30 38 0 27 0 0.00 0.0 0 7.6 15 50 M M 6 8 20 30
================================================================================
SM 1289 851 936 0 1.97 2.8 301.3 M 168
================================================================================
AV 41.6 27.5 9.7 FASTST M M 5 MAX(MPH)
MISC ----> # 32 340 # 45 350
================================================================================
NOTES:
# LAST OF SEVERAL OCCURRENCES
COLUMN 17 PEAK WIND IN M.P.H.
PRELIMINARY LOCAL CLIMATOLOGICAL DATA (WS FORM: F-6) , PAGE 2
STATION: MARSHFIELD WI
MONTH: MARCH
YEAR: 2020
LATITUDE: 44 37 N
LONGITUDE: 90 11 W
[TEMPERATURE DATA] [PRECIPITATION DATA] SYMBOLS USED IN COLUMN 16
AVERAGE MONTHLY: 34.5 TOTAL FOR MONTH: 1.97 1 = FOG OR MIST
DPTR FM NORMAL: 4.2 DPTR FM NORMAL: 0.95 2 = FOG REDUCING VISIBILITY
HIGHEST: 54 ON 27, 8 GRTST 24HR 0.51 ON 19-19 TO 1/4 MILE OR LESS
LOWEST: 15 ON 21 3 = THUNDER
SNOW, ICE PELLETS, HAIL 4 = ICE PELLETS
TOTAL MONTH: 2.8 INCHES 5 = HAIL
GRTST 24HR 1.7 ON 19-19 6 = FREEZING RAIN OR DRIZZLE
GRTST DEPTH: 8 ON 1 7 = DUSTSTORM OR SANDSTORM:
VSBY 1/2 MILE OR LESS
8 = SMOKE OR HAZE
[NO. OF DAYS WITH] [WEATHER - DAYS WITH] 9 = BLOWING SNOW
X = TORNADO
MAX 32 OR BELOW: 1 0.01 INCH OR MORE: 11
MAX 90 OR ABOVE: 0 0.10 INCH OR MORE: 7
MIN 32 OR BELOW: 21 0.50 INCH OR MORE: 1
MIN 0 OR BELOW: 0 1.00 INCH OR MORE: 0
[HDD (BASE 65) ]
TOTAL THIS MO. 936 CLEAR (SCALE 0-3) 11
DPTR FM NORMAL -139 PTCLDY (SCALE 4-7) 9
TOTAL FM JUL 1 6911 CLOUDY (SCALE 8-10) 11
DPTR FM NORMAL -283
[CDD (BASE 65) ]
TOTAL THIS MO. 0
DPTR FM NORMAL 0 [PRESSURE DATA]
TOTAL FM JAN 1 0 HIGHEST SLP 30.76 ON 15
DPTR FM NORMAL 0 LOWEST SLP 29.30 ON 29
[REMARKS]
#FINAL-03-20#