000
CXUS56 KMFR 010930
CF6MFR
PRELIMINARY LOCAL CLIMATOLOGICAL DATA (WS FORM: F-6)
STATION: MEDFORD OR
MONTH: APRIL
YEAR: 2022
LATITUDE: 42 22 N
LONGITUDE: 122 52 W
TEMPERATURE IN F: :PCPN: SNOW: WIND :SUNSHINE: SKY :PK WND
================================================================================
1 2 3 4 5 6A 6B 7 8 9 10 11 12 13 14 15 16 17 18
12Z AVG MX 2MIN
DY MAX MIN AVG DEP HDD CDD WTR SNW DPTH SPD SPD DIR MIN PSBL S-S WX SPD DR
================================================================================
1 69 34 52 2 13 0 0.00 0.0 0 3.6 14 350 M M 1 19 350
2 66 40 53 3 12 0 0.00 0.0 0 3.3 12 300 M M 1 15 300
3 65 37 51 1 14 0 T 0.0 0 4.4 20 260 M M 2 25 260
4 53 41 47 -3 18 0 0.50 0.0 0 6.6 17 280 M M 9 1 25 300
5 57 33 45 -6 20 0 T 0.0 0 2.3 10 350 M M 3 14 320
6 75 32 54 3 11 0 0.00 0.0 0 1.7 9 170 M M 0 12 170
7 85 40 63 12 2 0 0.00 0.0 0 1.7 10 330 M M 0 14 320
8 66 40 53 2 12 0 0.00 0.0 0 6.3 22 360 M M 2 8 28 350
9 57 32 45 -6 20 0 T 0.0 0 5.0 18 360 M M 2 24 330
10 54 41 48 -3 17 0 0.04 0.0 0 4.8 18 270 M M 10 24 260
11 46 35 41 -11 24 0 0.24 T 0 8.1 24 270 M M 9 18 35 310
12 48 35 42 -10 23 0 T 0.0 0 6.1 21 320 M M 9 27 320
13 43 38 41 -11 24 0 0.36 0.0 0 4.4 10 360 M M 10 1 14 200
14 54 39 47 -5 18 0 0.02 0.0 0 4.4 17 290 M M 9 1 26 310
15 52 30 41 -11 24 0 0.09 0.0 0 2.0 10 70 M M 5 1 14 10
16 53 36 45 -8 20 0 0.27 0.0 0 5.2 20 300 M M 7 1 27 300
17 61 36 49 -4 16 0 0.00 0.0 0 3.3 10 300 M M 1 16 300
18 65 35 50 -3 15 0 0.05 0.0 0 4.7 25 250 M M 5 37 250
19 52 35 44 -9 21 0 0.16 0.0 0 4.0 14 270 M M 6 128 20 240
20 58 38 48 -6 17 0 0.20 0.0 0 4.8 20 260 M M 9 1 29 230
21 59 41 50 -4 15 0 0.11 0.0 0 4.5 22 220 M M 7 1 33 210
22 64 33 49 -5 16 0 T 0.0 0 3.9 18 20 M M 4 12 23 30
23 68 37 53 -1 12 0 0.00 0.0 0 3.6 10 10 M M 0 14 30
24 74 38 56 1 9 0 0.00 0.0 0 3.9 13 300 M M 0 19 290
25 66 45 56 1 9 0 0.00 0.0 0 5.6 15 320 M M 6 M M
26 62 43 53 -2 12 0 0.00 0.0 0 5.9 16 350 M M 4 21 350
27 64 46 55 -1 10 0 0.00 0.0 0 5.7 13 10 M M 5 21 99
28 57 43 50 -6 15 0 T 0.0 0 4.6 18 260 M M 8 27 300
29 68 38 53 -3 12 0 0.11 0.0 0 4.7 14 320 M M 7 21 320
30 62 48 55 -1 10 0 0.20 0.0 0 7.5 24 300 M M 8 1 33 290
================================================================================
SM 1823 1139 461 0 2.35 T 136.6 M 149
================================================================================
AV 60.8 38.0 4.6 FASTST M M 5 MAX(MPH)
MISC ----> 25 250 37 250
================================================================================
NOTES:
# LAST OF SEVERAL OCCURRENCES
COLUMN 17 PEAK WIND IN M.P.H.
PRELIMINARY LOCAL CLIMATOLOGICAL DATA (WS FORM: F-6) , PAGE 2
STATION: MEDFORD OR
MONTH: APRIL
YEAR: 2022
LATITUDE: 42 22 N
LONGITUDE: 122 52 W
[TEMPERATURE DATA] [PRECIPITATION DATA] SYMBOLS USED IN COLUMN 16
AVERAGE MONTHLY: 49.4 TOTAL FOR MONTH: 2.35 1 = FOG OR MIST
DPTR FM NORMAL: -3.4 DPTR FM NORMAL: 0.84 2 = FOG REDUCING VISIBILITY
HIGHEST: 85 ON 7 GRTST 24HR 0.50 ON 3- 4 TO 1/4 MILE OR LESS
LOWEST: 30 ON 15 3 = THUNDER
SNOW, ICE PELLETS, HAIL 4 = ICE PELLETS
TOTAL MONTH: T 5 = HAIL
GRTST 24HR T ON 11-11 6 = FREEZING RAIN OR DRIZZLE
GRTST DEPTH: 0 7 = DUSTSTORM OR SANDSTORM:
VSBY 1/2 MILE OR LESS
8 = SMOKE OR HAZE
[NO. OF DAYS WITH] [WEATHER - DAYS WITH] 9 = BLOWING SNOW
X = TORNADO
MAX 32 OR BELOW: 0 0.01 INCH OR MORE: 13
MAX 90 OR ABOVE: 0 0.10 INCH OR MORE: 9
MIN 32 OR BELOW: 3 0.50 INCH OR MORE: 1
MIN 0 OR BELOW: 0 1.00 INCH OR MORE: 0
[HDD (BASE 65) ]
TOTAL THIS MO. 461 CLEAR (SCALE 0-3) 11
DPTR FM NORMAL 92 PTCLDY (SCALE 4-7) 11
TOTAL FM JUL 1 3877 CLOUDY (SCALE 8-10) 8
DPTR FM NORMAL -92
[CDD (BASE 65) ]
TOTAL THIS MO. 0
DPTR FM NORMAL -3 [PRESSURE DATA]
TOTAL FM JAN 1 0 HIGHEST SLP M ON M
DPTR FM NORMAL -3 LOWEST SLP 29.55 ON 11
[REMARKS]
#FINAL-04-22#