000
CXUS54 KBMX 011010
CF6MGM
PRELIMINARY LOCAL CLIMATOLOGICAL DATA (WS FORM: F-6)
STATION: MONTGOMERY
MONTH: MARCH
YEAR: 2023
LATITUDE: 32 17 N
LONGITUDE: 86 24 W
TEMPERATURE IN F: :PCPN: SNOW: WIND :SUNSHINE: SKY :PK WND
================================================================================
1 2 3 4 5 6A 6B 7 8 9 10 11 12 13 14 15 16 17 18
12Z AVG MX 2MIN
DY MAX MIN AVG DEP HDD CDD WTR SNW DPTH SPD SPD DIR MIN PSBL S-S WX SPD DR
================================================================================
1 84 65 75 19 0 10 0.00 0.0 0 8.1 17 220 M M 4 23 220
2 82 62 72 16 0 7 0.02 0.0 M 10.1 23 40 M M 8 8 30 40
3 85 56 71 15 0 6 0.02 0.0 M 11.9 32 190 M M 7 45 210
4 78 51 65 8 0 0 0.00 0.0 M 4.6 12 300 M M 0 14 310
5 79 48 64 7 1 0 0.00 0.0 0 2.2 9 80 M M 0 12 80
6 85 48 67 10 0 2 0.00 0.0 M 3.6 14 250 M M 1 17 250
7 87 66 77 20 0 12 0.00 0.0 0 6.5 14 270 M M 5 17 290
8 77 57 67 9 0 2 0.00 0.0 0 9.0 20 80 M M 2 26 70
9 75 56 66 8 0 1 0.06 0.0 0 7.6 16 120 M M 9 3 19 120
10 69 48 59 1 6 0 0.69 0.0 0 6.4 18 300 M M 6 13 25 300
11 70 41 56 -2 9 0 0.00 0.0 0 3.6 10 180 M M 4 1 15 170
12 68 56 62 4 3 0 0.34 0.0 0 8.7 18 320 M M 10 1 22 310
13 65 44 55 -4 10 0 0.00 0.0 M 11.3 20 300 M M 2 25 280
14 59 38 49 -10 16 0 0.00 0.0 0 8.5 20 320 M M 0 23 310
15 64 30 47 -12 18 0 0.00 0.0 0 3.5 12 50 M M 0 16 20
16 73 35 54 -5 11 0 0.00 0.0 0 6.1 16 160 M M 0 21 160
17 67 46 57 -3 8 0 0.69 0.0 0 8.3 18 200 M M 9 1 25 200
18 58 42 50 -10 15 0 0.00 0.0 0 10.5 20 320 M M 2 25 10
19 52 33 43 -17 22 0 0.00 0.0 M 9.2 20 300 M M 0 26 300
20 57 27 42 -18 23 0 0.00 0.0 0 3.7 14 360 M M 0 17 10
21 68 30 49 -11 16 0 0.00 0.0 0 4.8 14 110 M M 0 18 120
22 79 42 61 1 4 0 0.00 0.0 0 4.6 12 170 M M 1 15 180
23 83 52 68 7 0 3 0.00 0.0 0 5.4 13 180 M M 2 1 17 170
24 85 61 73 12 0 8 0.00 0.0 0 9.3 18 170 M M 5 26 160
25 90 66 78 17 0 13 T 0.0 M 8.3 20 270 M M 5 26 250
26 79 67 73 12 0 8 2.26 0.0 0 7.0 24 280 M M 8 13 33 280
27 80 64 72 10 0 7 0.41 0.0 0 4.7 22 260 M M 6 13 30 260
28 80 58 69 7 0 4 0.01 0.0 0 6.8 16 350 M M 3 13 23 10
29 69 46 58 -4 7 0 0.00 0.0 0 4.8 15 360 M M 0 20 10
30 77 42 60 -2 5 0 0.00 0.0 0 4.6 14 130 M M 0 17 130
31 83 53 68 6 0 3 0.00 0.0 0 9.0 21 140 M M 3 27 140
================================================================================
SM 2307 1530 174 86 4.50 0.0 212.7 M 102
================================================================================
AV 74.4 49.4 6.9 FASTST M M 3 MAX(MPH)
MISC ----> 32 190 45 210
================================================================================
NOTES:
# LAST OF SEVERAL OCCURRENCES
COLUMN 17 PEAK WIND IN M.P.H.
PRELIMINARY LOCAL CLIMATOLOGICAL DATA (WS FORM: F-6) , PAGE 2
STATION: MONTGOMERY
MONTH: MARCH
YEAR: 2023
LATITUDE: 32 17 N
LONGITUDE: 86 24 W
[TEMPERATURE DATA] [PRECIPITATION DATA] SYMBOLS USED IN COLUMN 16
AVERAGE MONTHLY: 61.9 TOTAL FOR MONTH: 4.50 1 = FOG OR MIST
DPTR FM NORMAL: 2.7 DPTR FM NORMAL: -0.71 2 = FOG REDUCING VISIBILITY
HIGHEST: 90 ON 25 GRTST 24HR 2.67 ON 26-27 TO 1/4 MILE OR LESS
LOWEST: 27 ON 20 3 = THUNDER
SNOW, ICE PELLETS, HAIL 4 = ICE PELLETS
TOTAL MONTH: 0.0 INCH 5 = HAIL
GRTST 24HR 0.0 6 = FREEZING RAIN OR DRIZZLE
GRTST DEPTH: 0 7 = DUSTSTORM OR SANDSTORM:
VSBY 1/2 MILE OR LESS
8 = SMOKE OR HAZE
[NO. OF DAYS WITH] [WEATHER - DAYS WITH] 9 = BLOWING SNOW
X = TORNADO
MAX 32 OR BELOW: 0 0.01 INCH OR MORE: 9
MAX 90 OR ABOVE: 1 0.10 INCH OR MORE: 5
MIN 32 OR BELOW: 3 0.50 INCH OR MORE: 3
MIN 0 OR BELOW: 0 1.00 INCH OR MORE: 1
[HDD (BASE 65) ]
TOTAL THIS MO. 174 CLEAR (SCALE 0-3) 17
DPTR FM NORMAL -44 PTCLDY (SCALE 4-7) 10
TOTAL FM JUL 1 1456 CLOUDY (SCALE 8-10) 4
DPTR FM NORMAL -460
[CDD (BASE 65) ]
TOTAL THIS MO. 86
DPTR FM NORMAL 48 [PRESSURE DATA]
TOTAL FM JAN 1 174 HIGHEST SLP 30.43 ON 20
DPTR FM NORMAL 122 LOWEST SLP 29.46 ON 3
[REMARKS]
#FINAL-03-23#