000
CXUS51 KPBZ 010830
CF6MGW
PRELIMINARY LOCAL CLIMATOLOGICAL DATA (WS FORM: F-6)
STATION: MORGANTOWN WV
MONTH: OCTOBER
YEAR: 2020
LATITUDE: 39 39 N
LONGITUDE: 79 55 W
TEMPERATURE IN F: :PCPN: SNOW: WIND :SUNSHINE: SKY :PK WND
================================================================================
1 2 3 4 5 6A 6B 7 8 9 10 11 12 13 14 15 16 17 18
12Z AVG MX 2MIN
DY MAX MIN AVG DEP HDD CDD WTR SNW DPTH SPD SPD DIR MIN PSBL S-S WX SPD DR
================================================================================
1 66 47 57 -2 8 0 0.01 M M 4.1 14 220 M M 7 20 220
2 53 40 47 -12 18 0 0.00 M M 3.9 13 210 M M 3 14 190
3 63 34 49 -9 16 0 0.00 M M 0.9 8 220 M M 2 12 12 250
4 68 46 57 -1 8 0 0.30 M M 3.4 17 270 M M 8 13 27 270
5 60 44 52 -6 13 0 T M M 2.4 8 190 M M 8 11 190
6 69 36 53 -4 12 0 0.00 M M 5.1 14 210 M M 3 12 22 190
7 78 57 68 11 0 3 0.00 M M 6.9 17 280 M M 2 26 210
8 67 45 56 -1 9 0 0.00 M M 2.8 12 10 M M 1 16 330
9 74 41 58 2 7 0 0.00 M M 3.0 10 160 M M 0 15 150
10 74 62 68 12 0 3 0.00 M M 6.1 14 230 M M 6 22 230
11 73 59 66 10 0 1 0.45 M M 3.7 13 90 M M 6 1 17 90
12 71 60 66 11 0 1 T M M 7.9 18 140 M M 8 25 140
13 65 46 56 1 9 0 0.15 M M 5.1 10 310 M M 5 1 20 300
14 70 47 59 4 6 0 0.00 M M 4.6 12 200 M M 0 17 190
15 76 49 63 9 2 0 0.17 M M 7.2 20 230 M M 5 1 33 250
16 57 40 49 -5 16 0 0.08 M M 2.8 12 20 M M 7 1 15 360
17 59 32 46 -8 19 0 0.00 M M 3.1 12 150 M M 0 1 16 220
18 66 38 52 -2 13 0 0.00 M M 4.1 14 150 M M 3 17 150
19 66 52 59 6 6 0 0.02 M M 1.3 12 160 M M 9 16 170
20 69 56 63 10 2 0 0.02 M M 2.5 12 230 M M 5 1 19 200
21 80 51 66 13 0 1 0.00 M M 3.1 14 220 M M 2 12 20 200
22 82 51 67 15 0 2 0.00 M M 1.9 10 230 M M 0 1 17 240
23 81 56 69 17 0 4 0.00 M M 3.3 12 190 M M 1 19 210
24 69 46 58 6 7 0 0.36 M M 5.4 15 350 M M 9 18 26 350
25 53 42 48 -4 17 0 0.13 M M 5.7 12 100 M M 10 1 15 50
26 61 51 56 5 9 0 0.03 M M 2.7 9 230 M M 10 18 14 200
27 58 47 53 2 12 0 T M M 1.5 9 350 M M 9 1 12 350
28 58 51 55 4 10 0 0.04 M M 2.3 9 220 M M 9 1 13 210
29 56 46 51 1 14 0 1.68 M M 5.9 15 350 M M 10 1 21 360
30 48 36 42 -8 23 0 0.15 M M 5.3 14 300 M M 10 18 20 310
31 54 30 42 -8 23 0 0.00 M M 2.9 9 160 M M 2 12 13 140
================================================================================
SM 2044 1438 279 15 3.59 M 120.9 M 160
================================================================================
AV 65.9 46.4 3.9 FASTST M M 5 MAX(MPH)
MISC ----> 20 230 33 250
================================================================================
NOTES:
# LAST OF SEVERAL OCCURRENCES
COLUMN 17 PEAK WIND IN M.P.H.
PRELIMINARY LOCAL CLIMATOLOGICAL DATA (WS FORM: F-6) , PAGE 2
STATION: MORGANTOWN WV
MONTH: OCTOBER
YEAR: 2020
LATITUDE: 39 39 N
LONGITUDE: 79 55 W
[TEMPERATURE DATA] [PRECIPITATION DATA] SYMBOLS USED IN COLUMN 16
AVERAGE MONTHLY: 56.2 TOTAL FOR MONTH: 3.59 1 = FOG OR MIST
DPTR FM NORMAL: 2.0 DPTR FM NORMAL: 0.81 2 = FOG REDUCING VISIBILITY
HIGHEST: 82 ON 22 GRTST 24HR 1.68 ON 29-29 TO 1/4 MILE OR LESS
LOWEST: 30 ON 31 3 = THUNDER
SNOW, ICE PELLETS, HAIL 4 = ICE PELLETS
TOTAL MONTH: M 5 = HAIL
GRTST 24HR M ON M 6 = FREEZING RAIN OR DRIZZLE
GRTST DEPTH: M ON M 7 = DUSTSTORM OR SANDSTORM:
VSBY 1/2 MILE OR LESS
8 = SMOKE OR HAZE
[NO. OF DAYS WITH] [WEATHER - DAYS WITH] 9 = BLOWING SNOW
X = TORNADO
MAX 32 OR BELOW: 0 0.01 INCH OR MORE: 14
MAX 90 OR ABOVE: 0 0.10 INCH OR MORE: 8
MIN 32 OR BELOW: 2 0.50 INCH OR MORE: 1
MIN 0 OR BELOW: 0 1.00 INCH OR MORE: 1
[HDD (BASE 65) ]
TOTAL THIS MO. 279 CLEAR (SCALE 0-3) 12
DPTR FM NORMAL -66 PTCLDY (SCALE 4-7) 11
TOTAL FM JUL 1 349 CLOUDY (SCALE 8-10) 8
DPTR FM NORMAL -93
[CDD (BASE 65) ]
TOTAL THIS MO. 15
DPTR FM NORMAL 3 [PRESSURE DATA]
TOTAL FM JAN 1 1134 HIGHEST SLP 30.50 ON 31
DPTR FM NORMAL 321 LOWEST SLP 29.52 ON 29
[REMARKS]
#FINAL-10-20#