000
CXUS56 KMFR 011030
CF6MHS
PRELIMINARY LOCAL CLIMATOLOGICAL DATA (WS FORM: F-6)
STATION: MT SHASTA CITY CA
MONTH: FEBRUARY
YEAR: 2023
LATITUDE: 41 19 N
LONGITUDE: 122 19 W
TEMPERATURE IN F: :PCPN: SNOW: WIND :SUNSHINE: SKY :PK WND
================================================================================
1 2 3 4 5 6A 6B 7 8 9 10 11 12 13 14 15 16 17 18
12Z AVG MX 2MIN
DY MAX MIN AVG DEP HDD CDD WTR SNW DPTH SPD SPD DIR MIN PSBL S-S WX SPD DR
================================================================================
1 54 21 38 1 27 0 0.00 M M 0.1 5 220 M M 0 8 9 200
2 50 27 39 2 26 0 0.00 M M 2.1 6 130 M M 0 14 180
3 39 33 36 -1 29 0 0.28 M M 4.4 12 90 M M 8 18 32 140
4 43 34 39 2 26 0 0.60 M M 2.6 10 90 M M 10 1 17 80
5 42 34 38 1 27 0 0.06 M M 2.8 9 320 M M 8 1 21 360
6 48 28 38 1 27 0 0.00 M M 2.3 12 300 M M 2 8 22 280
7 55 26 41 4 24 0 0.00 M M 1.9 10 300 M M 2 18 18 300
8 54 28 41 4 24 0 0.00 M M 2.4 12 300 M M 1 18 20 300
9 61 28 45 7 20 0 0.00 M M 1.0 7 120 M M 0 8 14 110
10 48 34 41 3 24 0 0.05 M M 2.3 13 70 M M 5 18 23 80
11 51 34 43 5 22 0 0.03 M M 4.5 14 300 M M 5 1 31 330
12 57 28 43 5 22 0 0.00 M M 2.0 12 290 M M 0 8 19 300
13 51 29 40 2 25 0 0.03 M M 6.6 17 330 M M 1 128 37 300
14 34 23 29 -9 36 0 0.04 M M 4.5 12 340 M M 6 12 31 330
15 43 16 30 -8 35 0 0.00 M M 2.9 9 300 M M 1 8 17 300
16 41 19 30 -8 35 0 0.00 M M 1.4 7 110 M M 0 8 14 150
17 49 24 37 -1 28 0 0.00 M M 1.9 10 300 M M 1 8 20 280
18 51 24 38 0 27 0 0.00 M M 3.7 14 300 M M 0 25 300
19 58 31 45 7 20 0 0.00 M M 3.7 12 340 M M 0 25 320
20 61 38 50 11 15 0 0.00 M M 4.3 14 300 M M 1 29 290
21 52 26 39 0 26 0 0.22 M M 6.8 14 300 M M 6 128 34 330
22 35 19 27 -12 38 0 0.01 M M 2.2 8 50 M M 8 8 15 350
23 29 17 23 -16 42 0 0.76 M M 1.9 6 99 M M 9 128 M M
24 37 20 29 -10 36 0 0.55 M M 0.6 6 60 M M 7 128 11 210
25 48 17 33 -6 32 0 T M M 2.0 7 300 M M 2 18 18 130
26 37 30 34 -6 31 0 0.08 M M 3.2 10 90 M M 9 128 18 70
27 34 27 31 -9 34 0 0.90 M M 2.6 8 90 M M 8 128 17 110
28 36 21 29 -11 36 0 0.22 M M 2.9 10 360 M M 8 128 20 350
================================================================================
SM 1298 736 794 0 3.83 M 79.6 M 108
================================================================================
AV 46.4 26.3 2.8 FASTST M M 4 MAX(MPH)
MISC ----> 17 330 37 300
================================================================================
NOTES:
# LAST OF SEVERAL OCCURRENCES
COLUMN 17 PEAK WIND IN M.P.H.
PRELIMINARY LOCAL CLIMATOLOGICAL DATA (WS FORM: F-6) , PAGE 2
STATION: MT SHASTA CITY CA
MONTH: FEBRUARY
YEAR: 2023
LATITUDE: 41 19 N
LONGITUDE: 122 19 W
[TEMPERATURE DATA] [PRECIPITATION DATA] SYMBOLS USED IN COLUMN 16
AVERAGE MONTHLY: 36.3 TOTAL FOR MONTH: 3.83 1 = FOG OR MIST
DPTR FM NORMAL: -1.8 DPTR FM NORMAL: -2.58 2 = FOG REDUCING VISIBILITY
HIGHEST: 61 ON 20, 9 GRTST 24HR 1.28 ON 23-24 TO 1/4 MILE OR LESS
LOWEST: 16 ON 15 3 = THUNDER
SNOW, ICE PELLETS, HAIL 4 = ICE PELLETS
TOTAL MONTH: M 5 = HAIL
GRTST 24HR M ON M 6 = FREEZING RAIN OR DRIZZLE
GRTST DEPTH: M ON M 7 = DUSTSTORM OR SANDSTORM:
VSBY 1/2 MILE OR LESS
8 = SMOKE OR HAZE
[NO. OF DAYS WITH] [WEATHER - DAYS WITH] 9 = BLOWING SNOW
X = TORNADO
MAX 32 OR BELOW: 1 0.01 INCH OR MORE: 14
MAX 90 OR ABOVE: 0 0.10 INCH OR MORE: 7
MIN 32 OR BELOW: 22 0.50 INCH OR MORE: 4
MIN 0 OR BELOW: 0 1.00 INCH OR MORE: 0
[HDD (BASE 65) ]
TOTAL THIS MO. 794 CLEAR (SCALE 0-3) 15
DPTR FM NORMAL 42 PTCLDY (SCALE 4-7) 8
TOTAL FM JUL 1 3833 CLOUDY (SCALE 8-10) 5
DPTR FM NORMAL -85
[CDD (BASE 65) ]
TOTAL THIS MO. 0
DPTR FM NORMAL 0 [PRESSURE DATA]
TOTAL FM JAN 1 0 HIGHEST SLP 30.54 ON 6
DPTR FM NORMAL 0 LOWEST SLP 29.57 ON 23
[REMARKS]
#FINAL-02-23#