000
CXUS56 KMFR 011030
CF6MHS
PRELIMINARY LOCAL CLIMATOLOGICAL DATA (WS FORM: F-6)
STATION: MT SHASTA CITY CA
MONTH: NOVEMBER
YEAR: 2023
LATITUDE: 41 19 N
LONGITUDE: 122 19 W
TEMPERATURE IN F: :PCPN: SNOW: WIND :SUNSHINE: SKY :PK WND
================================================================================
1 2 3 4 5 6A 6B 7 8 9 10 11 12 13 14 15 16 17 18
12Z AVG MX 2MIN
DY MAX MIN AVG DEP HDD CDD WTR SNW DPTH SPD SPD DIR MIN PSBL S-S WX SPD DR
================================================================================
1 70 35 53 7 12 0 0.00 M M 0.3 6 130 M M 2 8 13 120
2 58 38 48 3 17 0 T M M 0.1 5 60 M M 7 8 7 70
3 65 35 50 5 15 0 T M M 0.6 8 300 M M 2 1 15 300
4 62 44 53 8 12 0 0.05 M M 2.7 10 120 M M 7 23 130
5 55 44 50 6 15 0 0.03 M M 3.6 10 130 M M 6 1 22 140
6 55 41 48 4 17 0 0.10 M M 1.3 9 60 M M 8 1 18 90
7 51 31 41 -3 24 0 0.00 M M 2.2 12 290 M M 0 25 300
8 53 26 40 -3 25 0 0.00 M M 1.1 8 300 M M 0 18 14 260
9 50 23 37 -6 28 0 0.00 M M 0.9 3 240 M M 0 M M
10 57 32 45 2 20 0 T M M 0.3 5 180 M M 0 18 9 220
11 60 29 45 3 20 0 0.00 M M 0.4 4 70 M M 0 8 M M
12 57 32 45 3 20 0 0.00 M M 1.3 6 130 M M 3 31 130
13 55 43 49 7 16 0 0.00 M M 2.5 12 90 M M 6 21 90
14 55 37 46 5 19 0 0.11 M M 0.2 9 130 M M 7 1 16 150
15 56 38 47 6 18 0 T M M 0.4 8 140 M M 8 18 17 120
16 56 37 47 6 18 0 0.13 M M 0.9 7 130 M M 7 1 14 140
17 62 35 49 9 16 0 0.25 M M 0.6 6 70 M M 6 1 14 220
18 50 38 44 4 21 0 1.13 M M 1.2 7 350 M M 8 1 21 330
19 45 32 39 -1 26 0 T M M 4.2 10 300 M M 3 25 350
20 52 26 39 -1 26 0 0.00 M M 1.8 9 300 M M 0 18 18 290
21 59 28 44 5 21 0 0.00 M M 1.1 7 130 M M 0 18 18 130
22 54 28 41 2 24 0 0.00 M M 1.8 9 320 M M 4 18 19 360
23 50 31 41 3 24 0 0.00 M M 4.6 13 310 M M 3 35 310
24 44 23 34 -4 31 0 0.00 M M 2.8 9 310 M M 0 8 20 300
25 45 18 32 -6 33 0 0.00 M M 1.2 8 300 M M 0 8 14 300
26 49 19 34 -4 31 0 0.00 M M 1.7 8 300 M M 0 8 14 290
27 52 19 36 -1 29 0 0.00 M M 0.9 7 290 M M 0 8 14 300
28 52 23 38 1 27 0 0.00 M M 1.2 5 120 M M 1 8 12 130
29 52 28 40 3 25 0 0.00 M M 1.1 8 290 M M 6 8 14 270
30 45 30 38 1 27 0 0.05 M M 0.7 7 290 M M 8 18 13 300
================================================================================
SM 1626 943 657 0 1.85 M 43.7 M 102
================================================================================
AV 54.2 31.4 1.5 FASTST M M 3 MAX(MPH)
MISC ----> 13 310 35 310
================================================================================
NOTES:
# LAST OF SEVERAL OCCURRENCES
COLUMN 17 PEAK WIND IN M.P.H.
PRELIMINARY LOCAL CLIMATOLOGICAL DATA (WS FORM: F-6) , PAGE 2
STATION: MT SHASTA CITY CA
MONTH: NOVEMBER
YEAR: 2023
LATITUDE: 41 19 N
LONGITUDE: 122 19 W
[TEMPERATURE DATA] [PRECIPITATION DATA] SYMBOLS USED IN COLUMN 16
AVERAGE MONTHLY: 42.8 TOTAL FOR MONTH: 1.85 1 = FOG OR MIST
DPTR FM NORMAL: 1.9 DPTR FM NORMAL: -1.78 2 = FOG REDUCING VISIBILITY
HIGHEST: 70 ON 1 GRTST 24HR 1.79 ON 17-18 TO 1/4 MILE OR LESS
LOWEST: 18 ON 25 3 = THUNDER
SNOW, ICE PELLETS, HAIL 4 = ICE PELLETS
TOTAL MONTH: M 5 = HAIL
GRTST 24HR M ON M 6 = FREEZING RAIN OR DRIZZLE
GRTST DEPTH: M ON M 7 = DUSTSTORM OR SANDSTORM:
VSBY 1/2 MILE OR LESS
8 = SMOKE OR HAZE
[NO. OF DAYS WITH] [WEATHER - DAYS WITH] 9 = BLOWING SNOW
X = TORNADO
MAX 32 OR BELOW: 0 0.01 INCH OR MORE: 8
MAX 90 OR ABOVE: 0 0.10 INCH OR MORE: 5
MIN 32 OR BELOW: 18 0.50 INCH OR MORE: 1
MIN 0 OR BELOW: 0 1.00 INCH OR MORE: 1
[HDD (BASE 65) ]
TOTAL THIS MO. 657 CLEAR (SCALE 0-3) 16
DPTR FM NORMAL -65 PTCLDY (SCALE 4-7) 14
TOTAL FM JUL 1 1159 CLOUDY (SCALE 8-10) 0
DPTR FM NORMAL -184
[CDD (BASE 65) ]
TOTAL THIS MO. 0
DPTR FM NORMAL 0 [PRESSURE DATA]
TOTAL FM JAN 1 505 HIGHEST SLP 30.58 ON 20
DPTR FM NORMAL 196 LOWEST SLP 29.72 ON 6
[REMARKS]
#FINAL-11-23#