000
CXUS52 KMFL 011130
CF6MIA
PRELIMINARY LOCAL CLIMATOLOGICAL DATA (WS FORM: F-6)
STATION: MIAMI
MONTH: DECEMBER
YEAR: 2021
LATITUDE: 25 49 N
LONGITUDE: 80 17 W
TEMPERATURE IN F: :PCPN: SNOW: WIND :SUNSHINE: SKY :PK WND
================================================================================
1 2 3 4 5 6A 6B 7 8 9 10 11 12 13 14 15 16 17 18
12Z AVG MX 2MIN
DY MAX MIN AVG DEP HDD CDD WTR SNW DPTH SPD SPD DIR MIN PSBL S-S WX SPD DR
================================================================================
1 80 61 71 -2 0 6 0.00 0.0 0 3.0 14 80 M M 2 22 90
2 81 61 71 -2 0 6 0.00 0.0 M 4.3 12 360 M M 3 18 290
3 80 63 72 -1 0 7 0.00 0.0 M 4.6 14 80 M M 3 17 70
4 79 63 71 -2 0 6 0.00 0.0 M 4.0 14 120 M M 5 18 120
5 83 65 74 1 0 9 0.00 0.0 M 4.8 14 130 M M 4 17 120
6 83 72 78 6 0 13 0.25 0.0 0 4.1 15 120 M M 7 1 25 140
7 85 69 77 5 0 12 0.00 0.0 0 2.9 8 90 M M 2 1 12 130
8 84 67 76 4 0 11 0.00 0.0 0 3.6 13 140 M M 2 20 180
9 85 69 77 5 0 12 0.00 0.0 0 3.2 10 110 M M 2 1 16 150
10 83 71 77 5 0 12 0.00 0.0 0 6.1 14 120 M M 3 20 130
11 83 71 77 5 0 12 0.00 0.0 0 7.3 18 100 M M 2 25 160
12 84 70 77 5 0 12 0.00 0.0 M 5.4 15 100 M M 3 19 100
13 84 74 79 7 0 14 0.00 0.0 M 7.4 16 80 M M 2 21 90
14 82 72 77 5 0 12 0.06 0.0 0 8.0 17 70 M M 5 23 80
15 82 71 77 5 0 12 0.42 0.0 0 9.2 24 100 M M 6 1 29 100
16 82 74 78 7 0 13 T 0.0 0 13.1 23 90 M M 4 27 80
17 83 71 77 6 0 12 T 0.0 0 11.4 20 90 M M 5 24 90
18 83 73 78 7 0 13 0.24 0.0 0 10.1 21 110 M M 7 13 29 130
19 85 73 79 8 0 14 0.13 0.0 0 6.7 20 210 M M 6 1 24 180
20 83 72 78 7 0 13 0.00 0.0 0 4.8 12 100 M M 7 1 15 100
21 79 70 75 4 0 10 0.09 0.0 0 9.5 21 250 M M 8 18 31 240
22 71 62 67 -3 0 2 0.00 0.0 M 7.2 16 310 M M 4 25 280
23 75 56 66 -4 0 1 0.00 0.0 M 4.7 9 300 M M 1 14 40
24 79 58 69 -1 0 4 0.00 0.0 0 4.4 15 100 M M 2 19 90
25 80 62 71 1 0 6 0.00 0.0 0 5.1 15 110 M M 4 19 140
26 83 64 74 4 0 9 0.00 0.0 0 2.4 9 110 M M 3 13 110
27 83 66 75 5 0 10 0.00 0.0 0 3.7 12 130 M M 2 16 190
28 79 66 73 3 0 8 0.00 0.0 0 5.4 15 120 M M 5 20 160
29 81 69 75 5 0 10 0.00 0.0 0 6.4 14 130 M M 4 21 150
30 83 69 76 6 0 11 0.00 0.0 0 5.4 13 130 M M 2 1 24 100
31 82 68 75 6 0 10 0.00 0.0 0 4.6 12 120 M M 2 16 140
================================================================================
SM 2529 2092 0 302 1.19 0.0 182.8 M 117
================================================================================
AV 81.6 67.5 5.9 FASTST M M 4 MAX(MPH)
MISC ----> 24 100 31 240
================================================================================
NOTES:
# LAST OF SEVERAL OCCURRENCES
COLUMN 17 PEAK WIND IN M.P.H.
PRELIMINARY LOCAL CLIMATOLOGICAL DATA (WS FORM: F-6) , PAGE 2
STATION: MIAMI
MONTH: DECEMBER
YEAR: 2021
LATITUDE: 25 49 N
LONGITUDE: 80 17 W
[TEMPERATURE DATA] [PRECIPITATION DATA] SYMBOLS USED IN COLUMN 16
AVERAGE MONTHLY: 74.5 TOTAL FOR MONTH: 1.19 1 = FOG OR MIST
DPTR FM NORMAL: 3.3 DPTR FM NORMAL: -1.25 2 = FOG REDUCING VISIBILITY
HIGHEST: 85 ON 19, 9 GRTST 24HR 0.48 ON 14-15 TO 1/4 MILE OR LESS
LOWEST: 56 ON 23 3 = THUNDER
SNOW, ICE PELLETS, HAIL 4 = ICE PELLETS
TOTAL MONTH: 0.0 INCH 5 = HAIL
GRTST 24HR 0.0 6 = FREEZING RAIN OR DRIZZLE
GRTST DEPTH: 0 7 = DUSTSTORM OR SANDSTORM:
VSBY 1/2 MILE OR LESS
8 = SMOKE OR HAZE
[NO. OF DAYS WITH] [WEATHER - DAYS WITH] 9 = BLOWING SNOW
X = TORNADO
MAX 32 OR BELOW: 0 0.01 INCH OR MORE: 6
MAX 90 OR ABOVE: 0 0.10 INCH OR MORE: 4
MIN 32 OR BELOW: 0 0.50 INCH OR MORE: 0
MIN 0 OR BELOW: 0 1.00 INCH OR MORE: 0
[HDD (BASE 65) ]
TOTAL THIS MO. 0 CLEAR (SCALE 0-3) 16
DPTR FM NORMAL -26 PTCLDY (SCALE 4-7) 15
TOTAL FM JUL 1 0 CLOUDY (SCALE 8-10) 0
DPTR FM NORMAL -28
[CDD (BASE 65) ]
TOTAL THIS MO. 302
DPTR FM NORMAL 83 [PRESSURE DATA]
TOTAL FM JAN 1 4974 HIGHEST SLP 30.27 ON 14
DPTR FM NORMAL 318 LOWEST SLP 29.76 ON 21
[REMARKS]
#FINAL-12-21#