000
CXUS53 KDMX 021148
CF6MIW
PRELIMINARY LOCAL CLIMATOLOGICAL DATA (WS FORM: F-6)
STATION: MARSHALLTOWN IA
MONTH: MARCH
YEAR: 2023
LATITUDE: 42 6 N
LONGITUDE: 92 55 W
TEMPERATURE IN F: :PCPN: SNOW: WIND :SUNSHINE: SKY :PK WND
================================================================================
1 2 3 4 5 6A 6B 7 8 9 10 11 12 13 14 15 16 17 18
12Z AVG MX 2MIN
DY MAX MIN AVG DEP HDD CDD WTR SNW DPTH SPD SPD DIR MIN PSBL S-S WX SPD DR
================================================================================
1 50 29 40 11 25 0 0.00 0.0 M 13.9 28 280 M M 4 1 38 290
2 38 28 33 4 32 0 0.00 0.0 M 8.3 21 350 M M 7 28 360
3 49 27 38 8 27 0 0.00 0.0 M 7.9 15 40 M M 0 18 19 30
4 49 26 38 8 27 0 T 0.0 M 4.9 13 300 M M 3 18 M M
5 45 24 35 5 30 0 0.08 0.0 M 12.7 31 110 M M 5 13 41 110
6 42 32 37 6 28 0 0.00 0.0 M 12.2 24 350 M M 7 12 30 350
7 47 31 39 7 26 0 0.00 0.0 M 14.4 24 100 M M 5 31 80
8 40 33 37 5 28 0 T M M 12.9 20 100 M M 9 18 26 130
9 37 30 34 2 31 0 M M M 11.8 22 90 M M 10 126 27 90
10 34 23 29 -4 36 0 0.00 0.0 M 10.1 20 350 M M 9 24 340
11 34 28 31 -2 34 0 M M M 12.0 24 120 M M 9 12 31 120
12 33 22 28 -6 37 0 0.00 0.0 M 16.3 28 300 M M 8 1 36 290
13 29 11 20 -14 45 0 0.00 0.0 M 14.7 24 320 M M 8 31 320
14 35 7 21 -14 44 0 0.00 0.0 M 7.8 17 160 M M 2 1 24 150
15 57 32 45 10 20 0 0.00 0.0 M 14.8 25 170 M M 0 36 180
16 48 22 35 -1 30 0 M M M 17.9 38 310 M M 10 1 51 310
17 28 9 19 -17 46 0 T M M 26.0 38 310 M M 6 8 51 310
18 26 8 17 -20 48 0 T M M 22.8 31 300 M M 7 8 39 320
19 43 9 26 -11 39 0 0.00 0.0 M 13.7 22 200 M M 0 31 230
20 55 30 43 5 22 0 0.00 0.0 M 12.2 23 240 M M 0 29 220
21 57 31 44 6 21 0 0.00 0.0 M 13.0 24 160 M M 4 34 150
22 54 33 44 5 21 0 T M M 10.4 20 360 M M 7 12 27 360
23 43 25 34 -5 31 0 M M M 10.1 21 10 M M 6 16 27 10
24 52 25 39 -1 26 0 0.00 0.0 M 9.2 17 100 M M 0 29 70
25 54 30 42 2 23 0 0.00 0.0 M 9.9 20 290 M M 4 24 300
26 40 30 35 -5 30 0 M M M 10.7 18 20 M M 8 18 23 350
27 49 22 36 -5 29 0 0.00 0.0 M 8.6 17 340 M M 0 22 300
28 47 25 36 -5 29 0 0.00 0.0 M 9.1 18 260 M M 1 25 280
29 40 24 32 -10 33 0 0.00 0.0 M 11.1 24 340 M M 4 31 340
30 65 27 46 4 19 0 T 0.0 M 16.5 29 130 M M 7 3 39 140
31 76 34 55 13 10 0 0.07 0.0 M 17.6 36 270 M M 7 13 54 260
================================================================================
SM 1396 767 927 0 0.15 0.0 393.5 M 157
================================================================================
AV 45.0 24.7 12.7 FASTST M M 5 MAX(MPH)
MISC ----> # 38 310 54 260
================================================================================
NOTES:
# LAST OF SEVERAL OCCURRENCES
COLUMN 17 PEAK WIND IN M.P.H.
PRELIMINARY LOCAL CLIMATOLOGICAL DATA (WS FORM: F-6) , PAGE 2
STATION: MARSHALLTOWN IA
MONTH: MARCH
YEAR: 2023
LATITUDE: 42 6 N
LONGITUDE: 92 55 W
[TEMPERATURE DATA] [PRECIPITATION DATA] SYMBOLS USED IN COLUMN 16
AVERAGE MONTHLY: 34.9 TOTAL FOR MONTH: 0.15 1 = FOG OR MIST
DPTR FM NORMAL: -0.8 DPTR FM NORMAL: -1.49 2 = FOG REDUCING VISIBILITY
HIGHEST: 76 ON 31 GRTST 24HR 0.09 ON 9- 9 TO 1/4 MILE OR LESS
LOWEST: 7 ON 14 3 = THUNDER
SNOW, ICE PELLETS, HAIL 4 = ICE PELLETS
TOTAL MONTH: 0.0 INCH 5 = HAIL
GRTST 24HR 0.0 6 = FREEZING RAIN OR DRIZZLE
GRTST DEPTH: M ON M 7 = DUSTSTORM OR SANDSTORM:
VSBY 1/2 MILE OR LESS
8 = SMOKE OR HAZE
[NO. OF DAYS WITH] [WEATHER - DAYS WITH] 9 = BLOWING SNOW
X = TORNADO
MAX 32 OR BELOW: 3 0.01 INCH OR MORE: 2
MAX 90 OR ABOVE: 0 0.10 INCH OR MORE: 0
MIN 32 OR BELOW: 28 0.50 INCH OR MORE: 0
MIN 0 OR BELOW: 0 1.00 INCH OR MORE: 0
[HDD (BASE 65) ]
TOTAL THIS MO. 927 CLEAR (SCALE 0-3) 8
DPTR FM NORMAL 19 PTCLDY (SCALE 4-7) 17
TOTAL FM JUL 1 5950 CLOUDY (SCALE 8-10) 6
DPTR FM NORMAL -306
[CDD (BASE 65) ]
TOTAL THIS MO. 0
DPTR FM NORMAL -1 [PRESSURE DATA]
TOTAL FM JAN 1 0 HIGHEST SLP 30.45 ON 14
DPTR FM NORMAL -1 LOWEST SLP 29.10 ON 31
[REMARKS]
#FINAL-03-23#