000
CXUS53 KGRR 010910
CF6MKG
PRELIMINARY LOCAL CLIMATOLOGICAL DATA (WS FORM: F-6)
STATION: MUSKEGON
MONTH: JUNE
YEAR: 2023
LATITUDE: 43 10 N
LONGITUDE: 86 14 W
TEMPERATURE IN F: :PCPN: SNOW: WIND :SUNSHINE: SKY :PK WND
================================================================================
1 2 3 4 5 6A 6B 7 8 9 10 11 12 13 14 15 16 17 18
12Z AVG MX 2MIN
DY MAX MIN AVG DEP HDD CDD WTR SNW DPTH SPD SPD DIR MIN PSBL S-S WX SPD DR
================================================================================
1 92 62 77 14 0 12 0.00 0.0 0 4.8 12 210 M M 4 17 220
2 92 67 80 16 0 15 T 0.0 0 4.5 14 310 M M 6 8 19 290
3 93 64 79 15 0 14 0.06 0.0 0 7.5 15 70 M M 5 8 24 30
4 85 59 72 8 0 7 0.00 0.0 0 6.3 22 70 0 M 3 8 29 70
5 80 55 68 3 0 3 0.00 0.0 0 5.3 12 290 M M 3 8 19 290
6 80 59 70 5 0 5 0.00 0.0 0 6.8 15 290 M M 6 8 21 320
7 77 50 64 -1 1 0 0.00 0.0 0 8.3 20 320 M M 2 8 28 290
8 76 50 63 -3 2 0 0.00 0.0 0 8.4 18 340 M M 1 31 320
9 73 47 60 -6 5 0 0.00 0.0 0 4.3 15 270 M M 3 8 21 290
10 75 52 64 -2 1 0 T 0.0 0 5.5 12 220 M M 5 8 17 220
11 67 54 61 -5 4 0 0.18 0.0 0 9.2 15 360 M M 10 18 24 10
12 62 52 57 -10 8 0 T 0.0 0 8.6 17 330 M M 8 22 310
13 65 45 55 -12 10 0 0.21 0.0 0 4.9 13 200 M M 7 18 17 230
14 68 47 58 -9 7 0 0.00 0.0 0 4.0 13 230 M M 6 12 17 260
15 68 53 61 -7 4 0 T 0.0 0 7.9 18 360 M M 10 128 27 330
16 73 54 64 -4 1 0 0.00 0.0 0 7.9 16 290 M M 6 8 21 290
17 74 50 62 -6 3 0 0.00 0.0 0 4.8 13 270 M M 0 18 19 280
18 84 49 67 -1 0 2 0.00 0.0 0 4.5 13 220 M M 1 18 17 210
19 90 61 76 7 0 11 0.00 0.0 0 8.0 18 60 M M 4 8 25 120
20 93 62 78 9 0 13 0.00 0.0 0 9.8 18 80 M M 2 8 31 90
21 94 66 80 11 0 15 0.00 0.0 0 8.7 17 110 M M 2 26 90
22 90 64 77 8 0 12 0.00 0.0 0 6.9 16 110 M M 3 8 26 70
23 85 66 76 6 0 11 0.00 0.0 0 5.3 13 310 M M 6 18 60
24 85 62 74 4 0 9 0.00 0.0 0 4.7 15 280 M M 3 21 270
25 86 66 76 6 0 11 0.03 0.0 0 10.4 29 200 M M 7 138 44 200
26 71 63 67 -3 0 2 0.08 0.0 0 11.2 22 340 M M 10 18 31 340
27 76 60 68 -2 0 3 0.00 0.0 0 9.8 22 340 M M 9 8 31 320
28 81 50 66 -4 0 1 0.00 0.0 0 3.1 12 260 M M 6 18 16 230
29 89 63 76 5 0 11 0.02 0.0 0 9.6 22 190 M M 6 38 33 180
30 89 67 78 7 0 13 0.00 0.0 0 4.7 15 220 M M 7 128 20 210
================================================================================
SM 2413 1719 46 170 0.58 0.0 205.7 0 151
================================================================================
AV 80.4 57.3 6.9 FASTST 0 M 5 MAX(MPH)
MISC ----> 29 200 44 200
================================================================================
NOTES:
# LAST OF SEVERAL OCCURRENCES
COLUMN 17 PEAK WIND IN M.P.H.
PRELIMINARY LOCAL CLIMATOLOGICAL DATA (WS FORM: F-6) , PAGE 2
STATION: MUSKEGON
MONTH: JUNE
YEAR: 2023
LATITUDE: 43 10 N
LONGITUDE: 86 14 W
[TEMPERATURE DATA] [PRECIPITATION DATA] SYMBOLS USED IN COLUMN 16
AVERAGE MONTHLY: 68.9 TOTAL FOR MONTH: 0.58 1 = FOG OR MIST
DPTR FM NORMAL: 1.5 DPTR FM NORMAL: -2.47 2 = FOG REDUCING VISIBILITY
HIGHEST: 94 ON 21 GRTST 24HR 0.21 ON 12-13 TO 1/4 MILE OR LESS
LOWEST: 45 ON 13 3 = THUNDER
SNOW, ICE PELLETS, HAIL 4 = ICE PELLETS
TOTAL MONTH: 0.0 INCH 5 = HAIL
GRTST 24HR 0.0 6 = FREEZING RAIN OR DRIZZLE
GRTST DEPTH: 0 7 = DUSTSTORM OR SANDSTORM:
VSBY 1/2 MILE OR LESS
8 = SMOKE OR HAZE
[NO. OF DAYS WITH] [WEATHER - DAYS WITH] 9 = BLOWING SNOW
X = TORNADO
MAX 32 OR BELOW: 0 0.01 INCH OR MORE: 6
MAX 90 OR ABOVE: 7 0.10 INCH OR MORE: 2
MIN 32 OR BELOW: 0 0.50 INCH OR MORE: 0
MIN 0 OR BELOW: 0 1.00 INCH OR MORE: 0
[HDD (BASE 65) ]
TOTAL THIS MO. 46 CLEAR (SCALE 0-3) 9
DPTR FM NORMAL -4 PTCLDY (SCALE 4-7) 17
TOTAL FM JUL 1 5543 CLOUDY (SCALE 8-10) 4
DPTR FM NORMAL -757
[CDD (BASE 65) ]
TOTAL THIS MO. 170
DPTR FM NORMAL 46 [PRESSURE DATA]
TOTAL FM JAN 1 216 HIGHEST SLP 30.16 ON 21
DPTR FM NORMAL 56 LOWEST SLP 29.48 ON 26
[REMARKS]
#FINAL-06-23#