000
CXHW52 PHFO 011250
CF6MKK
PRELIMINARY LOCAL CLIMATOLOGICAL DATA (WS FORM: F-6)
STATION: MOLOKAI HI
MONTH: MARCH
YEAR: 2020
LATITUDE: 21 8 N
LONGITUDE: 157 6 W
TEMPERATURE IN F: :PCPN: SNOW: WIND :SUNSHINE: SKY :PK WND
================================================================================
1 2 3 4 5 6A 6B 7 8 9 10 11 12 13 14 15 16 17 18
12Z AVG MX 2MIN
DY MAX MIN AVG DEP HDD CDD WTR SNW DPTH SPD SPD DIR MIN PSBL S-S WX SPD DR
================================================================================
1 79 67 73 3 0 8 T 0.0 M 16.6 30 60 M M M 42 50
2 78 67 73 3 0 8 T 0.0 M 9.5 23 60 M M M 31 60
3 85 62 74 4 0 9 0.00 0.0 M 6.0 22 190 M M M 27 190
4 82 65 74 4 0 9 0.00 0.0 M 4.4 13 350 M M M 17 340
5 83 63 73 3 0 8 0.02 0.0 M 8.2 23 60 M M M 30 50
6 79 69 74 4 0 9 0.01 0.0 M 15.4 30 40 M M M 46 60
7 79 69 74 3 0 9 0.01 0.0 M 17.0 28 60 M M M 38 50
8 78 69 74 3 0 9 0.00 0.0 M 14.3 28 60 M M M 38 60
9 76 66 71 0 0 6 0.06 0.0 M 9.5 22 50 M M M 18 30 40
10 81 59 70 -1 0 5 0.00 0.0 M 5.6 14 50 M M M 20 170
11 80 61 71 0 0 6 0.08 0.0 M 5.1 16 210 M M M 1 20 210
12 77 64 71 0 0 6 0.31 0.0 M 4.2 13 180 M M M 1 17 190
13 78 68 73 2 0 8 0.08 0.0 M 6.1 13 350 M M M 1 16 40
14 79 67 73 2 0 8 0.03 0.0 M 8.5 18 360 M M M 1 22 10
15 78 69 74 3 0 9 0.25 0.0 M 5.7 14 170 M M M 1 17 150
16 79 68 74 3 0 9 0.05 0.0 M 5.3 18 170 M M M 1 27 140
17 77 67 72 1 0 7 0.50 0.0 M 8.2 29 270 M M M 18 40 260
18 80 66 73 2 0 8 0.17 0.0 M 9.2 24 300 M M M 1 35 290
19 78 67 73 2 0 8 0.02 0.0 M 6.0 16 330 M M M 1 24 340
20 81 64 73 2 0 8 0.00 0.0 M 3.9 13 200 M M M 16 180
21 82 64 73 2 0 8 0.00 0.0 M 6.8 18 40 M M M 25 40
22 78 64 71 0 0 6 0.00 0.0 M 12.8 25 50 M M M 37 60
23 79 67 73 1 0 8 0.02 0.0 M 17.8 28 50 M M M 1 40 50
24 79 67 73 1 0 8 0.05 0.0 M 17.7 26 50 M M M 18 39 40
25 77 66 72 0 0 7 0.31 0.0 M 18.5 28 50 M M M 18 38 60
26 76 68 72 0 0 7 0.00 0.0 M 15.7 28 60 M M M 40 50
27 77 65 71 -1 0 6 0.05 0.0 M 9.5 18 50 M M M 27 30
28 82 61 72 0 0 7 0.00 0.0 M 9.9 23 50 M M M 31 50
29 82 66 74 2 0 9 0.00 0.0 M 11.6 23 50 M M M 32 40
30 79 65 72 0 0 7 0.00 0.0 M 13.0 22 50 M M M 29 50
31 78 70 74 2 0 9 0.00 0.0 M 9.9 20 50 M M M 27 50
================================================================================
SM 2456 2040 0 239 2.02 0.0 311.9 M M
================================================================================
AV 79.2 65.8 10.1 FASTST M M 0 MAX(MPH)
MISC ----> # 30 60 # 46 60
================================================================================
NOTES:
# LAST OF SEVERAL OCCURRENCES
COLUMN 17 PEAK WIND IN M.P.H.
PRELIMINARY LOCAL CLIMATOLOGICAL DATA (WS FORM: F-6) , PAGE 2
STATION: MOLOKAI HI
MONTH: MARCH
YEAR: 2020
LATITUDE: 21 8 N
LONGITUDE: 157 6 W
[TEMPERATURE DATA] [PRECIPITATION DATA] SYMBOLS USED IN COLUMN 16
AVERAGE MONTHLY: 72.5 TOTAL FOR MONTH: 2.02 1 = FOG OR MIST
DPTR FM NORMAL: 1.4 DPTR FM NORMAL: -0.65 2 = FOG REDUCING VISIBILITY
HIGHEST: 85 ON 3 GRTST 24HR 0.50 ON 17-17 TO 1/4 MILE OR LESS
LOWEST: 59 ON 10 3 = THUNDER
SNOW, ICE PELLETS, HAIL 4 = ICE PELLETS
TOTAL MONTH: 0.0 INCH 5 = HAIL
GRTST 24HR 0.0 6 = FREEZING RAIN OR DRIZZLE
GRTST DEPTH: M ON M 7 = DUSTSTORM OR SANDSTORM:
VSBY 1/2 MILE OR LESS
8 = SMOKE OR HAZE
[NO. OF DAYS WITH] [WEATHER - DAYS WITH] 9 = BLOWING SNOW
X = TORNADO
MAX 32 OR BELOW: 0 0.01 INCH OR MORE: 17
MAX 90 OR ABOVE: 0 0.10 INCH OR MORE: 5
MIN 32 OR BELOW: 0 0.50 INCH OR MORE: 1
MIN 0 OR BELOW: 0 1.00 INCH OR MORE: 0
[HDD (BASE 65) ]
TOTAL THIS MO. 0 CLEAR (SCALE 0-3) 0
DPTR FM NORMAL -1 PTCLDY (SCALE 4-7) 0
TOTAL FM JUL 1 0 CLOUDY (SCALE 8-10) 0
DPTR FM NORMAL -3
[CDD (BASE 65) ]
TOTAL THIS MO. 239
DPTR FM NORMAL 49 [PRESSURE DATA]
TOTAL FM JAN 1 701 HIGHEST SLP 30.28 ON 7
DPTR FM NORMAL 190 LOWEST SLP 29.90 ON 12
[REMARKS]
#FINAL-03-20#