000
CXUS54 KMEG 011000
CF6MKL
PRELIMINARY LOCAL CLIMATOLOGICAL DATA (WS FORM: F-6)
STATION: JACKSON
MONTH: JANUARY
YEAR: 2024
LATITUDE: 35 35 N
LONGITUDE: 88 55 W
TEMPERATURE IN F: :PCPN: SNOW: WIND :SUNSHINE: SKY :PK WND
================================================================================
1 2 3 4 5 6A 6B 7 8 9 10 11 12 13 14 15 16 17 18
12Z AVG MX 2MIN
DY MAX MIN AVG DEP HDD CDD WTR SNW DPTH SPD SPD DIR MIN PSBL S-S WX SPD DR
================================================================================
1 39 27 33 -7 32 0 0.00 M M 6.4 17 10 M M 8 22 360
2 43 20 32 -7 33 0 0.00 M M 0.8 7 270 M M 3 11 200
3 44 22 33 -6 32 0 0.00 M M 0.8 7 260 M M 1 8 240
4 41 21 31 -8 34 0 0.00 M M 4.9 17 30 M M 4 1 24 30
5 44 19 32 -7 33 0 0.13 M M 4.6 12 100 M M 5 1 19 100
6 42 40 41 2 24 0 0.11 M M 7.3 15 250 M M 10 1 20 240
7 51 27 39 0 26 0 0.00 M M 6.1 15 270 M M 5 21 250
8 49 25 37 -2 28 0 1.42 M M 7.1 18 280 M M 5 13 33 120
9 48 36 42 3 23 0 0.48 M M 17.4 35 250 M M 10 1 49 240
10 49 33 41 2 24 0 0.00 M M 10.4 20 270 M M 4 30 250
11 60 31 46 7 19 0 0.00 M M 7.5 21 160 M M 1 39 170
12 58 29 44 5 21 0 1.07 M M 19.1 36 250 M M 9 13 49 180
13 43 23 33 -6 32 0 0.00 M M 8.0 21 290 M M 3 28 270
14 32 12 22 -17 43 0 0.04 M M 10.6 18 320 M M 8 1 23 330
15 12 9 11 -28 54 0 0.06 M M 10.4 15 350 M M 10 18 19 10
16 13 -6 4 -35 61 0 0.00 M M 7.8 16 340 M M 1 21 340
17 31 -10 11 -28 54 0 0.00 M M 7.1 14 210 M M 0 19 210
18 34 24 29 -10 36 0 0.06 M M 5.8 14 180 M M 7 168 23 160
19 31 10 21 -18 44 0 0.00 M M 9.5 28 340 M M 6 36 340
20 18 3 11 -28 54 0 0.00 M M 7.1 16 340 M M 0 8 20 360
21 32 1 17 -22 48 0 0.00 M M 3.6 14 90 M M 0 18 80
22 48 25 37 -2 28 0 0.01 M M 6.3 16 170 M M 7 25 170
23 58 46 52 13 13 0 0.17 M M 8.1 16 170 M M 10 1 27 170
24 62 54 58 19 7 0 0.94 M M 6.0 14 270 M M 9 12 23 150
25 63 53 58 19 7 0 0.36 M M 4.3 15 260 M M 10 12 20 240
26 58 45 52 13 13 0 0.00 M M 4.3 12 10 M M 8 18 14 360
27 51 43 47 8 18 0 1.05 M M 12.1 22 290 M M 10 1 34 300
28 45 40 43 4 22 0 0.00 M M 10.9 18 320 M M 10 18 29 300
29 49 28 39 0 26 0 0.00 M M 4.0 13 350 M M 6 15 350
30 62 28 45 5 20 0 0.00 M M 7.2 18 50 M M 0 24 40
31 54 29 42 2 23 0 0.00 M M 4.6 14 30 M M 2 18 40
================================================================================
SM 1364 787 932 0 5.90 M 230.1 M 172
================================================================================
AV 44.0 25.4 7.4 FASTST M M 6 MAX(MPH)
MISC ----> 36 250 # 49 240
================================================================================
NOTES:
# LAST OF SEVERAL OCCURRENCES
COLUMN 17 PEAK WIND IN M.P.H.
PRELIMINARY LOCAL CLIMATOLOGICAL DATA (WS FORM: F-6) , PAGE 2
STATION: JACKSON
MONTH: JANUARY
YEAR: 2024
LATITUDE: 35 35 N
LONGITUDE: 88 55 W
[TEMPERATURE DATA] [PRECIPITATION DATA] SYMBOLS USED IN COLUMN 16
AVERAGE MONTHLY: 34.7 TOTAL FOR MONTH: 5.90 1 = FOG OR MIST
DPTR FM NORMAL: -4.3 DPTR FM NORMAL: 1.83 2 = FOG REDUCING VISIBILITY
HIGHEST: 63 ON 25 GRTST 24HR 2.41 ON 12-12 TO 1/4 MILE OR LESS
LOWEST: -10 ON 17 3 = THUNDER
SNOW, ICE PELLETS, HAIL 4 = ICE PELLETS
TOTAL MONTH: M 5 = HAIL
GRTST 24HR M ON M 6 = FREEZING RAIN OR DRIZZLE
GRTST DEPTH: M ON M 7 = DUSTSTORM OR SANDSTORM:
VSBY 1/2 MILE OR LESS
8 = SMOKE OR HAZE
[NO. OF DAYS WITH] [WEATHER - DAYS WITH] 9 = BLOWING SNOW
X = TORNADO
MAX 32 OR BELOW: 7 0.01 INCH OR MORE: 13
MAX 90 OR ABOVE: 0 0.10 INCH OR MORE: 9
MIN 32 OR BELOW: 22 0.50 INCH OR MORE: 4
MIN 0 OR BELOW: 2 1.00 INCH OR MORE: 3
[HDD (BASE 65) ]
TOTAL THIS MO. 932 CLEAR (SCALE 0-3) 10
DPTR FM NORMAL 126 PTCLDY (SCALE 4-7) 11
TOTAL FM JUL 1 2144 CLOUDY (SCALE 8-10) 10
DPTR FM NORMAL -66
[CDD (BASE 65) ]
TOTAL THIS MO. 0
DPTR FM NORMAL 0 [PRESSURE DATA]
TOTAL FM JAN 1 0 HIGHEST SLP 30.72 ON 21
DPTR FM NORMAL 0 LOWEST SLP 29.30 ON 12
[REMARKS]
#FINAL-01-24#