000
CXUS54 KTSA 010950
CF6MKO
PRELIMINARY LOCAL CLIMATOLOGICAL DATA (WS FORM: F-6)
STATION: MUSKOGEE OKLAHOMA
MONTH: OCTOBER
YEAR: 2020
LATITUDE: 35 40 N
LONGITUDE: 95 22 W
TEMPERATURE IN F: :PCPN: SNOW: WIND :SUNSHINE: SKY :PK WND
================================================================================
1 2 3 4 5 6A 6B 7 8 9 10 11 12 13 14 15 16 17 18
12Z AVG MX 2MIN
DY MAX MIN AVG DEP HDD CDD WTR SNW DPTH SPD SPD DIR MIN PSBL S-S WX SPD DR
================================================================================
1 75 46 61 -5 4 0 0.00 0.0 M 7.4 21 360 M M 0 28 350
2 70 40 55 -11 10 0 0.00 0.0 M 4.1 12 110 M M 0 18 16 140
3 75 50 63 -3 2 0 0.00 0.0 M 8.1 17 220 M M 0 25 180
4 71 46 59 -7 6 0 0.00 0.0 M 7.4 17 20 M M 0 8 23 20
5 74 44 59 -6 6 0 0.00 0.0 M 7.3 15 150 M M 0 23 140
6 79 50 65 0 0 0 0.00 0.0 M 5.8 12 180 M M 0 1 15 160
7 85 55 70 5 0 5 0.00 0.0 M 5.4 13 200 M M 0 12 18 180
8 84 57 71 7 0 6 0.00 0.0 M 5.8 14 120 M M 1 12 19 130
9 83 60 72 8 0 7 0.00 0.0 M 6.9 14 110 M M 4 18 20 150
10 85 56 71 7 0 6 0.00 0.0 M 3.5 10 10 M M 1 128 14 20
11 87 58 73 10 0 8 0.00 0.0 M 9.4 20 160 M M 3 12 28 150
12 77 45 61 -2 4 0 0.00 0.0 M 10.6 24 350 M M 0 8 33 330
13 80 43 62 -1 3 0 0.00 0.0 M 5.9 15 190 M M 0 1 22 180
14 84 50 67 5 0 2 0.00 0.0 M 10.0 21 190 M M 0 31 180
15 72 54 63 1 2 0 0.02 0.0 M 11.4 30 20 M M 9 1 38 30
16 69 38 54 -8 11 0 0.00 0.0 M 3.3 9 170 M M 0 13 310
17 72 44 58 -4 7 0 0.00 0.0 M 11.2 26 190 M M 3 46 200
18 74 47 61 0 4 0 0.09 0.0 M 11.8 22 340 M M 8 1 27 360
19 51 47 49 -12 16 0 T 0.0 M 6.4 14 10 M M 10 1 18 360
20 75 49 62 1 3 0 0.52 0.0 M 4.3 10 350 M M 7 13 13 350
21 85 57 71 11 0 6 0.00 0.0 M 6.7 20 180 M M 4 12 29 180
22 86 64 75 15 0 10 0.00 0.0 M 10.4 24 190 M M 1 37 190
23 70 44 57 -3 8 0 T 0.0 M 15.0 28 360 M M 8 1 36 360
24 49 44 47 -13 18 0 0.00 0.0 M 6.0 16 20 M M 10 21 10
25 56 43 50 -9 15 0 0.00 0.0 M 7.8 15 340 M M 10 1 21 350
26 45 35 40 -19 25 0 0.54 M M 12.9 22 360 M M 10 13 28 360
27 39 34 37 -22 28 0 0.56 0.0 M 11.6 16 10 M M 10 1 22 340
28 48 37 43 -15 22 0 0.40 M M 9.2 18 30 M M 10 1 24 20
29 53 37 45 -13 20 0 0.30 M M 11.1 26 340 M M 7 18 38 350
30 64 31 48 -10 17 0 0.00 0.0 M 4.4 9 160 M M 0 13 160
31 66 41 54 -3 11 0 0.00 0.0 M 7.7 21 180 M M 0 18 30 170
================================================================================
SM 2183 1446 242 50 2.43 0.0 248.8 M 116
================================================================================
AV 70.4 46.6 8.0 FASTST M M 4 MAX(MPH)
MISC ----> 30 20 46 200
================================================================================
NOTES:
# LAST OF SEVERAL OCCURRENCES
COLUMN 17 PEAK WIND IN M.P.H.
PRELIMINARY LOCAL CLIMATOLOGICAL DATA (WS FORM: F-6) , PAGE 2
STATION: MUSKOGEE OKLAHOMA
MONTH: OCTOBER
YEAR: 2020
LATITUDE: 35 40 N
LONGITUDE: 95 22 W
[TEMPERATURE DATA] [PRECIPITATION DATA] SYMBOLS USED IN COLUMN 16
AVERAGE MONTHLY: 58.5 TOTAL FOR MONTH: 2.43 1 = FOG OR MIST
DPTR FM NORMAL: -3.4 DPTR FM NORMAL: -2.45 2 = FOG REDUCING VISIBILITY
HIGHEST: 87 ON 11 GRTST 24HR 1.09 ON 26-27 TO 1/4 MILE OR LESS
LOWEST: 31 ON 30 3 = THUNDER
SNOW, ICE PELLETS, HAIL 4 = ICE PELLETS
TOTAL MONTH: 0.0 INCH 5 = HAIL
GRTST 24HR 0.0 6 = FREEZING RAIN OR DRIZZLE
GRTST DEPTH: 0 7 = DUSTSTORM OR SANDSTORM:
VSBY 1/2 MILE OR LESS
8 = SMOKE OR HAZE
[NO. OF DAYS WITH] [WEATHER - DAYS WITH] 9 = BLOWING SNOW
X = TORNADO
MAX 32 OR BELOW: 0 0.01 INCH OR MORE: 7
MAX 90 OR ABOVE: 0 0.10 INCH OR MORE: 5
MIN 32 OR BELOW: 1 0.50 INCH OR MORE: 3
MIN 0 OR BELOW: 0 1.00 INCH OR MORE: 0
[HDD (BASE 65) ]
TOTAL THIS MO. 242 CLEAR (SCALE 0-3) 18
DPTR FM NORMAL 85 PTCLDY (SCALE 4-7) 4
TOTAL FM JUL 1 251 CLOUDY (SCALE 8-10) 9
DPTR FM NORMAL 75
[CDD (BASE 65) ]
TOTAL THIS MO. 50
DPTR FM NORMAL -11 [PRESSURE DATA]
TOTAL FM JAN 1 1802 HIGHEST SLP 30.43 ON 16
DPTR FM NORMAL -37 LOWEST SLP 29.66 ON 12
[REMARKS]
#FINAL-10-20#