480
CXUS52 KMLB 010622
CF6MLB
PRELIMINARY LOCAL CLIMATOLOGICAL DATA (WS FORM: F-6)
STATION: MELBOURNE
MONTH: JULY
YEAR: 2020
LATITUDE: 28 6 N
LONGITUDE: 80 39 W
TEMPERATURE IN F: :PCPN: SNOW: WIND :SUNSHINE: SKY :PK WND
================================================================================
1 2 3 4 5 6A 6B 7 8 9 10 11 12 13 14 15 16 17 18
12Z AVG MX 2MIN
DY MAX MIN AVG DEP HDD CDD WTR SNW DPTH SPD SPD DIR MIN PSBL S-S WX SPD DR
================================================================================
1 93 74 84 3 0 19 0.38 0.0 0 6.9 26 320 M M 2 13 37 320
2 94 74 84 3 0 19 T 0.0 0 6.5 24 270 M M 1 3 27 270
3 92 76 84 3 0 19 0.30 0.0 0 5.8 28 240 M M 2 138 35 240
4 90 72 81 0 0 16 2.13 0.0 0 6.4 32 10 M M 2 123 36 10
5 92 73 83 2 0 18 2.80 0.0 0 5.4 30 180 M M 2 123 42 150
6 88 73 81 0 0 16 0.60 0.0 0 6.0 21 200 M M 2 138 26 200
7 93 74 84 3 0 19 0.15 0.0 0 6.4 28 260 M M 2 13 37 270
8 91 75 83 2 0 18 T 0.0 0 8.5 25 300 M M 1 3 32 290
9 94 76 85 4 0 20 0.00 0.0 0 9.3 15 280 M M 2 21 270
10 93 75 84 2 0 19 0.11 0.0 0 8.9 20 280 M M 2 13 24 280
11 93 75 84 2 0 19 0.04 0.0 0 9.4 22 280 M M 3 13 26 280
12 92 77 85 3 0 20 T 0.0 0 9.9 22 190 M M 3 3 27 190
13 95 76 86 4 0 21 0.00 0.0 0 8.6 16 240 M M 1 25 220
14 91 76 84 2 0 19 0.35 0.0 0 6.6 25 10 M M 5 138 32 10
15 89 75 82 0 0 17 0.00 0.0 0 5.3 16 40 M M 1 19 50
16 89 74 82 0 0 17 0.00 0.0 0 7.9 16 70 M M 1 19 90
17 89 81 85 3 0 20 0.00 0.0 0 10.4 20 100 M M 2 24 100
18 89 76 83 1 0 18 0.30 0.0 0 8.6 22 70 M M 2 13 29 90
19 88 82 85 3 0 20 T 0.0 0 10.4 15 90 M M 3 20 100
20 88 78 83 1 0 18 0.13 0.0 0 9.6 18 110 M M 3 1 24 110
21 88 82 85 3 0 20 0.00 0.0 0 12.9 22 130 M M 2 30 140
22 84 77 81 -1 0 16 0.16 0.0 0 10.5 24 110 M M 4 13 31 110
23 87 74 81 -1 0 16 0.13 0.0 0 10.1 29 150 M M 4 13 35 150
24 88 75 82 0 0 17 0.00 0.0 0 11.5 18 120 M M 3 23 100
25 88 80 84 2 0 19 0.00 0.0 0 11.4 20 110 M M 2 23 100
26 88 75 82 0 0 17 0.00 0.0 0 8.6 17 200 M M 1 21 200
27 92 72 82 0 0 17 0.53 0.0 0 6.9 20 310 M M 3 138 29 140
28 89 73 81 -1 0 16 1.05 0.0 0 5.3 22 20 M M 3 138 25 350
29 88 75 82 0 0 17 0.22 0.0 0 3.9 14 300 M M 2 13 18 310
30 89 76 83 1 0 18 0.23 0.0 0 5.9 16 140 M M 1 138 22 250
31 90 75 83 1 0 18 0.00 0.0 0 6.5 17 110 M M 1 20 110
================================================================================
SM 2794 2346 0 563 9.61 0.0 250.3 M 68
================================================================================
AV 90.1 75.7 8.1 FASTST M M 2 MAX(MPH)
MISC ----> 32 10 42 150
================================================================================
NOTES:
# LAST OF SEVERAL OCCURRENCES
COLUMN 17 PEAK WIND IN M.P.H.
PRELIMINARY LOCAL CLIMATOLOGICAL DATA (WS FORM: F-6) , PAGE 2
STATION: MELBOURNE
MONTH: JULY
YEAR: 2020
LATITUDE: 28 6 N
LONGITUDE: 80 39 W
[TEMPERATURE DATA] [PRECIPITATION DATA] SYMBOLS USED IN COLUMN 16
AVERAGE MONTHLY: 82.9 TOTAL FOR MONTH: 9.61 1 = FOG OR MIST
DPTR FM NORMAL: 1.2 DPTR FM NORMAL: 3.65 2 = FOG REDUCING VISIBILITY
HIGHEST: 95 ON 13 GRTST 24HR 4.49 ON 4- 5 TO 1/4 MILE OR LESS
LOWEST: 72 ON 27, 4 3 = THUNDER
SNOW, ICE PELLETS, HAIL 4 = ICE PELLETS
TOTAL MONTH: 0.0 INCH 5 = HAIL
GRTST 24HR 0.0 6 = FREEZING RAIN OR DRIZZLE
GRTST DEPTH: 0 7 = DUSTSTORM OR SANDSTORM:
VSBY 1/2 MILE OR LESS
8 = SMOKE OR HAZE
[NO. OF DAYS WITH] [WEATHER - DAYS WITH] 9 = BLOWING SNOW
X = TORNADO
MAX 32 OR BELOW: 0 0.01 INCH OR MORE: 17
MAX 90 OR ABOVE: 15 0.10 INCH OR MORE: 16
MIN 32 OR BELOW: 0 0.50 INCH OR MORE: 5
MIN 0 OR BELOW: 0 1.00 INCH OR MORE: 3
[HDD (BASE 65) ]
TOTAL THIS MO. 0 CLEAR (SCALE 0-3) 24
DPTR FM NORMAL 0 PTCLDY (SCALE 4-7) 7
TOTAL FM JUL 1 0 CLOUDY (SCALE 8-10) 0
DPTR FM NORMAL 0
[CDD (BASE 65) ]
TOTAL THIS MO. 563
DPTR FM NORMAL 47 [PRESSURE DATA]
TOTAL FM JAN 1 2125 HIGHEST SLP M ON M
DPTR FM NORMAL 421 LOWEST SLP 29.84 ON 12
[REMARKS]
#FINAL-07-20#