000
CXUS53 KDVN 011100
CF6MLI
PRELIMINARY LOCAL CLIMATOLOGICAL DATA (WS FORM: F-6)
STATION: MOLINE IL
MONTH: JANUARY
YEAR: 2022
LATITUDE: 41 27 N
LONGITUDE: 90 31 W
TEMPERATURE IN F: :PCPN: SNOW: WIND :SUNSHINE: SKY :PK WND
================================================================================
1 2 3 4 5 6A 6B 7 8 9 10 11 12 13 14 15 16 17 18
12Z AVG MX 2MIN
DY MAX MIN AVG DEP HDD CDD WTR SNW DPTH SPD SPD DIR MIN PSBL S-S WX SPD DR
================================================================================
1 31 16 24 -1 41 0 0.26 4.7 1 11.9 18 30 M M 10 128 28 360
2 16 -2 7 -18 58 0 T 0.3 6 9.3 15 310 M M 5 22 10
3 24 -11 7 -17 58 0 0.00 0.0 6 5.2 15 210 M M 0 21 210
4 34 17 26 2 39 0 0.00 0.0 5 12.7 29 280 M M 0 42 270
5 33 8 21 -3 44 0 T T 4 24.6 37 270 M M 5 189 52 280
6 8 -4 2 -22 63 0 0.00 0.0 4 14.8 23 300 M M 1 9 31 300
7 13 -5 4 -20 61 0 0.00 0.0 4 7.1 15 300 M M 1 21 300
8 33 12 23 -1 42 0 0.04 0.0 4 9.0 20 160 M M 7 168 28 160
9 33 5 19 -5 46 0 0.00 0.0 3 11.8 26 300 M M 2 1 40 310
10 17 6 12 -11 53 0 0.00 0.0 3 6.6 18 310 M M 3 24 330
11 43 1 22 -1 43 0 0.00 0.0 3 9.8 23 210 M M 0 33 210
12 45 26 36 13 29 0 0.00 0.0 3 3.9 12 160 M M 1 13 170
13 44 28 36 13 29 0 0.00 0.0 2 3.3 10 310 M M 1 1 13 310
14 34 25 30 7 35 0 0.19 3.4 1 13.7 24 70 M M 9 1 31 60
15 25 5 15 -8 50 0 0.07 1.2 5 9.4 18 50 M M 8 18 28 50
16 26 -2 12 -11 53 0 0.00 0.0 5 5.5 17 300 M M 5 24 310
17 30 18 24 1 41 0 0.00 0.0 5 9.4 18 310 M M 7 32 320
18 43 15 29 6 36 0 0.00 0.0 4 10.0 18 300 M M 3 28 220
19 37 5 21 -2 44 0 0.00 0.0 2 17.2 29 300 M M 2 40 320
20 11 -2 5 -18 60 0 0.00 0.0 2 7.2 14 310 M M 0 19 280
21 20 -7 7 -16 58 0 0.00 0.0 2 4.7 13 210 M M 0 19 220
22 34 16 25 2 40 0 T T 2 11.7 24 280 M M 6 8 34 280
23 40 13 27 4 38 0 T T 2 8.7 22 250 M M 6 32 230
24 30 7 19 -4 46 0 0.05 0.4 2 11.2 22 310 M M 8 1 30 320
25 10 0 5 -18 60 0 0.00 0.0 2 10.7 17 300 M M 0 25 300
26 20 -8 6 -17 59 0 0.00 0.0 2 7.2 15 200 M M 0 21 200
27 36 20 28 5 37 0 0.00 0.0 2 10.5 17 220 M M 7 26 220
28 26 5 16 -7 49 0 0.00 0.0 1 7.5 17 320 M M 3 23 320
29 32 3 18 -5 47 0 0.00 0.0 1 4.8 17 150 M M 1 22 150
30 29 15 22 -1 43 0 0.00 0.0 1 8.3 16 300 M M 0 23 300
31 39 8 24 0 41 0 0.00 0.0 1 8.1 17 180 M M 1 18 29 160
================================================================================
SM 896 233 1443 0 0.61 10.0 295.8 M 102
================================================================================
AV 28.9 7.5 9.5 FASTST M M 3 MAX(MPH)
MISC ----> 37 270 52 280
================================================================================
NOTES:
# LAST OF SEVERAL OCCURRENCES
COLUMN 17 PEAK WIND IN M.P.H.
PRELIMINARY LOCAL CLIMATOLOGICAL DATA (WS FORM: F-6) , PAGE 2
STATION: MOLINE IL
MONTH: JANUARY
YEAR: 2022
LATITUDE: 41 27 N
LONGITUDE: 90 31 W
[TEMPERATURE DATA] [PRECIPITATION DATA] SYMBOLS USED IN COLUMN 16
AVERAGE MONTHLY: 18.2 TOTAL FOR MONTH: 0.61 1 = FOG OR MIST
DPTR FM NORMAL: -5.1 DPTR FM NORMAL: -1.05 2 = FOG REDUCING VISIBILITY
HIGHEST: 45 ON 12 GRTST 24HR 0.26 ON 1- 1 TO 1/4 MILE OR LESS
LOWEST: -11 ON 3 3 = THUNDER
SNOW, ICE PELLETS, HAIL 4 = ICE PELLETS
TOTAL MONTH: 10.0 INCHES 5 = HAIL
GRTST 24HR 4.7 ON 1- 1 6 = FREEZING RAIN OR DRIZZLE
GRTST DEPTH: 6 ON 3, 2 7 = DUSTSTORM OR SANDSTORM:
VSBY 1/2 MILE OR LESS
8 = SMOKE OR HAZE
[NO. OF DAYS WITH] [WEATHER - DAYS WITH] 9 = BLOWING SNOW
X = TORNADO
MAX 32 OR BELOW: 17 0.01 INCH OR MORE: 5
MAX 90 OR ABOVE: 0 0.10 INCH OR MORE: 2
MIN 32 OR BELOW: 31 0.50 INCH OR MORE: 0
MIN 0 OR BELOW: 9 1.00 INCH OR MORE: 0
[HDD (BASE 65) ]
TOTAL THIS MO. 1443 CLEAR (SCALE 0-3) 19
DPTR FM NORMAL 151 PTCLDY (SCALE 4-7) 10
TOTAL FM JUL 1 3275 CLOUDY (SCALE 8-10) 2
DPTR FM NORMAL -334
[CDD (BASE 65) ]
TOTAL THIS MO. 0
DPTR FM NORMAL 0 [PRESSURE DATA]
TOTAL FM JAN 1 0 HIGHEST SLP 30.72 ON 20
DPTR FM NORMAL 0 LOWEST SLP 29.50 ON 4
[REMARKS]
#FINAL-01-22#