000
CXUS55 KBYZ 011000
CF6MLS
PRELIMINARY LOCAL CLIMATOLOGICAL DATA (WS FORM: F-6)
STATION: MILES CITY MT
MONTH: APRIL
YEAR: 2023
LATITUDE: 46 25 N
LONGITUDE: 105 53 W
TEMPERATURE IN F: :PCPN: SNOW: WIND :SUNSHINE: SKY :PK WND
================================================================================
1 2 3 4 5 6A 6B 7 8 9 10 11 12 13 14 15 16 17 18
12Z AVG MX 2MIN
DY MAX MIN AVG DEP HDD CDD WTR SNW DPTH SPD SPD DIR MIN PSBL S-S WX SPD DR
================================================================================
1 59 27 43 2 22 0 T M M 11.0 43 300 M M 5 51 280
2 49 27 38 -4 27 0 0.00 M M 18.5 40 270 M M 3 49 270
3 41 22 32 -10 33 0 0.00 M M 8.3 21 20 M M 2 23 20
4 26 20 23 -19 42 0 T M M 11.9 18 360 M M 7 8 21 340
5 39 18 29 -13 36 0 T M M 11.5 21 280 M M 6 1 25 280
6 52 21 37 -6 28 0 0.00 M M 7.1 22 260 M M 4 27 260
7 64 27 46 3 19 0 0.00 M M 11.8 22 140 M M 0 28 150
8 66 31 49 6 16 0 0.00 M M 11.1 26 280 M M 1 36 290
9 70 34 52 8 13 0 0.00 M M 10.6 25 280 M M 0 32 250
10 80 40 60 16 5 0 0.00 M M 8.9 18 250 M M 0 30 240
11 88 45 67 23 0 2 0.00 M M 15.4 30 350 M M 0 39 240
12 60 42 51 7 14 0 T M M 11.5 25 340 M M 2 32 350
13 45 36 41 -4 24 0 T M M 13.8 20 70 M M 9 25 60
14 43 33 38 -7 27 0 T M M 9.3 21 320 M M 10 1 25 310
15 52 26 39 -6 26 0 0.00 M M 6.1 14 10 M M 4 17 30
16 65 26 46 0 19 0 0.00 M M 9.4 20 150 M M 0 25 140
17 68 40 54 8 11 0 0.00 M M 11.1 21 150 M M 1 28 160
18 60 43 52 6 13 0 0.09 M M 6.5 14 200 M M 5 1 17 120
19 44 30 37 -9 28 0 0.86 M M 19.3 29 300 M M 10 1 36 270
20 34 26 30 -17 35 0 T M M 22.0 33 320 M M 9 8 39 320
21 33 25 29 -18 36 0 T M M 14.1 24 330 M M 10 18 28 340
22 39 23 31 -16 34 0 T M M 5.7 13 300 M M 8 17 350
23 53 21 37 -11 28 0 0.00 M M 6.4 13 50 M M 0 17 110
24 65 31 48 0 17 0 0.00 M M 12.3 23 150 M M 0 30 150
25 63 35 49 1 16 0 0.00 M M 8.4 17 110 M M 1 8 24 120
26 64 40 52 4 13 0 0.00 M M 9.7 23 310 M M 4 27 310
27 57 42 50 1 15 0 T M M 17.0 36 340 M M 10 42 350
28 68 36 52 3 13 0 0.00 M M 10.2 21 310 M M 4 29 290
29 63 41 52 2 13 0 0.00 M M 8.3 17 10 M M 4 20 10
30 64 33 49 -1 16 0 0.00 M M 6.4 15 60 M M 0 19 50
================================================================================
SM 1674 941 639 2 0.95 M 333.6 M 119
================================================================================
AV 55.8 31.4 11.1 FASTST M M 4 MAX(MPH)
MISC ----> 43 300 51 280
================================================================================
NOTES:
# LAST OF SEVERAL OCCURRENCES
COLUMN 17 PEAK WIND IN M.P.H.
PRELIMINARY LOCAL CLIMATOLOGICAL DATA (WS FORM: F-6) , PAGE 2
STATION: MILES CITY MT
MONTH: APRIL
YEAR: 2023
LATITUDE: 46 25 N
LONGITUDE: 105 53 W
[TEMPERATURE DATA] [PRECIPITATION DATA] SYMBOLS USED IN COLUMN 16
AVERAGE MONTHLY: 43.6 TOTAL FOR MONTH: 0.95 1 = FOG OR MIST
DPTR FM NORMAL: -1.9 DPTR FM NORMAL: -0.59 2 = FOG REDUCING VISIBILITY
HIGHEST: 88 ON 11 GRTST 24HR 0.95 ON 18-19 TO 1/4 MILE OR LESS
LOWEST: 18 ON 5 3 = THUNDER
SNOW, ICE PELLETS, HAIL 4 = ICE PELLETS
TOTAL MONTH: M 5 = HAIL
GRTST 24HR M ON M 6 = FREEZING RAIN OR DRIZZLE
GRTST DEPTH: M ON M 7 = DUSTSTORM OR SANDSTORM:
VSBY 1/2 MILE OR LESS
8 = SMOKE OR HAZE
[NO. OF DAYS WITH] [WEATHER - DAYS WITH] 9 = BLOWING SNOW
X = TORNADO
MAX 32 OR BELOW: 1 0.01 INCH OR MORE: 2
MAX 90 OR ABOVE: 0 0.10 INCH OR MORE: 1
MIN 32 OR BELOW: 16 0.50 INCH OR MORE: 1
MIN 0 OR BELOW: 0 1.00 INCH OR MORE: 0
[HDD (BASE 65) ]
TOTAL THIS MO. 639 CLEAR (SCALE 0-3) 14
DPTR FM NORMAL 53 PTCLDY (SCALE 4-7) 10
TOTAL FM JUL 1 7672 CLOUDY (SCALE 8-10) 6
DPTR FM NORMAL 499
[CDD (BASE 65) ]
TOTAL THIS MO. 2
DPTR FM NORMAL 1 [PRESSURE DATA]
TOTAL FM JAN 1 2 HIGHEST SLP 30.42 ON 22
DPTR FM NORMAL 1 LOWEST SLP 29.48 ON 19
[REMARKS]
#FINAL-04-23#