000
CXUS51 KCAR 010700
CF6MLT
PRELIMINARY LOCAL CLIMATOLOGICAL DATA (WS FORM: F-6)
STATION: MILLINOCKET ME
MONTH: APRIL
YEAR: 2023
LATITUDE: 45 39 N
LONGITUDE: 68 41 W
TEMPERATURE IN F: :PCPN: SNOW: WIND :SUNSHINE: SKY :PK WND
================================================================================
1 2 3 4 5 6A 6B 7 8 9 10 11 12 13 14 15 16 17 18
12Z AVG MX 2MIN
DY MAX MIN AVG DEP HDD CDD WTR SNW DPTH SPD SPD DIR MIN PSBL S-S WX SPD DR
================================================================================
1 36 31 34 0 31 0 0.30 M M 4.1 12 90 M M 10 12 19 100
2 38 26 32 -2 33 0 0.00 M M 15.0 28 310 M M 2 41 300
3 43 19 31 -3 34 0 0.00 M M 4.5 15 160 M M 2 31 160
4 52 27 40 5 25 0 0.00 M M 6.0 20 310 M M 1 27 310
5 32 26 29 -6 36 0 0.81 M M 6.1 13 30 M M 8 16 19 350
6 45 29 37 1 28 0 0.06 M M 3.0 15 280 M M 9 16 31 270
7 45 26 36 0 29 0 0.00 M M 15.6 28 300 M M 3 45 260
8 37 23 30 -7 35 0 0.00 M M 10.4 22 310 M M 0 35 320
9 49 20 35 -2 30 0 0.00 M M 5.5 18 330 M M 0 28 310
10 64 27 46 8 19 0 0.00 M M 3.8 13 280 M M 0 21 290
11 66 32 49 11 16 0 0.00 M M 5.6 15 300 M M 3 29 230
12 56 40 48 9 17 0 0.00 M M 13.5 26 310 M M 2 39 310
13 73 30 52 13 13 0 0.00 M M 3.9 12 250 M M 0 19 200
14 67 40 54 14 11 0 0.00 M M 5.0 14 320 M M 1 26 360
15 72 34 53 13 12 0 0.00 M M 3.4 10 160 M M 2 21 180
16 50 45 48 8 17 0 T M M 3.8 9 80 M M 10 1 13 60
17 57 45 51 10 14 0 0.59 M M 4.9 17 110 M M 10 13 24 110
18 52 35 44 2 21 0 0.19 M M 3.4 13 280 M M 9 1 22 290
19 50 34 42 0 23 0 T M M 5.6 17 310 M M 6 1 27 330
20 47 32 40 -2 25 0 0.00 M M 8.7 20 300 M M 6 31 280
21 56 28 42 -1 23 0 0.00 M M 3.4 12 130 M M 2 17 130
22 62 33 48 4 17 0 0.00 M M 4.4 15 120 M M 0 21 160
23 63 32 48 4 17 0 0.00 M M 5.8 16 100 M M 1 24 110
24 47 41 44 0 21 0 0.05 M M 6.9 13 80 M M 10 1 19 120
25 45 39 42 -3 23 0 0.02 M M 4.3 9 80 M M 10 1 13 100
26 51 32 42 -3 23 0 0.01 M M 1.6 8 130 M M 7 1 14 130
27 61 30 46 0 19 0 0.01 M M 2.8 10 30 M M 5 12 17 290
28 66 34 50 4 15 0 0.00 M M 3.1 9 30 M M 0 14 20
29 66 34 50 3 15 0 0.00 M M 4.6 15 140 M M 4 24 130
30 51 41 46 -1 19 0 0.33 M M 7.5 21 80 M M 10 1 33 100
================================================================================
SM 1599 965 661 0 2.37 M 176.2 M 133
================================================================================
AV 53.3 32.2 5.9 FASTST M M 4 MAX(MPH)
MISC ----> # 28 310 45 260
================================================================================
NOTES:
# LAST OF SEVERAL OCCURRENCES
COLUMN 17 PEAK WIND IN M.P.H.
PRELIMINARY LOCAL CLIMATOLOGICAL DATA (WS FORM: F-6) , PAGE 2
STATION: MILLINOCKET ME
MONTH: APRIL
YEAR: 2023
LATITUDE: 45 39 N
LONGITUDE: 68 41 W
[TEMPERATURE DATA] [PRECIPITATION DATA] SYMBOLS USED IN COLUMN 16
AVERAGE MONTHLY: 42.7 TOTAL FOR MONTH: 2.37 1 = FOG OR MIST
DPTR FM NORMAL: 2.3 DPTR FM NORMAL: -1.14 2 = FOG REDUCING VISIBILITY
HIGHEST: 73 ON 13 GRTST 24HR 0.87 ON 5- 6 TO 1/4 MILE OR LESS
LOWEST: 19 ON 3 3 = THUNDER
SNOW, ICE PELLETS, HAIL 4 = ICE PELLETS
TOTAL MONTH: M 5 = HAIL
GRTST 24HR M ON M 6 = FREEZING RAIN OR DRIZZLE
GRTST DEPTH: M ON M 7 = DUSTSTORM OR SANDSTORM:
VSBY 1/2 MILE OR LESS
8 = SMOKE OR HAZE
[NO. OF DAYS WITH] [WEATHER - DAYS WITH] 9 = BLOWING SNOW
X = TORNADO
MAX 32 OR BELOW: 1 0.01 INCH OR MORE: 10
MAX 90 OR ABOVE: 0 0.10 INCH OR MORE: 5
MIN 32 OR BELOW: 17 0.50 INCH OR MORE: 2
MIN 0 OR BELOW: 0 1.00 INCH OR MORE: 0
[HDD (BASE 65) ]
TOTAL THIS MO. 661 CLEAR (SCALE 0-3) 15
DPTR FM NORMAL -79 PTCLDY (SCALE 4-7) 7
TOTAL FM JUL 1 6842 CLOUDY (SCALE 8-10) 8
DPTR FM NORMAL -1018
[CDD (BASE 65) ]
TOTAL THIS MO. 0
DPTR FM NORMAL 0 [PRESSURE DATA]
TOTAL FM JAN 1 0 HIGHEST SLP 30.56 ON 5
DPTR FM NORMAL 0 LOWEST SLP 29.25 ON 1
[REMARKS]
#FINAL-04-23#