000
CXUS54 KSHV 011400
CF6MLU
PRELIMINARY LOCAL CLIMATOLOGICAL DATA (WS FORM: F-6)
STATION: MONROE
MONTH: JANUARY
YEAR: 2021
LATITUDE: 32 30 N
LONGITUDE: 92 2 W
TEMPERATURE IN F: :PCPN: SNOW: WIND :SUNSHINE: SKY :PK WND
================================================================================
1 2 3 4 5 6A 6B 7 8 9 10 11 12 13 14 15 16 17 18
12Z AVG MX 2MIN
DY MAX MIN AVG DEP HDD CDD WTR SNW DPTH SPD SPD DIR MIN PSBL S-S WX SPD DR
================================================================================
1 59 44 52 6 13 0 0.01 0.0 0 13.1 25 220 M M 9 33 200
2 45 35 40 -6 25 0 0.00 0.0 0 6.3 16 250 M M 8 19 260
3 59 30 45 -1 20 0 0.00 0.0 0 4.7 13 140 M M 0 1 20 130
4 67 42 55 9 10 0 0.00 0.0 0 4.9 14 260 M M 0 8 16 260
5 61 35 48 2 17 0 0.00 0.0 0 4.2 14 60 M M 0 18 50
6 60 37 49 3 16 0 0.22 0.0 0 6.9 13 130 M M 3 1 20 150
7 50 42 46 0 19 0 0.30 0.0 0 11.3 20 350 M M 10 1 24 330
8 45 39 42 -4 23 0 0.00 0.0 0 9.8 16 350 M M 10 22 330
9 49 30 40 -6 25 0 0.00 0.0 0 6.0 17 10 M M 1 1 21 10
10 39 31 35 -11 30 0 0.22 2.1 0 6.8 14 40 M M 7 1 17 40
11 37 28 33 -13 32 0 0.20 1.9 4 6.6 14 10 M M 8 1 18 10
12 50 25 38 -8 27 0 0.00 0.0 T 0.1 6 300 M M 3 12 8 180
13 58 32 45 -1 20 0 0.00 0.0 0 6.0 16 230 M M 2 19 230
14 66 36 51 5 14 0 0.00 0.0 0 10.8 24 230 M M 0 30 250
15 54 37 46 0 19 0 0.00 0.0 0 12.3 28 290 M M 1 34 270
16 54 32 43 -3 22 0 0.00 0.0 0 7.3 15 270 M M 0 21 260
17 58 35 47 1 18 0 0.00 0.0 0 8.0 21 330 M M 2 25 320
18 65 27 46 0 19 0 0.00 0.0 0 4.0 15 210 M M 2 17 200
19 57 50 54 8 11 0 0.11 0.0 0 5.6 14 60 M M 9 1 18 200
20 53 47 50 4 15 0 T 0.0 0 2.7 14 60 M M 10 17 50
21 60 52 56 10 9 0 0.34 0.0 0 4.7 13 10 M M 10 12 15 20
22 54 48 51 4 14 0 0.04 0.0 0 6.7 16 50 M M 10 1 20 40
23 49 44 47 0 18 0 0.09 0.0 0 8.0 15 50 M M 10 1 18 50
24 63 49 56 9 9 0 0.26 0.0 0 2.5 10 60 M M 10 12 12 50
25 75 59 67 20 0 2 0.08 0.0 0 9.8 21 200 M M 9 1 30 180
26 70 45 58 11 7 0 0.00 0.0 0 3.5 10 40 M M 6 12 12 60
27 61 43 52 5 13 0 0.00 0.0 0 11.8 22 330 M M 6 27 350
28 48 35 42 -5 23 0 0.00 0.0 0 9.6 18 40 M M 4 24 40
29 58 30 44 -3 21 0 0.00 0.0 0 3.0 9 160 M M 1 1 12 160
30 67 45 56 8 9 0 0.05 0.0 0 9.2 24 210 M M 6 1 32 190
31 64 45 55 7 10 0 0.00 0.0 0 13.2 24 320 M M 8 12 29 280
================================================================================
SM 1755 1209 528 2 1.92 4.0 219.4 M 165
================================================================================
AV 56.6 39.0 7.1 FASTST M M 5 MAX(MPH)
MISC ----> 28 290 34 270
================================================================================
NOTES:
# LAST OF SEVERAL OCCURRENCES
COLUMN 17 PEAK WIND IN M.P.H.
PRELIMINARY LOCAL CLIMATOLOGICAL DATA (WS FORM: F-6) , PAGE 2
STATION: MONROE
MONTH: JANUARY
YEAR: 2021
LATITUDE: 32 30 N
LONGITUDE: 92 2 W
[TEMPERATURE DATA] [PRECIPITATION DATA] SYMBOLS USED IN COLUMN 16
AVERAGE MONTHLY: 47.8 TOTAL FOR MONTH: 1.92 1 = FOG OR MIST
DPTR FM NORMAL: 1.3 DPTR FM NORMAL: -3.09 2 = FOG REDUCING VISIBILITY
HIGHEST: 75 ON 25 GRTST 24HR 3.15 ON 6- 7 TO 1/4 MILE OR LESS
LOWEST: 25 ON 12 3 = THUNDER
SNOW, ICE PELLETS, HAIL 4 = ICE PELLETS
TOTAL MONTH: 4.0 INCHES 5 = HAIL
GRTST 24HR 2.1 ON 10-10 6 = FREEZING RAIN OR DRIZZLE
GRTST DEPTH: 4 ON 11 7 = DUSTSTORM OR SANDSTORM:
VSBY 1/2 MILE OR LESS
8 = SMOKE OR HAZE
[NO. OF DAYS WITH] [WEATHER - DAYS WITH] 9 = BLOWING SNOW
X = TORNADO
MAX 32 OR BELOW: 0 0.01 INCH OR MORE: 12
MAX 90 OR ABOVE: 0 0.10 INCH OR MORE: 7
MIN 32 OR BELOW: 9 0.50 INCH OR MORE: 0
MIN 0 OR BELOW: 0 1.00 INCH OR MORE: 0
[HDD (BASE 65) ]
TOTAL THIS MO. 528 CLEAR (SCALE 0-3) 13
DPTR FM NORMAL -51 PTCLDY (SCALE 4-7) 8
TOTAL FM JUL 1 1269 CLOUDY (SCALE 8-10) 10
DPTR FM NORMAL -213
[CDD (BASE 65) ]
TOTAL THIS MO. 2
DPTR FM NORMAL -2 [PRESSURE DATA]
TOTAL FM JAN 1 2 HIGHEST SLP 30.66 ON 28
DPTR FM NORMAL -2 LOWEST SLP 29.63 ON 25
[REMARKS]
#FINAL-01-21#