697
CXUS56 KPQR 011200
CF6MMV
PRELIMINARY LOCAL CLIMATOLOGICAL DATA (WS FORM: F-6)
STATION: MCMINNVILLE OR
MONTH: JULY
YEAR: 2020
LATITUDE: 45 11 N
LONGITUDE: 123 8 W
TEMPERATURE IN F: :PCPN: SNOW: WIND :SUNSHINE: SKY :PK WND
================================================================================
1 2 3 4 5 6A 6B 7 8 9 10 11 12 13 14 15 16 17 18
12Z AVG MX 2MIN
DY MAX MIN AVG DEP HDD CDD WTR SNW DPTH SPD SPD DIR MIN PSBL S-S WX SPD DR
================================================================================
1 67 51 59 -4 6 0 T M M 10.6 21 240 M M 9 25 250
2 72 51 62 -2 3 0 0.00 M M 5.7 12 350 M M 6 15 350
3 75 50 63 -1 2 0 0.00 M M 4.8 13 220 M M 6 14 230
4 75 52 64 0 1 0 0.00 M M 4.5 15 250 M M 7 8 16 240
5 74 52 63 -1 2 0 0.00 M M 4.4 16 240 M M 5 20 240
6 68 51 60 -4 5 0 0.00 M M 5.0 17 250 M M 9 21 240
7 72 53 63 -2 2 0 T M M 8.6 20 250 M M 7 25 250
8 77 54 66 1 0 1 0.00 M M 4.3 12 50 M M 5 8 15 50
9 78 54 66 1 0 1 0.00 M M 4.3 15 250 M M 6 8 17 250
10 80 56 68 3 0 3 0.00 M M 4.7 14 210 M M 5 16 210
11 76 51 64 -2 1 0 0.00 M M 7.9 20 250 M M 2 8 23 250
12 79 56 68 2 0 3 T M M 5.8 17 10 M M 8 21 20
13 82 46 64 -2 1 0 0.00 M M 5.5 14 20 M M 0 8 18 20
14 86 49 68 2 0 3 0.00 M M 6.8 16 10 M M 0 20 330
15 90 51 71 5 0 6 0.00 M M 5.8 18 10 M M 0 24 10
16 88 54 71 5 0 6 0.00 M M 3.8 16 10 M M 0 20 10
17 77 55 66 -1 0 1 0.00 M M 6.0 17 40 M M 5 23 20
18 86 46 66 -1 0 1 0.00 M M 6.5 18 30 M M 0 1 23 30
19 92 52 72 5 0 7 0.00 M M 6.7 17 20 M M 0 25 20
20 95 55 75 8 0 10 0.00 M M 5.2 14 220 M M 0 20 10
21 91 57 74 7 0 9 0.00 M M 5.8 12 240 M M 0 13 240
22 84 58 71 4 0 6 0.00 M M 6.2 17 220 M M 4 20 210
23 79 51 65 -2 0 0 0.00 M M 3.6 12 360 M M 5 15 360
24 73 48 61 -6 4 0 0.00 M M 5.5 14 10 M M 7 17 20
25 83 44 64 -3 1 0 0.00 M M 7.1 16 350 M M 0 1 21 360
26 100 50 75 7 0 10 0.00 M M 6.4 13 40 M M 0 17 20
27 97 56 77 9 0 12 0.00 M M 5.3 16 220 M M 0 20 230
28 91 56 74 6 0 9 0.00 M M 4.3 12 10 M M 0 15 10
29 95 53 74 6 0 9 0.00 M M 3.7 12 230 M M 0 19 220
30 95 54 75 7 0 10 0.00 M M 4.8 21 210 M M 0 25 220
31 87 56 72 4 0 7 0.00 M M 8.1 20 240 M M 0 24 260
================================================================================
SM 2564 1622 28 114 T M 177.7 M 96
================================================================================
AV 82.7 52.3 5.7 FASTST M M 3 MAX(MPH)
MISC ----> # 21 240 # 25 250
================================================================================
NOTES:
# LAST OF SEVERAL OCCURRENCES
COLUMN 17 PEAK WIND IN M.P.H.
PRELIMINARY LOCAL CLIMATOLOGICAL DATA (WS FORM: F-6) , PAGE 2
STATION: MCMINNVILLE OR
MONTH: JULY
YEAR: 2020
LATITUDE: 45 11 N
LONGITUDE: 123 8 W
[TEMPERATURE DATA] [PRECIPITATION DATA] SYMBOLS USED IN COLUMN 16
AVERAGE MONTHLY: 67.5 TOTAL FOR MONTH: T 1 = FOG OR MIST
DPTR FM NORMAL: 1.4 DPTR FM NORMAL: -0.50 2 = FOG REDUCING VISIBILITY
HIGHEST: 100 ON 26 GRTST 24HR T ON 12-12 TO 1/4 MILE OR LESS
LOWEST: 44 ON 25 3 = THUNDER
SNOW, ICE PELLETS, HAIL 4 = ICE PELLETS
TOTAL MONTH: M 5 = HAIL
GRTST 24HR M ON M 6 = FREEZING RAIN OR DRIZZLE
GRTST DEPTH: M ON M 7 = DUSTSTORM OR SANDSTORM:
VSBY 1/2 MILE OR LESS
8 = SMOKE OR HAZE
[NO. OF DAYS WITH] [WEATHER - DAYS WITH] 9 = BLOWING SNOW
X = TORNADO
MAX 32 OR BELOW: 0 0.01 INCH OR MORE: 0
MAX 90 OR ABOVE: 9 0.10 INCH OR MORE: 0
MIN 32 OR BELOW: 0 0.50 INCH OR MORE: 0
MIN 0 OR BELOW: 0 1.00 INCH OR MORE: 0
[HDD (BASE 65) ]
TOTAL THIS MO. 28 CLEAR (SCALE 0-3) 16
DPTR FM NORMAL -16 PTCLDY (SCALE 4-7) 13
TOTAL FM JUL 1 28 CLOUDY (SCALE 8-10) 2
DPTR FM NORMAL -16
[CDD (BASE 65) ]
TOTAL THIS MO. 114
DPTR FM NORMAL 36 [PRESSURE DATA]
TOTAL FM JAN 1 159 HIGHEST SLP 30.21 ON 4
DPTR FM NORMAL 59 LOWEST SLP 29.77 ON 27
[REMARKS]
#FINAL-07-20#