000
CXUS56 KPQR 011610
CF6MMV
PRELIMINARY LOCAL CLIMATOLOGICAL DATA (WS FORM: F-6)
STATION: MCMINNVILLE OR
MONTH: DECEMBER
YEAR: 2023
LATITUDE: 45 11 N
LONGITUDE: 123 8 W
TEMPERATURE IN F: :PCPN: SNOW: WIND :SUNSHINE: SKY :PK WND
================================================================================
1 2 3 4 5 6A 6B 7 8 9 10 11 12 13 14 15 16 17 18
12Z AVG MX 2MIN
DY MAX MIN AVG DEP HDD CDD WTR SNW DPTH SPD SPD DIR MIN PSBL S-S WX SPD DR
================================================================================
1 51 37 44 2 21 0 0.34 M M 8.7 23 190 M M 9 12 27 180
2 52 46 49 7 16 0 0.56 M M 9.9 31 190 M M 9 1 41 190
3 59 45 52 10 13 0 0.95 M M 5.7 20 220 M M 10 1 26 220
4 63 53 58 16 7 0 0.08 M M 13.9 24 190 M M 9 31 190
5 61 56 59 18 6 0 0.99 M M 10.0 18 190 M M 10 1 24 200
6 57 45 51 10 14 0 1.38 M M 5.8 18 200 M M 10 1 25 190
7 50 40 45 4 20 0 0.16 M M 9.6 20 200 M M 7 1 23 200
8 48 33 41 0 24 0 0.05 M M 3.5 13 250 M M 7 12 16 240
9 48 35 42 1 23 0 0.55 M M 4.9 14 170 M M 10 12 19 180
10 52 46 49 8 16 0 1.15 M M 3.0 14 170 M M 10 1 17 170
11 52 40 46 6 19 0 0.00 M M 3.5 7 340 M M 9 12 9 20
12 54 38 46 6 19 0 0.00 M M 7.5 12 350 M M 0 17 340
13 52 37 45 5 20 0 0.00 M M 2.7 9 350 M M 0 13 330
14 48 36 42 2 23 0 0.01 M M 2.6 8 40 M M 6 1 10 30
15 53 32 43 3 22 0 0.00 M M 5.4 9 350 M M 0 11 360
16 44 28 36 -4 29 0 0.00 M M 1.4 7 350 M M 3 9 350
17 45 29 37 -3 28 0 0.00 M M 2.1 12 190 M M 5 13 190
18 48 35 42 2 23 0 0.01 M M 3.0 10 360 M M 8 12 340
19 53 41 47 7 18 0 0.42 M M 4.8 14 360 M M 8 17 360
20 54 35 45 5 20 0 0.00 M M 0.9 6 120 M M 6 6 360
21 41 38 40 0 25 0 0.00 M M 0.8 6 120 M M 10 6 100
22 49 30 40 0 25 0 0.18 M M 4.4 14 220 M M 6 17 310
23 38 29 34 -6 31 0 0.00 M M 3.5 9 360 M M 7 12 350
24 42 30 36 -4 29 0 0.01 M M 4.2 9 340 M M 9 11 330
25 45 40 43 3 22 0 0.69 M M 4.8 18 300 M M 10 22 310
26 47 42 45 5 20 0 T M M 7.5 15 350 M M 7 19 350
27 50 41 46 6 19 0 0.47 M M 6.5 15 350 M M 8 21 320
28 M 42 M M M M 0.05 M M 3.5 10 350 M M 10 13 350
29 M 50 M M M M 0.23 M M 8.4 18 10 M M 5 22 10
30 M 41 M M M M 0.04 M M 3.5 12 270 M M 8 16 270
31 59 40 50 10 15 0 0.00 M M 2.9 7 350 M M 10 8 340
================================================================================
SM 1415 1210 567 0 8.32 M 158.9 M 226
================================================================================
AV 50.5 39.0 5.1 FASTST M M 7 MAX(MPH)
MISC ----> 31 190 41 190
================================================================================
NOTES:
# LAST OF SEVERAL OCCURRENCES
COLUMN 17 PEAK WIND IN M.P.H.
PRELIMINARY LOCAL CLIMATOLOGICAL DATA (WS FORM: F-6) , PAGE 2
STATION: MCMINNVILLE OR
MONTH: DECEMBER
YEAR: 2023
LATITUDE: 45 11 N
LONGITUDE: 123 8 W
[TEMPERATURE DATA] [PRECIPITATION DATA] SYMBOLS USED IN COLUMN 16
AVERAGE MONTHLY: 44.8 TOTAL FOR MONTH: 8.32 1 = FOG OR MIST
DPTR FM NORMAL: 4.3 DPTR FM NORMAL: 1.87 2 = FOG REDUCING VISIBILITY
HIGHEST: 63 ON 4 GRTST 24HR 1.68 ON 9-10 TO 1/4 MILE OR LESS
LOWEST: 28 ON 16 3 = THUNDER
SNOW, ICE PELLETS, HAIL 4 = ICE PELLETS
TOTAL MONTH: M 5 = HAIL
GRTST 24HR M ON M 6 = FREEZING RAIN OR DRIZZLE
GRTST DEPTH: M ON M 7 = DUSTSTORM OR SANDSTORM:
VSBY 1/2 MILE OR LESS
8 = SMOKE OR HAZE
[NO. OF DAYS WITH] [WEATHER - DAYS WITH] 9 = BLOWING SNOW
X = TORNADO
MAX 32 OR BELOW: 0 0.01 INCH OR MORE: 20
MAX 90 OR ABOVE: 0 0.10 INCH OR MORE: 13
MIN 32 OR BELOW: 6 0.50 INCH OR MORE: 7
MIN 0 OR BELOW: 0 1.00 INCH OR MORE: 2
[HDD (BASE 65) ]
TOTAL THIS MO. 567 CLEAR (SCALE 0-3) 3
DPTR FM NORMAL -194 PTCLDY (SCALE 4-7) 13
TOTAL FM JUL 1 1589 CLOUDY (SCALE 8-10) 15
DPTR FM NORMAL -304
[CDD (BASE 65) ]
TOTAL THIS MO. 0
DPTR FM NORMAL 0 [PRESSURE DATA]
TOTAL FM JAN 1 484 HIGHEST SLP 30.44 ON 8
DPTR FM NORMAL 200 LOWEST SLP 29.44 ON 19
[REMARKS]
#FINAL-12-23#